{"id":10900,"date":"2025-02-25T09:44:31","date_gmt":"2025-02-25T12:44:31","guid":{"rendered":"https:\/\/wp.ufpel.edu.br\/ppgbiotec\/?page_id=10900"},"modified":"2025-02-25T10:48:43","modified_gmt":"2025-02-25T13:48:43","slug":"bioscient","status":"publish","type":"page","link":"https:\/\/wp.ufpel.edu.br\/ppgbiotec\/bioscient\/","title":{"rendered":"BIOSCIENT"},"content":{"rendered":"<p><img class=\"aligncenter\" src=\"https:\/\/media.licdn.com\/dms\/image\/v2\/C4D0BAQG2zThzznQXMw\/company-logo_200_200\/company-logo_200_200\/0\/1659979514351\/biosearchac_logo?e=2147483647&amp;v=beta&amp;t=IpKsdwaANSwAAZziVcEp7VdSkH-tJV49x_i2mtp5Oyw\" alt=\"BIOSCIENT | LinkedIn\" \/><\/p>\n<p style=\"text-align: justify;\"><span style=\"font-family: georgia, palatino, serif; color: #000000;\">A startup de biotecnologia <strong>BIOSCIENT<\/strong> (CNPJ:46.938.694\/0001-03), incubada no Pelotas Parque Tecnol\u00f3gico, \u00a0foi fundada pela doutoranda do PPGBiotec, Isadora Leitzke Guidotti e egressa da gradua\u00e7\u00e3o em Biotecnologia Darling de Andrade Louren\u00e7o. O objetivo da startup \u00e9 criar solu\u00e7\u00f5es inovadoras que acelerem a pesquisa e o desenvolvimento de novos f\u00e1rmacos, tanto a n\u00edvel nacional quanto internacional. Al\u00e9m disso, promovemos a transfer\u00eancia de know-how para a forma\u00e7\u00e3o de recursos humanos nas \u00e1reas de bioinform\u00e1tica e biotecnologia, capacitando profissionais para enfrentar os desafios do futuro.\u00a0<\/span><\/p>\n<p style=\"text-align: justify;\"><span style=\"font-family: georgia, palatino, serif; color: #000000;\">Acesse aqui a p\u00e1gina da startup:<span style=\"color: #0000ff;\"> <a style=\"color: #0000ff;\" href=\"https:\/\/www.bioscient.com.br\/\">https:\/\/www.bioscient.com.br\/<\/a><\/span><\/span><\/p>\n","protected":false},"excerpt":{"rendered":"<p>A startup de biotecnologia BIOSCIENT (CNPJ:46.938.694\/0001-03), incubada no Pelotas Parque Tecnol\u00f3gico, \u00a0foi fundada pela doutoranda do PPGBiotec, Isadora Leitzke Guidotti e egressa da gradua\u00e7\u00e3o em Biotecnologia Darling de Andrade Louren\u00e7o. O objetivo da startup \u00e9 criar solu\u00e7\u00f5es inovadoras que acelerem a pesquisa e o desenvolvimento de novos f\u00e1rmacos, tanto a n\u00edvel nacional quanto internacional. Al\u00e9m [&hellip;]<\/p>\n","protected":false},"author":735,"featured_media":0,"parent":0,"menu_order":0,"comment_status":"closed","ping_status":"closed","template":"","meta":{"jetpack_post_was_ever_published":false,"footnotes":""},"class_list":["post-10900","page","type-page","status-publish","hentry"],"jetpack_sharing_enabled":true,"_links":{"self":[{"href":"https:\/\/wp.ufpel.edu.br\/ppgbiotec\/wp-json\/wp\/v2\/pages\/10900","targetHints":{"allow":["GET"]}}],"collection":[{"href":"https:\/\/wp.ufpel.edu.br\/ppgbiotec\/wp-json\/wp\/v2\/pages"}],"about":[{"href":"https:\/\/wp.ufpel.edu.br\/ppgbiotec\/wp-json\/wp\/v2\/types\/page"}],"author":[{"embeddable":true,"href":"https:\/\/wp.ufpel.edu.br\/ppgbiotec\/wp-json\/wp\/v2\/users\/735"}],"replies":[{"embeddable":true,"href":"https:\/\/wp.ufpel.edu.br\/ppgbiotec\/wp-json\/wp\/v2\/comments?post=10900"}],"version-history":[{"count":4,"href":"https:\/\/wp.ufpel.edu.br\/ppgbiotec\/wp-json\/wp\/v2\/pages\/10900\/revisions"}],"predecessor-version":[{"id":10914,"href":"https:\/\/wp.ufpel.edu.br\/ppgbiotec\/wp-json\/wp\/v2\/pages\/10900\/revisions\/10914"}],"wp:attachment":[{"href":"https:\/\/wp.ufpel.edu.br\/ppgbiotec\/wp-json\/wp\/v2\/media?parent=10900"}],"curies":[{"name":"wp","href":"https:\/\/api.w.org\/{rel}","templated":true}]}}