{"id":10896,"date":"2025-02-25T09:36:47","date_gmt":"2025-02-25T12:36:47","guid":{"rendered":"https:\/\/wp.ufpel.edu.br\/ppgbiotec\/?page_id=10896"},"modified":"2025-02-25T10:47:46","modified_gmt":"2025-02-25T13:47:46","slug":"colab-genetics","status":"publish","type":"page","link":"https:\/\/wp.ufpel.edu.br\/ppgbiotec\/colab-genetics\/","title":{"rendered":"Colab Genetics"},"content":{"rendered":"<p><img class=\"aligncenter\" src=\"https:\/\/static.wixstatic.com\/media\/5fd493_0d5b50aa3bb942d1869bc2186cda91a8~mv2.jpg\/v1\/fill\/w_965,h_540,al_c\/5fd493_0d5b50aa3bb942d1869bc2186cda91a8~mv2.jpg\" alt=\"COLAB GENETICS l FIV BOVINOS l EMBRI\u00c3O DT\" width=\"335\" height=\"188\" \/><\/p>\n<p style=\"font-weight: 400;\"><span style=\"font-family: georgia, palatino, serif; font-size: 12pt; color: #000000;\">No ano de 2024, as duas egressas do doutorado do programa e atualmente p\u00f3s-doc do PPGBiotec (Julia Dam\u00e9 Paschoal e Isadora Andr\u00e9 Lopes) fundaram a empresa <strong>COLAB GENETICS<\/strong> (CNPJ 53.869.561\/0001-98), especializada na produ\u00e7\u00e3o <em>in vitro<\/em> de embri\u00f5es bovinos zebu\u00ednos e taurinos.<\/span><\/p>\n<p><span style=\"font-family: georgia, palatino, serif; font-size: 12pt; color: #000000;\">Acesse aqui a p\u00e1gina da startup:<span style=\"color: #0000ff;\"><a style=\"color: #0000ff;\" href=\"https:\/\/www.colabgenetics.com\/\"> https:\/\/www.colabgenetics.com\/<\/a><\/span><\/span><\/p>\n","protected":false},"excerpt":{"rendered":"<p>No ano de 2024, as duas egressas do doutorado do programa e atualmente p\u00f3s-doc do PPGBiotec (Julia Dam\u00e9 Paschoal e Isadora Andr\u00e9 Lopes) fundaram a empresa COLAB GENETICS (CNPJ 53.869.561\/0001-98), especializada na produ\u00e7\u00e3o in vitro de embri\u00f5es bovinos zebu\u00ednos e taurinos. Acesse aqui a p\u00e1gina da startup: https:\/\/www.colabgenetics.com\/<\/p>\n","protected":false},"author":735,"featured_media":0,"parent":0,"menu_order":0,"comment_status":"closed","ping_status":"closed","template":"","meta":{"jetpack_post_was_ever_published":false,"footnotes":""},"class_list":["post-10896","page","type-page","status-publish","hentry"],"jetpack_sharing_enabled":true,"_links":{"self":[{"href":"https:\/\/wp.ufpel.edu.br\/ppgbiotec\/wp-json\/wp\/v2\/pages\/10896","targetHints":{"allow":["GET"]}}],"collection":[{"href":"https:\/\/wp.ufpel.edu.br\/ppgbiotec\/wp-json\/wp\/v2\/pages"}],"about":[{"href":"https:\/\/wp.ufpel.edu.br\/ppgbiotec\/wp-json\/wp\/v2\/types\/page"}],"author":[{"embeddable":true,"href":"https:\/\/wp.ufpel.edu.br\/ppgbiotec\/wp-json\/wp\/v2\/users\/735"}],"replies":[{"embeddable":true,"href":"https:\/\/wp.ufpel.edu.br\/ppgbiotec\/wp-json\/wp\/v2\/comments?post=10896"}],"version-history":[{"count":5,"href":"https:\/\/wp.ufpel.edu.br\/ppgbiotec\/wp-json\/wp\/v2\/pages\/10896\/revisions"}],"predecessor-version":[{"id":10913,"href":"https:\/\/wp.ufpel.edu.br\/ppgbiotec\/wp-json\/wp\/v2\/pages\/10896\/revisions\/10913"}],"wp:attachment":[{"href":"https:\/\/wp.ufpel.edu.br\/ppgbiotec\/wp-json\/wp\/v2\/media?parent=10896"}],"curies":[{"name":"wp","href":"https:\/\/api.w.org\/{rel}","templated":true}]}}