{"id":10194,"date":"2024-07-19T12:33:44","date_gmt":"2024-07-19T15:33:44","guid":{"rendered":"https:\/\/wp.ufpel.edu.br\/ppgbiotec\/?page_id=10194"},"modified":"2024-07-19T12:33:44","modified_gmt":"2024-07-19T15:33:44","slug":"livros-e-capitulos-ano-de-2024","status":"publish","type":"page","link":"https:\/\/wp.ufpel.edu.br\/ppgbiotec\/livros-e-capitulos-ano-de-2024\/","title":{"rendered":"Livros e cap\u00edtulos &#8211; ano de 2024"},"content":{"rendered":"<p><span style=\"font-size: 10pt; color: #000000;\">Vighi, Isabel Lopes ; de Quadros Ferreira, Kethlin ; de Sousa, Guilherme Feij\u00f3 ; Dellagostin, Odir Ant\u00f4nio ; DA SILVA PINTO, LUCIANO . <strong>Plant-Based Veterinary Vaccines<\/strong>. Concepts and Strategies in Plant Sciences. 1ed.: Springer Nature Singapore, 2024, v. , p. 347-373.<\/span><\/p>\n<hr \/>\n<p><span style=\"font-size: 10pt; color: #000000;\">Lucia Jr., T.; LUCIA, T. Jr. ; Gasperin, B.G. ; Schultz, C. ; Rocha, J.C. ; Ulguim, R.R. ; Bianchi, I. . <strong>Anatomia, endocrinologia e ciclo estral da f\u00eamea su\u00edna.<\/strong> In: Marcelo Rezende Luz; Eneiva Carla Carvalho Celeghini; Felipe Zandonadi Brand\u00e3o. (Org.). Reprodu\u00e7\u00e3o animal: su\u00ednos e aves. 1ed.Santana de Parna\u00edba &#8211; SP: Manole, 2024, v. 5, p. 3-32.<\/span><\/p>\n<p>&nbsp;<\/p>\n","protected":false},"excerpt":{"rendered":"<p>Vighi, Isabel Lopes ; de Quadros Ferreira, Kethlin ; de Sousa, Guilherme Feij\u00f3 ; Dellagostin, Odir Ant\u00f4nio ; DA SILVA PINTO, LUCIANO . Plant-Based Veterinary Vaccines. Concepts and Strategies in Plant Sciences. 1ed.: Springer Nature Singapore, 2024, v. , p. 347-373. Lucia Jr., T.; LUCIA, T. Jr. ; Gasperin, B.G. ; Schultz, C. ; Rocha, [&hellip;]<\/p>\n","protected":false},"author":735,"featured_media":0,"parent":0,"menu_order":0,"comment_status":"closed","ping_status":"closed","template":"","meta":{"jetpack_post_was_ever_published":false,"footnotes":""},"class_list":["post-10194","page","type-page","status-publish","hentry"],"jetpack_sharing_enabled":true,"_links":{"self":[{"href":"https:\/\/wp.ufpel.edu.br\/ppgbiotec\/wp-json\/wp\/v2\/pages\/10194","targetHints":{"allow":["GET"]}}],"collection":[{"href":"https:\/\/wp.ufpel.edu.br\/ppgbiotec\/wp-json\/wp\/v2\/pages"}],"about":[{"href":"https:\/\/wp.ufpel.edu.br\/ppgbiotec\/wp-json\/wp\/v2\/types\/page"}],"author":[{"embeddable":true,"href":"https:\/\/wp.ufpel.edu.br\/ppgbiotec\/wp-json\/wp\/v2\/users\/735"}],"replies":[{"embeddable":true,"href":"https:\/\/wp.ufpel.edu.br\/ppgbiotec\/wp-json\/wp\/v2\/comments?post=10194"}],"version-history":[{"count":1,"href":"https:\/\/wp.ufpel.edu.br\/ppgbiotec\/wp-json\/wp\/v2\/pages\/10194\/revisions"}],"predecessor-version":[{"id":10196,"href":"https:\/\/wp.ufpel.edu.br\/ppgbiotec\/wp-json\/wp\/v2\/pages\/10194\/revisions\/10196"}],"wp:attachment":[{"href":"https:\/\/wp.ufpel.edu.br\/ppgbiotec\/wp-json\/wp\/v2\/media?parent=10194"}],"curies":[{"name":"wp","href":"https:\/\/api.w.org\/{rel}","templated":true}]}}