{"id":10125,"date":"2024-07-18T11:18:11","date_gmt":"2024-07-18T14:18:11","guid":{"rendered":"https:\/\/wp.ufpel.edu.br\/ppgbiotec\/?page_id=10125"},"modified":"2024-07-18T14:18:52","modified_gmt":"2024-07-18T17:18:52","slug":"patentes-depositadas-ano-de-2023","status":"publish","type":"page","link":"https:\/\/wp.ufpel.edu.br\/ppgbiotec\/patentes-depositadas-ano-de-2023\/","title":{"rendered":"Patentes depositadas &#8211; ano de 2023"},"content":{"rendered":"<p style=\"text-align: center;\">Patentes\u00a0<strong>depositadas<\/strong> no ano de 2023 \u2013 INPI \u2013 Instituto Nacional da Propriedade Industrial<\/p>\n<p><span style=\"font-size: 10pt; color: #000000;\">OLIVEIRA, C. B. ; GIACOMETI, M. ; DORNELLES, L. ; MAYER, J. C. P. ; BORSUK, S. ; MARTINS, F. O. ; MELLO, A. B. ; ISLOBAO, Y. W. . <strong>Avalia\u00e7\u00e3o in vitro dos derivados benzofuroxanos frente ao Trichomonas vaginalis.<\/strong> 2023, Brasil. Patente: Privil\u00e9gio de Inova\u00e7\u00e3o. N\u00famero do registro: BR 10 2023 014463 2, t\u00edtulo: &#8220;Avalia\u00e7\u00e3o in vitro dos derivados benzofuroxanos frente ao Trichomonas vaginalis&#8221; , Institui\u00e7\u00e3o de registro: INPI &#8211; Instituto Nacional da Propriedade Industrial. Dep\u00f3sito: 19\/07\/2023.<\/span><\/p>\n<hr \/>\n<p><span style=\"font-size: 10pt; color: #000000;\">KREMER, FREDERICO SCHMITT; GUIDOTTI, I. L. ; LOURENCO, D. A. ; RODRIGUES, G. D. ; MENEK, G. L. . <strong>Bambu Systematic Review<\/strong>. 2023. Patente: Programa de Computador. N\u00famero do registro: 51 2023 002785 5, data de registro: 18\/09\/2023, t\u00edtulo: &#8220;Bambu Systematic Review&#8221; , Institui\u00e7\u00e3o de registro: INPI &#8211; Instituto Nacional da Propriedade Industrial.<\/span><\/p>\n<hr \/>\n<p><span style=\"font-size: 10pt; color: #000000;\">OLIVEIRA, THA\u00cdS LARR\u00c9; DELLAGOSTIN, A. O. ; PEDRA, A. C. K. ; BUNDE, T. T. ; OLIVEIRA, N. R. ; ANDRADE, M. ; SANTOS, F. D. S. ; SOUZA, P. H. F. C. .<strong> Citocinas recombinantes como insumos para an\u00e1lise da resposta imunol\u00f3gica no hamster s\u00edrio dourado.<\/strong> 2023, Brasil. Patente: Privil\u00e9gio de Inova\u00e7\u00e3o. N\u00famero do registro: BR 10 2023 002409 2, t\u00edtulo: &#8220;Citocinas recombinantes como insumos para an\u00e1lise da resposta imunol\u00f3gica no hamster s\u00edrio dourado&#8221; , Institui\u00e7\u00e3o de registro: INPI &#8211; Instituto Nacional da Propriedade Industrial. Dep\u00f3sito: 08\/02\/2023.<\/span><\/p>\n<hr \/>\n<p><span style=\"font-size: 10pt; color: #000000;\">BORSUK, S.; SANTOS, G. S. ; DELAGOSTIN, O. A. .<strong> Constru\u00e7\u00e3o de BCG recombinante expressando ant\u00edgenos de Trypanosoma cruzi. <\/strong>2023, Brasil. Patente: Privil\u00e9gio de Inova\u00e7\u00e3o. N\u00famero do registro: BR 10 2023 003276 1, t\u00edtulo: &#8220;CONSTRU\u00c7\u00c3O DE BCG RECOMBINANTE EXPRESSANDO ANT\u00cdGENOS DE Trypanosoma cruzi&#8221; , Institui\u00e7\u00e3o de registro: INPI &#8211; Instituto Nacional da Propriedade Industrial. Dep\u00f3sito: 23\/02\/2023<\/span><\/p>\n<hr \/>\n<p><span style=\"font-size: 10pt; color: #000000;\">DIAZ, PATRICIA SILVA; ANTONIO DE ALMEIDA PINTO, LUIZ ; CADAVAL JUNIOR, T. R. S. ; FARIAS, B. F. ; RIBEIRO, E. S. ; SANTOS, L. ; DUARTE, S. . <strong>Desenvolvimento de nanoc\u00e1psulas com bicamada de quitosana e goma xantana para imobiliza\u00e7\u00e3o de lipase<\/strong>. 2023, Brasil. Patente: Privil\u00e9gio de Inova\u00e7\u00e3o. N\u00famero do registro: BR 10 2023 01667 6, t\u00edtulo: &#8220;DESENVOLVIMENTO DE NANOC\u00c1PSULAS COM BICAMADA DE QUITOSANA E GOMA XANTANA PARA IMOBILIZA\u00c7\u00c3O DE LIPASE&#8221; , Institui\u00e7\u00e3o de registro: INPI &#8211; Instituto Nacional da Propriedade Industrial. Dep\u00f3sito: 18\/08\/2023.<\/span><\/p>\n<hr \/>\n<p><span style=\"font-size: 10pt; color: #000000;\">NUNES, L. S. ; DA SILVEIRA MARTINS, AMANDA WEEGE ; NONATO, N. S. ; GONCALVES, L. S. ; NASCIMENTO, M. C. ; CAMPOS, V.F. . <strong>DNA sint\u00e9tico recombinante para aumento de massa muscular em til\u00e1pia<\/strong>. 2023, Brasil. Patente: Privil\u00e9gio de Inova\u00e7\u00e3o. N\u00famero do registro: BR 10 2023 013518 8, t\u00edtulo: &#8220;DNA sint\u00e9tico recombinante para aumento de massa muscular em til\u00e1pia&#8221; , Institui\u00e7\u00e3o de registro: INPI &#8211; Instituto Nacional da Propriedade Industrial. Dep\u00f3sito: 05\/07\/2023.<\/span><\/p>\n<hr \/>\n<p><span style=\"font-size: 10pt; color: #000000;\">BR\u00dcNING, C\u00c9SAR A. ; BORTOLATTO, C. F. ; PRESA, M. H. ; PIRES, CAMILA S ; ROCHA, M. J. ; ZUGE, N. P. ; NUNES, G. D. ; LEDEBUHR, K. N. B. ; DIEGO ALVES ; COSTA, G. P. . <strong>Efeito antidepressivo da 1-(2-(4-(4-etilfenil)-1H-1,2,3- triazolo-1- il)fenil)etan-1-ona<\/strong>. 2023, Brasil. Patente: Privil\u00e9gio de Inova\u00e7\u00e3o. N\u00famero do registro: BR 10 2023 002389 4, t\u00edtulo: &#8220;Efeito antidepressivo da 1-(2-(4-(4-etilfenil)-1H-1,2,3- triazolo-1- il)fenil)etan-1-ona&#8221; , Institui\u00e7\u00e3o de registro: INPI &#8211; Instituto Nacional da Propriedade Industrial. Dep\u00f3sito: 08\/02\/2023.<\/span><\/p>\n<hr \/>\n<p><span style=\"font-size: 10pt; color: #000000;\">BORSUK, S.; STROTHMANN, A. L. ; FONSECA, B. R. ; SCHOLL, N. R. ; BARBOSA, T. N. ; PEGORARO, H. G. ; ALVES, M. S. D. ; RAMOS, D. ; ZANATTA, N. ; BONACORSO, H. G. ; MARTINS, M. A. P. ; MORON, L. D. ; MITTERSTEINER, M. . <strong>Formula\u00e7\u00e3o antiparasit\u00e1ria de 6-fenil-4-(triclorometil)pirimidina-2 (1H)-ona.<\/strong> 2023, Brasil. Patente: Privil\u00e9gio de Inova\u00e7\u00e3o. N\u00famero do registro: BR 10 2023 014148 0, t\u00edtulo: &#8220;Formula\u00e7\u00e3o antiparasit\u00e1ria de 6-fenil-4-(triclorometil)pirimidina-2 (1H)-ona&#8221; , Institui\u00e7\u00e3o de registro: INPI &#8211; Instituto Nacional da Propriedade Industrial. Dep\u00f3sito: 13\/07\/2023.<\/span><\/p>\n<hr \/>\n<p><span style=\"font-size: 10pt; color: #000000;\">BEZERRA, F. S. B. ; GURGEL, J. A. R. ; SOARES, M. E. C. ; ALVES, T. V. S. E. ; MOTA, L. M. P. ; MACEDO, G. F. ; BARROS, A. K. M. O. ; SANTOS FILHO, N. S. ; VASCONCELOS, B. M. F. ; BARBOSA, T. N. ; BORGES, C. S. ; BATISTA, J. S. ; BEZERRA, M. B. ; BORSUK, S. . <strong>Formula\u00e7\u00e3o vacinal multiproteica contendo ant\u00edgenos recombinantes de Corynebacterium pseudotubertculosis para imunoprofilaxia da linfadenite caseosa.<\/strong> 2023, Brasil. Patente: Privil\u00e9gio de Inova\u00e7\u00e3o. N\u00famero do registro: BR 10 2023 026656 8, t\u00edtulo: &#8220;FORMULA\u00c7\u00c3O VACINAL MULTIPROTEICA CONTENDO ANT\u00cdGENOS RECOMBINANTES DE Corynebacterium pseudotubertculosis PARA IMUNOPROFILAXIA DA LINFADENITE CASEOSA&#8221; , Institui\u00e7\u00e3o de registro: INPI &#8211; Instituto Nacional da Propriedade Industrial. Dep\u00f3sito: 18\/12\/2023.<\/span><\/p>\n<hr \/>\n<p><span style=\"font-size: 10pt; color: #000000;\">GONCALVES, L. S. ; SOUZA, L. P. ; REIS, L. F. V. ; ORTIZ, H. G. ; NASCIMENTO, M. C. ; DOMINGUES, W. B. ; MARTINS, AMANDA W. S. ; NUNES, L. S. ; CAMPOS, V.F. . <strong>M\u00e9todo de sele\u00e7\u00e3o de peixes com melhor toler\u00e2ncia a smoltifica\u00e7\u00e3o atrav\u00e9s de marcadores miRNAs.<\/strong> 2023, Brasil. Patente: Privil\u00e9gio de Inova\u00e7\u00e3o. N\u00famero do registro: BR 10 2023 012386 4, t\u00edtulo: &#8220;M\u00e9todo de sele\u00e7\u00e3o de peixes com melhor toler\u00e2ncia a smoltifica\u00e7\u00e3o atrav\u00e9s de marcadores miRNAs&#8221; , Institui\u00e7\u00e3o de registro: INPI &#8211; Instituto Nacional da Propriedade Industrial. Dep\u00f3sito: 21\/06\/2023<\/span><\/p>\n<hr \/>\n<p><span style=\"font-size: 10pt; color: #000000;\">BEZERRA, FRANCISCO SILVESTRE BRILHANTE ; SOARES, M. E. C. ; FERNANDES, M. C. R. ; MAIA NETO, A. A. ; ALVES, T. V. S. E. ; BARBALHO NETO, F. C. ; MACEDO, G. F. ; MOTA, L. M. P. ; BEZERRA, A. C. D. S. ; DE OLIVEIRA SILVA, MARA THAIS ; BORSUK, S. . <strong>M\u00e9todo e kit para diagn\u00f3stico da linfadenite caseosa em caprinos, utilizando o ant\u00edgeno rCP01850<\/strong>. 2023, Brasil. Patente: Privil\u00e9gio de Inova\u00e7\u00e3o. N\u00famero do registro: BR 10 2023 006284 9, t\u00edtulo: &#8220;M\u00e9todo e kit para diagn\u00f3stico da linfadenite caseosa em caprinos, utilizando o ant\u00edgeno rCP01850&#8221; , Institui\u00e7\u00e3o de registro: INPI &#8211; Instituto Nacional da Propriedade Industrial. Dep\u00f3sito: 04\/04\/2023<\/span><\/p>\n<hr \/>\n<p><span style=\"font-size: 10pt; color: #000000;\">CORREA, MARCIO NUNES; GARCIA, C. A. ; BRAUNER, C. C. ; WRAGUE, C. S. ; FRANCISCO AUGUSTO BURKERT DEL PINO ; RABASSA, V. R. . <strong>Pers\u00f4metro- sistema de gest\u00e3o de pessoas e equipes.<\/strong> 2023, Brasil. Patente: Privil\u00e9gio de Inova\u00e7\u00e3o. N\u00famero do registro: BR 10 2023 026719 0, t\u00edtulo: &#8220;Pers\u00f4metro- sistema de gest\u00e3o de pessoas e equipes&#8221; , Institui\u00e7\u00e3o de registro: INPI &#8211; Instituto Nacional da Propriedade Industrial. Dep\u00f3sito: 18\/12\/2023.<\/span><\/p>\n<hr \/>\n<p><span style=\"font-size: 10pt; color: #000000;\">NUNES-CORR\u00caA, MARCIO; JOSIANE DE OLIVEIRA FEIJ\u00d3 ; BILHALVA, A. F. ; SILVA, T. C. ; MACHADO, M. C. . <strong>Plataforma polim\u00e9rica termossens\u00edvel para libera\u00e7\u00e3o sustent\u00e1vel de butafofan<\/strong>. 2023, Brasil. Patente: Privil\u00e9gio de Inova\u00e7\u00e3o. N\u00famero do registro: BR 10 2023 014447 0, t\u00edtulo: &#8220;Plataforma polim\u00e9rica termossens\u00edvel para libera\u00e7\u00e3o sustent\u00e1vel de butafofan&#8221; , Institui\u00e7\u00e3o de registro: INPI &#8211; Instituto Nacional da Propriedade Industrial. Dep\u00f3sito: 18\/07\/2023.<\/span><\/p>\n<hr \/>\n<p><span style=\"font-size: 10pt; color: #000000;\">DIAZ, P. S.; CORREA, C. P. L. ; RATMANN, C. W. R. ; DODE, L. B. ; ZANINI, M. L. O. ; PIECHA, C. R. ; CHAGAS, K. R. . <strong>Processo de colora\u00e7\u00e3o de polihidroxialcanoatos (PHAs) por processo fermentativo.<\/strong> 2023, Brasil. Patente: Privil\u00e9gio de Inova\u00e7\u00e3o. N\u00famero do registro: BR 10 2023 003309 1, t\u00edtulo: &#8220;PROCESSO DE COLORA\u00c7\u00c3O DE POLIHIDROXIALCANOATOS (PHAs) POR PROCESSO FERMENTATIVO&#8221; , Institui\u00e7\u00e3o de registro: INPI &#8211; Instituto Nacional da Propriedade Industrial. Dep\u00f3sito: 23\/02\/2023<\/span><\/p>\n<hr \/>\n<p><span style=\"font-size: 10pt; color: #000000;\">CAMPOS, V. F.; GONCALVES, N. M. ; REIS, L. F. V. ; NASCIMENTO, M. C. ; ORTIZ, H. G. ; PAGANO, ANT\u00d4NIO D. . <strong>Processo de detec\u00e7\u00e3o molecular de vibriose em peixes tele\u00f3steos baseado na medi\u00e7\u00e3o de n\u00edveis de miRNAs<\/strong>. 2023, Brasil. Patente: Privil\u00e9gio de Inova\u00e7\u00e3o. N\u00famero do registro: BR 10 2023 018163 5, t\u00edtulo: &#8220;Processo de detec\u00e7\u00e3o molecular de vibriose em peixes tele\u00f3steos baseado na medi\u00e7\u00e3o de n\u00edveis de miRNAs&#8221; , Institui\u00e7\u00e3o de registro: INPI &#8211; Instituto Nacional da Propriedade Industrial. Dep\u00f3sito: 06\/09\/2023<\/span><\/p>\n<hr \/>\n<p><span style=\"font-size: 10pt; color: #000000;\">ORTIZ, H. G. ; SOUZA, L. P. ; REIS, L. F. V. ; GONCALVES, L. S. ; NASCIMENTO, M. C. ; CAMPOS, V.F. . <strong>Processo de diagn\u00f3stico epigen\u00e9tico de Mastite cl\u00ednica em bovinos por meio da medi\u00e7\u00e3o de microRNAs.<\/strong> 2023, Brasil. Patente: Privil\u00e9gio de Inova\u00e7\u00e3o. N\u00famero do registro: BR 10 2023 013497 1, t\u00edtulo: &#8220;Processo de diagn\u00f3stico epigen\u00e9tico de Mastite cl\u00ednica em bovinos por meio da medi\u00e7\u00e3o de microRNAs&#8221; , Institui\u00e7\u00e3o de registro: INPI &#8211; Instituto Nacional da Propriedade Industrial. Dep\u00f3sito: 05\/07\/2023.<\/span><\/p>\n<hr \/>\n<p><span style=\"font-size: 10pt; color: #000000;\">RABASSA, VIVIANE R. ; MATOS, A. D. C. ; LONDERO, U. S. ; JOSIANE DE OLIVEIRA FEIJ\u00d3 ; CORREA, MARCIO NUNES . <strong>Produto para controle de bact\u00e9rias enterot\u00f3xicas de bezerros neonatais com a utiliza\u00e7\u00e3o de fitoter\u00e1pico<\/strong>. 2023, Brasil. Patente: Privil\u00e9gio de Inova\u00e7\u00e3o. N\u00famero do registro: BR 10 2023 013604 4, t\u00edtulo: &#8220;Produto para controle de bact\u00e9rias enterot\u00f3xicas de bezerros neonatais com a utiliza\u00e7\u00e3o de fitoter\u00e1pico&#8221; , Institui\u00e7\u00e3o de registro: INPI &#8211; Instituto Nacional da Propriedade Industrial. Dep\u00f3sito: 06\/07\/2023.<\/span><\/p>\n<hr \/>\n<p><span style=\"font-size: 10pt; color: #000000;\">HARTWIG, D. D.; MARTINEZ, E. G. A. ; SEIXAS NETO, A. C. P. ; CARDOSO, T. L. ; PEREIRA ; CABALLERO, P. S. ; WOZEAK, D. R. ; PINTO, L. S. . <strong>Prote\u00edna quim\u00e9rica recombinante rErpY-like\/LemA e seu uso como insumo biotecnol\u00f3gico no diagn\u00f3stico e controle da leptospirose<\/strong>. 2023, Brasil. Patente: Privil\u00e9gio de Inova\u00e7\u00e3o. N\u00famero do registro: BR 10 2023 010616 1, t\u00edtulo: &#8220;Prote\u00edna quim\u00e9rica recombinante rErpY-like\/LemA e seu uso como insumo biotecnol\u00f3gico no diagn\u00f3stico e controle da leptospirose&#8221; , Institui\u00e7\u00e3o de registro: INPI &#8211; Instituto Nacional da Propriedade Industrial. Dep\u00f3sito: 31\/05\/2023.<\/span><\/p>\n<hr \/>\n<p><span style=\"font-size: 10pt; color: #000000;\">LEITE, F. P. LEIVAS; CONRAD, N. L. ; GONCALVES, V. ; SANTONS, F. D. S. ; PIRAINE, R. E. A. ; MULLER, V. ; CUNHA, R. C ; MENEGON, Y. A. ; ALBUQUERQUE, P. M. M. ; MAZZOLENI, I. . <strong>Prote\u00edna recombinante de L. intracellularis para uso como imunobiol\u00f3gico<\/strong>. 2023, Brasil. Patente: Privil\u00e9gio de Inova\u00e7\u00e3o. N\u00famero do registro: BR 10 2023 006866 9, t\u00edtulo: &#8220;PROTE\u00cdNA RECOMBINANTE DE L. intracellularis PARA USO COMO IMUNOBIOL\u00d3GICO&#8221; , Institui\u00e7\u00e3o de registro: INPI &#8211; Instituto Nacional da Propriedade Industrial. Dep\u00f3sito: 12\/04\/2023<\/span><\/p>\n<hr \/>\n<p><span style=\"font-size: 10pt; color: #000000;\">HARTWIG, D. D.; SEIXAS NETO, A. C. P. ; CARDOSO, T. L. ; PEREIRA, I. L. ; WOZEAK, D. R. ; CABALLERO, P. S. ; FREITAS, S. B. ; PINTO, L. S. . <strong>Prote\u00edna recombinante rFilF de Acinetobacter baumannii na produ\u00e7\u00e3o de imunoter\u00e1picos.<\/strong> 2023, Brasil. Patente: Privil\u00e9gio de Inova\u00e7\u00e3o. N\u00famero do registro: BR 10 2023 013084 4, t\u00edtulo: &#8220;Prote\u00edna recombinante rFilF de Acinetobacter baumannii na produ\u00e7\u00e3o de imunoter\u00e1picos&#8221; , Institui\u00e7\u00e3o de registro: INPI &#8211; Instituto Nacional da Propriedade Industrial. Dep\u00f3sito: 29\/06\/2023.<\/span><\/p>\n<hr \/>\n<p><span style=\"font-size: 10pt; color: #000000;\">NONATO, N. S. ; MARTINS, AMANDA S.W. ; SOUZA, L. P. ; BLODORN, E. B. ; DOMINGUES, W. B. ; CAMPOS, V.F. . <strong>Suplemento alimentar contendo miRNAs para o aumento da toler\u00e2ncia de peixes em baixa temperatura<\/strong>. 2023, Brasil. Patente: Privil\u00e9gio de Inova\u00e7\u00e3o. N\u00famero do registro: BR 10 2023 012168 3, t\u00edtulo: &#8220;Suplemento alimentar contendo miRNAs para o aumento da toler\u00e2ncia de peixes em baixa temperatura&#8221; , Institui\u00e7\u00e3o de registro: INPI &#8211; Instituto Nacional da Propriedade Industrial. Dep\u00f3sito: 19\/06\/2023.<\/span><\/p>\n<hr \/>\n<p><span style=\"font-size: 10pt; color: #000000;\">PINTO, L. S.; PELOTAS, U. F. ; SEIXAS NETO, A. ; VIGHI, I. L. ; RODRIGUES, R. F. ; SOUSA, G. F. ; DODE, M. T. B. . <strong>Utiliza\u00e7\u00e3o da lectina nativa de Bauhinia variegata associada a Carbopol\u00ae (CarboLec) para o tratamento de feridas<\/strong>.. 2023, Brasil. Patente: Privil\u00e9gio de Inova\u00e7\u00e3o. N\u00famero do registro: BR 10 2023 019796 5, t\u00edtulo: &#8220;Utiliza\u00e7\u00e3o da lectina nativa de Bauhinia variegata associada a Carbopol\u00ae (CarboLec) para o tratamento de feridas.&#8221; , Institui\u00e7\u00e3o de registro: INPI &#8211; Instituto Nacional da Propriedade Industrial. Dep\u00f3sito: 26\/09\/2023.<\/span><\/p>\n<hr \/>\n<p><span style=\"font-size: 10pt; color: #000000;\">BORSUK, S.; SCHOLL, N. R. ; BARBOSA, T. N. ; PEGORARO, H. G. ; STROTHMANN, A. L. ; AVILA, F. D. ; LEITZKE, A. F. ; PEREIRA, C. M. P. . <strong>Utiliza\u00e7\u00e3o do \u00f3leo de peixe Rhamdia quelen como adjuvante em vacinas para linfadenite caseosa..<\/strong> 2023, Brasil. Patente: Privil\u00e9gio de Inova\u00e7\u00e3o. N\u00famero do registro: BR 10 2023 013465 3, t\u00edtulo: &#8220;Utiliza\u00e7\u00e3o do \u00f3leo de peixe Rhamdia quelen como adjuvante em vacinas para linfadenite caseosa.&#8221; , Institui\u00e7\u00e3o de registro: INPI &#8211; Instituto Nacional da Propriedade Industrial. Dep\u00f3sito: 05\/07\/2023.<\/span><\/p>\n<p>&nbsp;<\/p>\n<p>&nbsp;<\/p>\n","protected":false},"excerpt":{"rendered":"<p>Patentes\u00a0depositadas no ano de 2023 \u2013 INPI \u2013 Instituto Nacional da Propriedade Industrial OLIVEIRA, C. B. ; GIACOMETI, M. ; DORNELLES, L. ; MAYER, J. C. P. ; BORSUK, S. ; MARTINS, F. O. ; MELLO, A. B. ; ISLOBAO, Y. W. . Avalia\u00e7\u00e3o in vitro dos derivados benzofuroxanos frente ao Trichomonas vaginalis. 2023, Brasil. [&hellip;]<\/p>\n","protected":false},"author":735,"featured_media":0,"parent":0,"menu_order":0,"comment_status":"closed","ping_status":"closed","template":"","meta":{"jetpack_post_was_ever_published":false,"footnotes":""},"class_list":["post-10125","page","type-page","status-publish","hentry"],"jetpack_sharing_enabled":true,"_links":{"self":[{"href":"https:\/\/wp.ufpel.edu.br\/ppgbiotec\/wp-json\/wp\/v2\/pages\/10125","targetHints":{"allow":["GET"]}}],"collection":[{"href":"https:\/\/wp.ufpel.edu.br\/ppgbiotec\/wp-json\/wp\/v2\/pages"}],"about":[{"href":"https:\/\/wp.ufpel.edu.br\/ppgbiotec\/wp-json\/wp\/v2\/types\/page"}],"author":[{"embeddable":true,"href":"https:\/\/wp.ufpel.edu.br\/ppgbiotec\/wp-json\/wp\/v2\/users\/735"}],"replies":[{"embeddable":true,"href":"https:\/\/wp.ufpel.edu.br\/ppgbiotec\/wp-json\/wp\/v2\/comments?post=10125"}],"version-history":[{"count":3,"href":"https:\/\/wp.ufpel.edu.br\/ppgbiotec\/wp-json\/wp\/v2\/pages\/10125\/revisions"}],"predecessor-version":[{"id":10169,"href":"https:\/\/wp.ufpel.edu.br\/ppgbiotec\/wp-json\/wp\/v2\/pages\/10125\/revisions\/10169"}],"wp:attachment":[{"href":"https:\/\/wp.ufpel.edu.br\/ppgbiotec\/wp-json\/wp\/v2\/media?parent=10125"}],"curies":[{"name":"wp","href":"https:\/\/api.w.org\/{rel}","templated":true}]}}