{"id":10122,"date":"2024-07-18T11:15:46","date_gmt":"2024-07-18T14:15:46","guid":{"rendered":"https:\/\/wp.ufpel.edu.br\/ppgbiotec\/?page_id=10122"},"modified":"2024-07-18T14:28:38","modified_gmt":"2024-07-18T17:28:38","slug":"livros-e-capitulos-ano-de-2023","status":"publish","type":"page","link":"https:\/\/wp.ufpel.edu.br\/ppgbiotec\/livros-e-capitulos-ano-de-2023\/","title":{"rendered":"Livros e cap\u00edtulos &#8211; ano de 2023"},"content":{"rendered":"<p><span style=\"font-size: 10pt;\">OLIVEIRA, C. B. ; MARTINS, F. O. ; GIACOMETI, M. ; ISLABAO, Y. W. ; MELLO, A. B. ; STROTHMANN, A. L. ; BORSUK, S. . <strong>Efic\u00e1cia do \u00f3leo essencial de lippia origanoides em Trichomonas vaginalis e Trichomonas gallinae<\/strong>. Doen\u00e7as Infecciosas e Parasit\u00e1rias. VIIed.: Editora Pasteur, 2023, v. VII, p. 111-117.<\/span><\/p>\n<hr \/>\n<p><span style=\"font-size: 10pt;\">MAIA NETO, A. A. ; FERNANDES, M. C. R. ; FARIAS, H. M. ; SOARES, M. E. C. ; ALVES, T. V. S. E. ; BARROS, A. K. M. O. ; BORSUK, S. ; BEZERRA, F. S. B. . <strong>Soropreval\u00eancia da linfadenite caseosa em rebanhos de caprinos na zona rural de Mossor\u00f3-RN.<\/strong> Ci\u00eancias Rurais em Foco. 72ed.- Belo Horizonte: Editora Poisson, 2023, v. 10, p. 60-.<\/span><\/p>\n<hr \/>\n<p><span style=\"font-size: 10pt;\">BARCELLOS, A. M. ; COSTA, G. P. ; LENARDAO, E. J. ; SILVA, M. S. ; DIEGO ALVES . <strong>Ag-Catalyzed\/Mediated C-X Bond Formation (X = P, S, Se) Through C-H Bond Functionalization.<\/strong> In: Debabrata Maiti. (Org.). Handbook of CH-Functionalization. 1ed.: , 2023, v. , p. 1-.<\/span><\/p>\n<hr \/>\n<p><span style=\"font-size: 10pt;\">FREIRE, V. ; MASSAUT, K. B. ; GANDRA, T. K. V. ; SILVA, W. P. ; FIORENTINI, A. M. . <strong>Yogurt with passion fruit (Passiflora edulis) pulp and pectin added: effects on the viability of probiotic bacteria and on physicochemical, rheological and sensory properties<\/strong>. In: Isabele de Souza Carvalho; Nathan Albano Valente. (Org.). Interdisciplinarity and Innovation in Scientific Research. 1ed.S\u00e3o Jos\u00e9 dos Pinhais: Seven Puplica\u00e7\u00f5es, 2023, v. 11, p. 1-18.<\/span><\/p>\n<hr \/>\n<p><span style=\"font-size: 10pt;\">MOREIRA, A. DA S.; FORESTI, A. P. ; RODRIGUES, A. \u00c1. ; MACAGNAN, K. L. ; ALVES, M. I. ; VENDRUSCOLO, C. T. .<strong> Bioconversion of Agri-Food Wastes into Biopolymers: A Step Towards Circular Bioeconomy.<\/strong> In: Gustavo Molina; Minaxi Sharma; Rachid Benhida; Vijai Kumar Gupta; Ramesh Chander Kuhad. (Org.). Microbial Bioprocessing of Agri-food Wastes. 1ed.Boca Raton: CRC Press, 2023, v. 1, p. 81-124.<\/span><\/p>\n<hr \/>\n<p><span style=\"font-size: 10pt;\">MULLER, V. ; MARTINS, K. R. ; CUNHA, R. C. ; LEITE, F. P. LEIVAS .<strong> Rotavirose em Equinos.<\/strong> 1. ed. PELOTAS: Santa Cruz, 2023. v. 1. 50p .<\/span><\/p>\n<p>&nbsp;<\/p>\n<p>&nbsp;<\/p>\n<p>&nbsp;<\/p>\n<p>&nbsp;<\/p>\n<p>&nbsp;<\/p>\n<p>&nbsp;<\/p>\n","protected":false},"excerpt":{"rendered":"<p>OLIVEIRA, C. B. ; MARTINS, F. O. ; GIACOMETI, M. ; ISLABAO, Y. W. ; MELLO, A. B. ; STROTHMANN, A. L. ; BORSUK, S. . Efic\u00e1cia do \u00f3leo essencial de lippia origanoides em Trichomonas vaginalis e Trichomonas gallinae. Doen\u00e7as Infecciosas e Parasit\u00e1rias. VIIed.: Editora Pasteur, 2023, v. VII, p. 111-117. MAIA NETO, A. A. [&hellip;]<\/p>\n","protected":false},"author":735,"featured_media":0,"parent":0,"menu_order":0,"comment_status":"closed","ping_status":"closed","template":"","meta":{"jetpack_post_was_ever_published":false,"footnotes":""},"class_list":["post-10122","page","type-page","status-publish","hentry"],"jetpack_sharing_enabled":true,"_links":{"self":[{"href":"https:\/\/wp.ufpel.edu.br\/ppgbiotec\/wp-json\/wp\/v2\/pages\/10122","targetHints":{"allow":["GET"]}}],"collection":[{"href":"https:\/\/wp.ufpel.edu.br\/ppgbiotec\/wp-json\/wp\/v2\/pages"}],"about":[{"href":"https:\/\/wp.ufpel.edu.br\/ppgbiotec\/wp-json\/wp\/v2\/types\/page"}],"author":[{"embeddable":true,"href":"https:\/\/wp.ufpel.edu.br\/ppgbiotec\/wp-json\/wp\/v2\/users\/735"}],"replies":[{"embeddable":true,"href":"https:\/\/wp.ufpel.edu.br\/ppgbiotec\/wp-json\/wp\/v2\/comments?post=10122"}],"version-history":[{"count":3,"href":"https:\/\/wp.ufpel.edu.br\/ppgbiotec\/wp-json\/wp\/v2\/pages\/10122\/revisions"}],"predecessor-version":[{"id":10175,"href":"https:\/\/wp.ufpel.edu.br\/ppgbiotec\/wp-json\/wp\/v2\/pages\/10122\/revisions\/10175"}],"wp:attachment":[{"href":"https:\/\/wp.ufpel.edu.br\/ppgbiotec\/wp-json\/wp\/v2\/media?parent=10122"}],"curies":[{"name":"wp","href":"https:\/\/api.w.org\/{rel}","templated":true}]}}