{"id":10113,"date":"2024-07-18T10:58:26","date_gmt":"2024-07-18T13:58:26","guid":{"rendered":"https:\/\/wp.ufpel.edu.br\/ppgbiotec\/?page_id=10113"},"modified":"2024-07-18T13:55:40","modified_gmt":"2024-07-18T16:55:40","slug":"patentes-concedidas-ano-de-2024","status":"publish","type":"page","link":"https:\/\/wp.ufpel.edu.br\/ppgbiotec\/producao\/tecnologica\/patentes-concedidas-ano-de-2024\/","title":{"rendered":"Patentes concedidas &#8211; ano de 2024"},"content":{"rendered":"<p style=\"text-align: center;\">Patentes\u00a0<strong>concedidas<\/strong> no ano de 2024 \u2013 INPI \u2013 Instituto Nacional da Propriedade Industrial<\/p>\n<p><span style=\"font-size: 10pt; color: #000000;\">CONCEI\u00c7\u00c3O, FABRICIO ROCHEDO; MOREIRA JUNIOR, C. ; MOREIRA, G. M. ; CUNHA, C. E. P. ; MENDON\u00c7A, MARCELO ; SALVARANI, F. M. ; MOREIRA, A. N. . <strong>PROCESSO DE PRODU\u00c7\u00c3O SIMPLES DE VACINAS RECOMBINANTES PARA CONTROLE DO BOTULISMO EM ANIMAIS E VACINAS OBTIDAS.<\/strong> 2015, Brasil. Patente: Privil\u00e9gio de Inova\u00e7\u00e3o. N\u00famero do registro: BR 10 2015 01349, t\u00edtulo: &#8220;PROCESSO DE PRODU\u00c7\u00c3O SIMPLES DE VACINAS RECOMBINANTES PARA CONTROLE DO BOTULISMO EM ANIMAIS E VACINAS OBTIDAS&#8221; , Institui\u00e7\u00e3o de registro: INPI &#8211; Instituto Nacional da Propriedade Industrial. Dep\u00f3sito: 10\/06\/2015; Licenciamento: 28\/03\/2018; Concess\u00e3o: 07\/05\/2024.<\/span><\/p>\n<hr \/>\n<p><span style=\"font-size: 10pt; color: #000000;\">MOREIRA, A. DA S.; VENDRUSCOLO, C. T. ; MACAGNAN, K. L. ; RODRIGUES, A. \u00c1. ; ALVES, M. I. ; FURLAN, L. ; MOURA, A. B. ; CROCHEMORE, A. G. ; OLIVEIRA, P. D. . <strong>PROCESSOS SIMPLIFICADOS DE RECUPERA\u00c7\u00c3O DE PHAS VIA EXTRA\u00c7\u00c3O QU\u00cdMICA OU F\u00cdSICA COMPLEMENTADOS POR SEPARA\u00c7\u00c3O QU\u00cdMICA POR DIFEREN\u00c7A DE POLARIDADE OU TRADICIONAL<\/strong>. 2016, Brasil. Patente: Privil\u00e9gio de Inova\u00e7\u00e3o. N\u00famero do registro: BR 10 2016 015837 0, t\u00edtulo: &#8220;PROCESSOS SIMPLIFICADOS DE RECUPERA\u00c7\u00c3O DE PHAS VIA EXTRA\u00c7\u00c3O QU\u00cdMICA OU F\u00cdSICA COMPLEMENTADOS POR SEPARA\u00c7\u00c3O QU\u00cdMICA POR DIFEREN\u00c7A DE POLARIDADE OU TRADICIONAL&#8221; , Institui\u00e7\u00e3o de registro: INPI &#8211; Instituto Nacional da Propriedade Industrial. Dep\u00f3sito: 07\/07\/2016; Pedido do Exame: 23\/01\/2018; Concess\u00e3o: 14\/05\/2024.<\/span><\/p>\n<hr \/>\n<p><span style=\"font-size: 10pt; color: #000000;\">SEIXAS, FABIANA K; PELOTAS, UFPEL ; COLLARES, TIAGO ; DE PEREIRA, CL\u00c1UDIO MARTIN PEREIRA ; BEGNINE, K ; SILVA, L. P. ; MARTINS, R. M. ; PACHECO, B. ; SAUERESSIG, S. ; TESSMANN, J. ; BUSS J . <strong>UTILIZA\u00c7\u00c3O DE DERIVADOS DE PIRAZ\u00d3IS COMO AGENTES ANTITUMORAIS PARA C\u00c2NCER DE MAMA<\/strong>. 2016, Brasil. Patente: Privil\u00e9gio de Inova\u00e7\u00e3o. N\u00famero do registro: BR 10 2016 018123 2, t\u00edtulo: &#8220;UTILIZA\u00c7\u00c3O DE DERIVADOS DE PIRAZ\u00d3IS COMO AGENTES ANTITUMORAIS PARA C\u00c2NCER DE MAMA&#8221; , Institui\u00e7\u00e3o de registro: INPI &#8211; Instituto Nacional da Propriedade Industrial. Dep\u00f3sito: 04\/08\/2016; Concess\u00e3o: 15\/05\/2024.<\/span><\/p>\n","protected":false},"excerpt":{"rendered":"<p>Patentes\u00a0concedidas no ano de 2024 \u2013 INPI \u2013 Instituto Nacional da Propriedade Industrial CONCEI\u00c7\u00c3O, FABRICIO ROCHEDO; MOREIRA JUNIOR, C. ; MOREIRA, G. M. ; CUNHA, C. E. P. ; MENDON\u00c7A, MARCELO ; SALVARANI, F. M. ; MOREIRA, A. N. . PROCESSO DE PRODU\u00c7\u00c3O SIMPLES DE VACINAS RECOMBINANTES PARA CONTROLE DO BOTULISMO EM ANIMAIS E VACINAS [&hellip;]<\/p>\n","protected":false},"author":735,"featured_media":0,"parent":7253,"menu_order":0,"comment_status":"closed","ping_status":"closed","template":"","meta":{"jetpack_post_was_ever_published":false,"footnotes":""},"class_list":["post-10113","page","type-page","status-publish","hentry"],"jetpack_sharing_enabled":true,"_links":{"self":[{"href":"https:\/\/wp.ufpel.edu.br\/ppgbiotec\/wp-json\/wp\/v2\/pages\/10113","targetHints":{"allow":["GET"]}}],"collection":[{"href":"https:\/\/wp.ufpel.edu.br\/ppgbiotec\/wp-json\/wp\/v2\/pages"}],"about":[{"href":"https:\/\/wp.ufpel.edu.br\/ppgbiotec\/wp-json\/wp\/v2\/types\/page"}],"author":[{"embeddable":true,"href":"https:\/\/wp.ufpel.edu.br\/ppgbiotec\/wp-json\/wp\/v2\/users\/735"}],"replies":[{"embeddable":true,"href":"https:\/\/wp.ufpel.edu.br\/ppgbiotec\/wp-json\/wp\/v2\/comments?post=10113"}],"version-history":[{"count":3,"href":"https:\/\/wp.ufpel.edu.br\/ppgbiotec\/wp-json\/wp\/v2\/pages\/10113\/revisions"}],"predecessor-version":[{"id":10161,"href":"https:\/\/wp.ufpel.edu.br\/ppgbiotec\/wp-json\/wp\/v2\/pages\/10113\/revisions\/10161"}],"up":[{"embeddable":true,"href":"https:\/\/wp.ufpel.edu.br\/ppgbiotec\/wp-json\/wp\/v2\/pages\/7253"}],"wp:attachment":[{"href":"https:\/\/wp.ufpel.edu.br\/ppgbiotec\/wp-json\/wp\/v2\/media?parent=10113"}],"curies":[{"name":"wp","href":"https:\/\/api.w.org\/{rel}","templated":true}]}}