{"id":761,"date":"2024-12-14T12:42:15","date_gmt":"2024-12-14T15:42:15","guid":{"rendered":"https:\/\/wp.ufpel.edu.br\/ppgbdiv\/?page_id=761"},"modified":"2025-11-28T15:41:34","modified_gmt":"2025-11-28T18:41:34","slug":"comissoes","status":"publish","type":"page","link":"https:\/\/wp.ufpel.edu.br\/ppgbdiv\/comissoes\/","title":{"rendered":"Comiss\u00f5es"},"content":{"rendered":"<p><span style=\"color: #000000; font-size: 12pt;\"><strong>Comiss\u00e3o de Planejamento e Autoavalia\u00e7\u00e3o<\/strong><\/span><br \/>\n<span style=\"color: #000000; font-size: 12pt;\">Prof. Dr. Rafael A. Dias (coordenador)<\/span><br \/>\n<span style=\"color: #000000; font-size: 12pt;\">Prof. Dr. Cristiano A. Iserhard<\/span><br \/>\n<span style=\"color: #000000; font-size: 12pt;\">Prof. Dr. Marco S. Gottschalk<\/span><\/p>\n<p><span style=\"color: #000000; font-size: 12pt;\"><strong>Comiss\u00e3o de Bolsas de Estudo:<\/strong><\/span><br \/>\n<span style=\"color: #000000; font-size: 12pt;\">Prof. Dr. Rafael A. Dias (coordenador)<\/span><br \/>\n<span style=\"color: #000000; font-size: 12pt;\">Prof. Dr. Marco A. T. Marinho<\/span><br \/>\n<span style=\"color: #000000; font-size: 12pt;\">Prof. Dr. Edison Zefa<\/span><br \/>\n<span style=\"color: #000000; font-size: 12pt;\">Discente Bi\u00f3l. Vin\u00edcio Martins<\/span><\/p>\n<p><span style=\"color: #000000; font-size: 12pt;\"><strong>Comiss\u00e3o de Credenciamento e Descredenciamento de Docentes<\/strong><\/span><br \/>\n<span style=\"color: #000000; font-size: 12pt;\">Prof. Dr. Rafael A. Dias (coordenador)<\/span><br \/>\n<span style=\"color: #000000; font-size: 12pt;\">Prof. Dr. Fla\u0301vio Manoel R. Silva Ju\u0301nior<\/span><br \/>\n<span style=\"color: #000000; font-size: 12pt;\">Prof. Dr. Sebastian F. Sendoya<\/span><\/p>\n<p><span style=\"color: #000000; font-size: 12pt;\"><strong>Comiss\u00e3o de Comunica\u00e7\u00e3o e Divulga\u00e7\u00e3o:<\/strong><\/span><br \/>\n<span style=\"color: #000000; font-size: 12pt;\">(<a style=\"color: #000000;\" href=\"https:\/\/drive.google.com\/file\/d\/1LBMCKlV66K53KZ4matsiLRBlIO7OwgRY\/view\" target=\"_blank\" rel=\"noopener\">Resolu\u00e7\u00e3o N\u00ba 01\/2024, de 08 de fevereiro de 2024<\/a>)<\/span><br \/>\n<span style=\"color: #000000; font-size: 12pt;\">Prof. Dra. Ana Maria Rui<\/span><br \/>\n<span style=\"color: #000000; font-size: 12pt;\">Prof. Dra. Juliana Cordeiro<\/span><br \/>\n<span style=\"color: #000000; font-size: 12pt;\">Discente Bi\u00f3l. Bibiana Luizi Groff<\/span><br \/>\n<span style=\"color: #000000; font-size: 12pt;\">Discente Bi\u00f3l. Willian Brizolla da Silva<\/span><\/p>\n","protected":false},"excerpt":{"rendered":"<p>Comiss\u00e3o de Planejamento e Autoavalia\u00e7\u00e3o Prof. Dr. Rafael A. Dias (coordenador) Prof. Dr. Cristiano A. Iserhard Prof. Dr. Marco S. Gottschalk Comiss\u00e3o de Bolsas de Estudo: Prof. Dr. Rafael A. Dias (coordenador) Prof. Dr. Marco A. T. Marinho Prof. Dr. Edison Zefa Discente Bi\u00f3l. Vin\u00edcio Martins Comiss\u00e3o de Credenciamento e Descredenciamento de Docentes Prof. Dr.&hellip;<\/p>\n","protected":false},"author":1215,"featured_media":0,"parent":0,"menu_order":0,"comment_status":"closed","ping_status":"closed","template":"","meta":{"footnotes":""},"class_list":["post-761","page","type-page","status-publish","hentry"],"_links":{"self":[{"href":"https:\/\/wp.ufpel.edu.br\/ppgbdiv\/wp-json\/wp\/v2\/pages\/761","targetHints":{"allow":["GET"]}}],"collection":[{"href":"https:\/\/wp.ufpel.edu.br\/ppgbdiv\/wp-json\/wp\/v2\/pages"}],"about":[{"href":"https:\/\/wp.ufpel.edu.br\/ppgbdiv\/wp-json\/wp\/v2\/types\/page"}],"author":[{"embeddable":true,"href":"https:\/\/wp.ufpel.edu.br\/ppgbdiv\/wp-json\/wp\/v2\/users\/1215"}],"replies":[{"embeddable":true,"href":"https:\/\/wp.ufpel.edu.br\/ppgbdiv\/wp-json\/wp\/v2\/comments?post=761"}],"version-history":[{"count":4,"href":"https:\/\/wp.ufpel.edu.br\/ppgbdiv\/wp-json\/wp\/v2\/pages\/761\/revisions"}],"predecessor-version":[{"id":1005,"href":"https:\/\/wp.ufpel.edu.br\/ppgbdiv\/wp-json\/wp\/v2\/pages\/761\/revisions\/1005"}],"wp:attachment":[{"href":"https:\/\/wp.ufpel.edu.br\/ppgbdiv\/wp-json\/wp\/v2\/media?parent=761"}],"curies":[{"name":"wp","href":"https:\/\/api.w.org\/{rel}","templated":true}]}}