{"id":684,"date":"2023-12-18T10:04:52","date_gmt":"2023-12-18T13:04:52","guid":{"rendered":"https:\/\/wp.ufpel.edu.br\/ppgbdiv\/?page_id=684"},"modified":"2025-09-01T20:52:59","modified_gmt":"2025-09-01T23:52:59","slug":"edital-colaboradores-2023","status":"publish","type":"page","link":"https:\/\/wp.ufpel.edu.br\/ppgbdiv\/edital-colaboradores-2023\/","title":{"rendered":"Edital Colaboradores 2023"},"content":{"rendered":"<header class=\"entry-header\">\n<h1 class=\"entry-title\"><em style=\"font-size: 1rem;\"><strong>EDITAL E DOCUMENTOS PARA A INSCRI\u00c7\u00c3O<\/strong><\/em><\/h1>\n<\/header>\n<div class=\"entry-content\">\n<p>Edital de sele\u00e7\u00e3o para <strong>Docentes do N\u00facleo Colaborador [retificado, item 2.2.1.e]<\/strong>\u00a0\u2013 <a href=\"https:\/\/drive.google.com\/file\/d\/1KvqgEviV-1sk29JjC9I8v-wyFJWwXkzm\/view?usp=sharing\" target=\"_blank\" rel=\"noopener\">download<\/a><\/p>\n<p style=\"padding-left: 40px;\"><em><strong>Nota:<\/strong> A apresenta\u00e7\u00e3o da &#8216;Declara\u00e7\u00e3o de n\u00e3o atua\u00e7\u00e3o em outros Programas de P\u00f3s-Gradua\u00e7\u00e3o&#8217;, constante no <strong>item 2.2.1.e do Edital<\/strong>, n\u00e3o \u00e9 obrigat\u00f3ria e n\u00e3o \u00e9 uma exig\u00eancia para ingresso no corpo docente do programa.<\/em><\/p>\n<p><em>Anexo I &#8211; Modelo de Plano An\u00e1litico e Ementa de Disciplina da P\u00f3s-Gradua\u00e7\u00e3o da UFPel \u2013 <\/em><a href=\"https:\/\/docs.google.com\/document\/d\/1KmfQUp0o3cc1FcKj-PZyi78IDN4VQq_6\/edit?usp=sharing&amp;ouid=101663015705597813009&amp;rtpof=true&amp;sd=true\" target=\"_blank\" rel=\"noopener\">download<\/a><\/p>\n<p><em>Anexo II &#8211; Planilha para Avalia\u00e7\u00e3o do Curr\u00edculo \u2013 <\/em><a href=\"https:\/\/drive.google.com\/file\/d\/1Ksf0IrpIgXDVCVTFYD5t7eiiSA6okRg7\/view?usp=sharing\" target=\"_blank\" rel=\"noopener\">download<\/a><\/p>\n<\/div>\n","protected":false},"excerpt":{"rendered":"<p>EDITAL E DOCUMENTOS PARA A INSCRI\u00c7\u00c3O Edital de sele\u00e7\u00e3o para Docentes do N\u00facleo Colaborador [retificado, item 2.2.1.e]\u00a0\u2013 download Nota: A apresenta\u00e7\u00e3o da &#8216;Declara\u00e7\u00e3o de n\u00e3o atua\u00e7\u00e3o em outros Programas de P\u00f3s-Gradua\u00e7\u00e3o&#8217;, constante no item 2.2.1.e do Edital, n\u00e3o \u00e9 obrigat\u00f3ria e n\u00e3o \u00e9 uma exig\u00eancia para ingresso no corpo docente do programa. Anexo I &#8211;&hellip;<\/p>\n","protected":false},"author":1215,"featured_media":0,"parent":0,"menu_order":0,"comment_status":"closed","ping_status":"closed","template":"","meta":{"footnotes":""},"class_list":["post-684","page","type-page","status-publish","hentry"],"_links":{"self":[{"href":"https:\/\/wp.ufpel.edu.br\/ppgbdiv\/wp-json\/wp\/v2\/pages\/684","targetHints":{"allow":["GET"]}}],"collection":[{"href":"https:\/\/wp.ufpel.edu.br\/ppgbdiv\/wp-json\/wp\/v2\/pages"}],"about":[{"href":"https:\/\/wp.ufpel.edu.br\/ppgbdiv\/wp-json\/wp\/v2\/types\/page"}],"author":[{"embeddable":true,"href":"https:\/\/wp.ufpel.edu.br\/ppgbdiv\/wp-json\/wp\/v2\/users\/1215"}],"replies":[{"embeddable":true,"href":"https:\/\/wp.ufpel.edu.br\/ppgbdiv\/wp-json\/wp\/v2\/comments?post=684"}],"version-history":[{"count":3,"href":"https:\/\/wp.ufpel.edu.br\/ppgbdiv\/wp-json\/wp\/v2\/pages\/684\/revisions"}],"predecessor-version":[{"id":925,"href":"https:\/\/wp.ufpel.edu.br\/ppgbdiv\/wp-json\/wp\/v2\/pages\/684\/revisions\/925"}],"wp:attachment":[{"href":"https:\/\/wp.ufpel.edu.br\/ppgbdiv\/wp-json\/wp\/v2\/media?parent=684"}],"curies":[{"name":"wp","href":"https:\/\/api.w.org\/{rel}","templated":true}]}}