{"id":484,"date":"2023-06-23T21:42:10","date_gmt":"2023-06-24T00:42:10","guid":{"rendered":"https:\/\/wp.ufpel.edu.br\/ppgbdiv\/?page_id=484"},"modified":"2025-11-28T15:42:13","modified_gmt":"2025-11-28T18:42:13","slug":"identidade-visual","status":"publish","type":"page","link":"https:\/\/wp.ufpel.edu.br\/ppgbdiv\/identidade-visual\/","title":{"rendered":"Identidade Visual"},"content":{"rendered":"<p><span style=\"font-size: 12pt; color: #000000;\">Nesta p\u00e1gina, voc\u00ea tem acesso ao logotipo do Programa de P\u00f3s-Gradua\u00e7\u00e3o em Biodiversidade Animal (PPGBDiv) da Universidade Federal de Pelotas (UFPel). O logotipo est\u00e1 dispon\u00edvel em tr\u00eas varia\u00e7\u00f5es de cores e em formato PNG e JPEG. Adicionalmente, o Manual de Identidade Visual, que orienta sobre a aplica\u00e7\u00e3o adequada do logotipo, pode ser baixado em formato PDF. \u00c9 importante seguir as diretrizes contidas no manual para garantir o uso correto da identidade visual do PPGBDiv em seus documentos.<\/span><\/p>\n<p><span style=\"font-size: 12pt; color: #000000;\"><strong>Manual de Identidade Visual<\/strong> &#8211; <a style=\"color: #000000;\" href=\"https:\/\/wp.ufpel.edu.br\/ppgbdiv\/files\/2023\/06\/Manual-de-ID-Visual-PPGBDiv_compressed.pdf\" target=\"_blank\" rel=\"noopener\">PDF<\/a><\/span><\/p>\n<p><span style=\"font-size: 12pt; color: #000000;\"><strong>Logotipos:<\/strong><\/span><br \/>\n<span style=\"font-size: 12pt; color: #000000;\"><strong>Para documentos:<\/strong><\/span><br \/>\n<span style=\"font-size: 12pt; color: #000000;\"><em>Colorido:<\/em> <a style=\"color: #000000;\" href=\"https:\/\/wp.ufpel.edu.br\/ppgbdiv\/files\/2023\/06\/Logo-PPGBA-colorido.png\" target=\"_blank\" rel=\"noopener\">PNG<\/a>\u00a0&#8211; <a style=\"color: #000000;\" href=\"https:\/\/wp.ufpel.edu.br\/ppgbdiv\/files\/2023\/06\/Logo-PPGBA-fundo-branco-1.jpg\" target=\"_blank\" rel=\"noopener\">JPEG fundo branco<\/a> &#8211; <a style=\"color: #000000;\" href=\"https:\/\/wp.ufpel.edu.br\/ppgbdiv\/files\/2023\/06\/Logo-PPGBA-fundo-preto-1.jpg\" target=\"_blank\" rel=\"noopener\">JPEG fundo preto<\/a><\/span><br \/>\n<span style=\"font-size: 12pt; color: #000000;\"><em>Preto:<\/em> <a style=\"color: #000000;\" href=\"https:\/\/wp.ufpel.edu.br\/ppgbdiv\/files\/2023\/06\/Logo-PPGBA-preto.png\" target=\"_blank\" rel=\"noopener\">PNG<\/a> &#8211; <a style=\"color: #000000;\" href=\"https:\/\/wp.ufpel.edu.br\/ppgbdiv\/files\/2023\/06\/Logo-PPGBA-fundo-branco.jpg\" target=\"_blank\" rel=\"noopener\">JPEG fundo branco<\/a><\/span><br \/>\n<span style=\"font-size: 12pt; color: #000000;\"><em>Branco:<\/em> <a style=\"color: #000000;\" href=\"https:\/\/wp.ufpel.edu.br\/ppgbdiv\/files\/2023\/06\/Logo-PPGBA-branco.png\" target=\"_blank\" rel=\"noopener\">PNG<\/a> &#8211; <a style=\"color: #000000;\" href=\"https:\/\/wp.ufpel.edu.br\/ppgbdiv\/files\/2023\/06\/Logo-PPGBA-fundo-preto.jpg\" target=\"_blank\" rel=\"noopener\">JPEG fundo preto<\/a><\/span><\/p>\n<p><span style=\"font-size: 12pt; color: #000000;\"><strong>Para apresenta\u00e7\u00f5es:<\/strong><\/span><br \/>\n<span style=\"font-size: 12pt; color: #000000;\"><em>Colorido + padronagem arredondada<\/em>: <a style=\"color: #000000;\" href=\"https:\/\/wp.ufpel.edu.br\/ppgbdiv\/files\/2023\/06\/padronagem-4-globo-logo.png\" target=\"_blank\" rel=\"noopener\">PNG<\/a><\/span><br \/>\n<span style=\"font-size: 12pt; color: #000000;\"><em>Branco + padronagem escura arredondada<\/em>: <a style=\"color: #000000;\" href=\"https:\/\/wp.ufpel.edu.br\/ppgbdiv\/files\/2023\/06\/padronagem-4-globo-logo-branco.png\" target=\"_blank\" rel=\"noopener\">PNG<\/a><\/span><\/p>\n<p><span style=\"font-size: 12pt; color: #000000;\">Por favor, fa\u00e7a o download do formato que melhor se adequa \u00e0s suas necessidades e certifique-se de seguir as diretrizes do Manual de Identidade Visual ao utilizar o logotipo.<\/span><\/p>\n","protected":false},"excerpt":{"rendered":"<p>Nesta p\u00e1gina, voc\u00ea tem acesso ao logotipo do Programa de P\u00f3s-Gradua\u00e7\u00e3o em Biodiversidade Animal (PPGBDiv) da Universidade Federal de Pelotas (UFPel). O logotipo est\u00e1 dispon\u00edvel em tr\u00eas varia\u00e7\u00f5es de cores e em formato PNG e JPEG. Adicionalmente, o Manual de Identidade Visual, que orienta sobre a aplica\u00e7\u00e3o adequada do logotipo, pode ser baixado em formato&hellip;<\/p>\n","protected":false},"author":1215,"featured_media":0,"parent":0,"menu_order":0,"comment_status":"closed","ping_status":"closed","template":"","meta":{"footnotes":""},"class_list":["post-484","page","type-page","status-publish","hentry"],"_links":{"self":[{"href":"https:\/\/wp.ufpel.edu.br\/ppgbdiv\/wp-json\/wp\/v2\/pages\/484","targetHints":{"allow":["GET"]}}],"collection":[{"href":"https:\/\/wp.ufpel.edu.br\/ppgbdiv\/wp-json\/wp\/v2\/pages"}],"about":[{"href":"https:\/\/wp.ufpel.edu.br\/ppgbdiv\/wp-json\/wp\/v2\/types\/page"}],"author":[{"embeddable":true,"href":"https:\/\/wp.ufpel.edu.br\/ppgbdiv\/wp-json\/wp\/v2\/users\/1215"}],"replies":[{"embeddable":true,"href":"https:\/\/wp.ufpel.edu.br\/ppgbdiv\/wp-json\/wp\/v2\/comments?post=484"}],"version-history":[{"count":3,"href":"https:\/\/wp.ufpel.edu.br\/ppgbdiv\/wp-json\/wp\/v2\/pages\/484\/revisions"}],"predecessor-version":[{"id":1006,"href":"https:\/\/wp.ufpel.edu.br\/ppgbdiv\/wp-json\/wp\/v2\/pages\/484\/revisions\/1006"}],"wp:attachment":[{"href":"https:\/\/wp.ufpel.edu.br\/ppgbdiv\/wp-json\/wp\/v2\/media?parent=484"}],"curies":[{"name":"wp","href":"https:\/\/api.w.org\/{rel}","templated":true}]}}