{"id":393,"date":"2023-02-22T16:41:34","date_gmt":"2023-02-22T19:41:34","guid":{"rendered":"https:\/\/wp.ufpel.edu.br\/ppgbdiv\/?page_id=393"},"modified":"2024-08-08T09:09:02","modified_gmt":"2024-08-08T12:09:02","slug":"projeto-de-pesquisa","status":"publish","type":"page","link":"https:\/\/wp.ufpel.edu.br\/ppgbdiv\/projeto-de-pesquisa\/","title":{"rendered":"Projeto de pesquisa e Plano de Estudos"},"content":{"rendered":"<p>Para o discente que est\u00e1 fazendo um projeto de pesquisa no PPG Biodiversidade Animal, existem algumas regras que precisam ser seguidas. \u00c9 importante que o texto seja escrito em fonte Times New Roman, tamanho 12pt, e com espa\u00e7amento de 1,5 entre as linhas.<\/p>\n<p>Os itens que devem estar presentes no projeto s\u00e3o:<\/p>\n<ul>\n<li>Capa com t\u00edtulo, autor e data;<\/li>\n<li>Resumo e palavras-chave em portugu\u00eas;<\/li>\n<li>Introdu\u00e7\u00e3o;<\/li>\n<li>Justificativa (tamb\u00e9m pode estar junto com a introdu\u00e7\u00e3o, se pertinente);<\/li>\n<li>Objetivos (geral e espec\u00edficos);<\/li>\n<li>Hip\u00f3teses (sempre que poss\u00edvel);<\/li>\n<li>Revis\u00e3o bibliogr\u00e1fica (que pode estar junto com a introdu\u00e7\u00e3o, se pertinente);<\/li>\n<li>Material e M\u00e9todos;<\/li>\n<li>Resultados esperados;<\/li>\n<li>Cronograma com as etapas do projeto;<\/li>\n<li>Or\u00e7amento com os custos discriminados;<\/li>\n<li>Refer\u00eancias bibliogr\u00e1ficas.<\/li>\n<\/ul>\n<p>Todas as cita\u00e7\u00f5es e refer\u00eancias bibliogr\u00e1ficas devem seguir o Manual de normas UFPel para trabalhos acad\u00eamicos, que voc\u00ea encontra <a href=\"https:\/\/wp.ufpel.edu.br\/sisbi\/files\/2019\/06\/Manual.pdf\">aqui<\/a>.<\/p>\n<p><a href=\"https:\/\/drive.google.com\/file\/d\/123XcV6zChZf8k8l2sA-bVcUOryAFtg-i\/view?usp=sharing\">Aqui<\/a> est\u00e1 o link para a Resolu\u00e7\u00e3o 04\/2022 do PPGBDiv, que apresenta os crit\u00e9rios para elabora\u00e7\u00e3o dos projetos de pesquisa pelos discentes.<\/p>\n<p>Al\u00e9m do Projeto de Pesquisa, deve ser apresentado um Plano de Estudos, elaborado pelo estudante junto de seu orientador. Ao preencher o Plano de Estudos, os mestrandos devem incluir informa\u00e7\u00f5es gerais como nome, matr\u00edcula, curso ou programa, n\u00edvel (Mestrado) e a data de preenchimento, especificando se \u00e9 a vers\u00e3o inicial ou uma revis\u00e3o. \u00c9 necess\u00e1rio indicar a linha de pesquisa e listar o orientador, al\u00e9m de sugerir os membros para o Comit\u00ea de Acompanhamento do aluno indicados no campo &#8220;CONSELHEIROS&#8221;, com seus respectivos nomes, t\u00edtulos e institui\u00e7\u00f5es. A lista de disciplinas pode ser encontrada na p\u00e1gina do programa. O documento deve ser assinado pelo estudante, pelo orientador e pelo coordenador do curso, n\u00e3o havendo a necessidade da assinatura dos membros do Comit\u00ea de Acompanhamento, e submetido \u00e0 aprova\u00e7\u00e3o do Colegiado do Programa junto ao Projeto de Pesquisa.<\/p>\n<p>O Plano de Estudos \u00e9 o Formul\u00e1rio 3, encontrado na p\u00e1gina da PRPPG (<a href=\"https:\/\/wp.ufpel.edu.br\/prppg\/documentos-2\/\" target=\"_blank\" rel=\"noopener\">link<\/a>).<\/p>\n","protected":false},"excerpt":{"rendered":"<p>Para o discente que est\u00e1 fazendo um projeto de pesquisa no PPG Biodiversidade Animal, existem algumas regras que precisam ser seguidas. \u00c9 importante que o texto seja escrito em fonte Times New Roman, tamanho 12pt, e com espa\u00e7amento de 1,5 entre as linhas. Os itens que devem estar presentes no projeto s\u00e3o: Capa com t\u00edtulo,&hellip;<\/p>\n","protected":false},"author":1215,"featured_media":0,"parent":0,"menu_order":0,"comment_status":"closed","ping_status":"closed","template":"","meta":{"footnotes":""},"class_list":["post-393","page","type-page","status-publish","hentry"],"_links":{"self":[{"href":"https:\/\/wp.ufpel.edu.br\/ppgbdiv\/wp-json\/wp\/v2\/pages\/393","targetHints":{"allow":["GET"]}}],"collection":[{"href":"https:\/\/wp.ufpel.edu.br\/ppgbdiv\/wp-json\/wp\/v2\/pages"}],"about":[{"href":"https:\/\/wp.ufpel.edu.br\/ppgbdiv\/wp-json\/wp\/v2\/types\/page"}],"author":[{"embeddable":true,"href":"https:\/\/wp.ufpel.edu.br\/ppgbdiv\/wp-json\/wp\/v2\/users\/1215"}],"replies":[{"embeddable":true,"href":"https:\/\/wp.ufpel.edu.br\/ppgbdiv\/wp-json\/wp\/v2\/comments?post=393"}],"version-history":[{"count":3,"href":"https:\/\/wp.ufpel.edu.br\/ppgbdiv\/wp-json\/wp\/v2\/pages\/393\/revisions"}],"predecessor-version":[{"id":747,"href":"https:\/\/wp.ufpel.edu.br\/ppgbdiv\/wp-json\/wp\/v2\/pages\/393\/revisions\/747"}],"wp:attachment":[{"href":"https:\/\/wp.ufpel.edu.br\/ppgbdiv\/wp-json\/wp\/v2\/media?parent=393"}],"curies":[{"name":"wp","href":"https:\/\/api.w.org\/{rel}","templated":true}]}}