{"id":303,"date":"2022-11-18T08:44:20","date_gmt":"2022-11-18T11:44:20","guid":{"rendered":"https:\/\/wp.ufpel.edu.br\/ppgbdiv\/?page_id=303"},"modified":"2026-03-20T20:12:55","modified_gmt":"2026-03-20T23:12:55","slug":"selecao-2026","status":"publish","type":"page","link":"https:\/\/wp.ufpel.edu.br\/ppgbdiv\/selecao-2026\/","title":{"rendered":"Sele\u00e7\u00e3o Mestrado 2026"},"content":{"rendered":"<p><span style=\"color: #000000; font-size: 14pt;\"><strong>Edital de sele\u00e7\u00e3o:<\/strong><\/span><br \/>\n<span style=\"color: #000000; font-size: 14pt;\"><a href=\"https:\/\/drive.google.com\/file\/d\/1JMnUFnlqAxJRExgnW2mcauik8GnAhQoG\/view?usp=sharing\" target=\"_blank\" rel=\"noopener\">Edital 250\/2025: Processo seletivo para ingresso no mestrado PPGBDiv 2026<\/a> <span style=\"font-size: 10pt;\">(publicado em dez\/2025)<\/span><\/span><\/p>\n<p><strong><span style=\"color: #000000; font-size: 14pt;\">Documentos para <em>download***<\/em> em formato edit\u00e1vel:<\/span><\/strong><br \/>\n<span style=\"color: #000000; font-size: 14pt;\"><a href=\"https:\/\/docs.google.com\/document\/d\/1XNxUgHQnuOc-EDbuTIyBIsBKnpKvbdBC\/edit?usp=sharing&amp;ouid=114589251538039202741&amp;rtpof=true&amp;sd=true\" target=\"_blank\" rel=\"noopener\">Formul\u00e1rio de Inscri\u00e7\u00e3o<\/a> (.docx)<\/span><br \/>\n<span style=\"color: #000000; font-size: 14pt;\"><a href=\"https:\/\/docs.google.com\/spreadsheets\/d\/144wsoJeLf0hGXUPqHeihYtUMtI8_fq23\/edit?usp=sharing&amp;ouid=101663015705597813009&amp;rtpof=true&amp;sd=true\" target=\"_blank\" rel=\"noopener\">Planilha de Avalia\u00e7\u00e3o do Curr\u00edculo<\/a> (.xlsx)\u00a0<\/span><br \/>\n<span style=\"color: #000000; font-size: 14pt;\"><a href=\"https:\/\/docs.google.com\/document\/d\/1IlBhLXya6nqTvIl6F0P2Zkpnhb9jq27s\/edit?usp=sharing&amp;ouid=101663015705597813009&amp;rtpof=true&amp;sd=true\" target=\"_blank\" rel=\"noopener\">Declara\u00e7\u00e3o de Etnia<\/a> (.docx)<\/span><br \/>\n<span style=\"color: #000000; font-size: 14pt;\"><a href=\"https:\/\/docs.google.com\/document\/d\/1Atb7P95n3nYXpDeU91V4a_wiDfT88Yek\/edit?usp=sharing&amp;ouid=114589251538039202741&amp;rtpof=true&amp;sd=true\" target=\"_blank\" rel=\"noopener\">Autodeclara\u00e7\u00e3o de Identidade de G\u00eanero<\/a> (.docx)<\/span><br \/>\n<span style=\"color: #000000; font-size: 14pt;\"><a href=\"https:\/\/docs.google.com\/document\/d\/18GUepjxNxHPOMvOeFVfGptl28QZWLLX-\/edit?usp=sharing&amp;ouid=114589251538039202741&amp;rtpof=true&amp;sd=true\" target=\"_blank\" rel=\"noopener\">Autodeclara\u00e7\u00e3o de defici\u00eancia<\/a> (.docx)<\/span><\/p>\n<p><span style=\"color: #000000;\"><strong><span style=\"background-color: #ffff00;\">***ATEN\u00c7\u00c3O<\/span>: \u00c9 obrigat\u00f3rio realizar o <em>DOWNLOAD<\/em> dos arquivos no seu computador ou <em>smartphone<\/em> para conseguir realizar as altera\u00e7\u00f5es necess\u00e1rias. As solicita\u00e7\u00f5es de compartilhamento dos arquivos no GoogleDrive n\u00e3o ser\u00e3o atendidas. Ap\u00f3s clicar no link do arquivo desejado, voc\u00ea deve ir em: <\/strong><\/span><span style=\"color: #000000;\"><strong>Arquivo &gt; Baixar &gt; Microsoft Word (.docx)<\/strong><\/span><\/p>\n<p><span style=\"color: #000000; font-size: 14pt;\">Todos os documentos acima tamb\u00e9m est\u00e3o dispon\u00edveis na p\u00e1gina da PRPPG\/UFPel &#8211; <a href=\"https:\/\/wp.ufpel.edu.br\/prppg\/documentos-2\/\" target=\"_blank\" rel=\"noopener\"><em>acesse aqui<\/em><\/a>.\u00a0\u00a0<\/span><\/p>\n<p><span style=\"color: #000000; font-size: 14pt;\"><strong>Docentes aptos a orientar: <\/strong><em>Para linha de pesquisa e contato, <a href=\"https:\/\/wp.ufpel.edu.br\/ppgbdiv\/orientadores\/\">clique aqui<\/a>.<\/em><\/span><\/p>\n<p><span style=\"color: #000000; font-size: 14pt;\"><strong>Os documentos de acompanhamento do processo seletivo ser\u00e3o publicados aqui:<\/strong><\/span><br \/>\n<span style=\"color: #000000; font-size: 14pt;\"><a href=\"https:\/\/drive.google.com\/file\/d\/1Rf_YjvwNiJ1xEiEz8W-dSEF4ndlx7yqv\/view?usp=sharing\" target=\"_blank\" rel=\"noopener\">Inscri\u00e7\u00f5es recebidas e situa\u00e7\u00e3o de homologa\u00e7\u00e3o<\/a> <span style=\"font-size: 10pt;\">(publicado em 25\/02\/2026 &#8211; 19:25)<\/span><\/span><br \/>\n<span style=\"color: #000000; font-size: 14pt;\"><a href=\"https:\/\/drive.google.com\/file\/d\/1T_ODSJomZhTpfQOEnkLZyNLT5iV8aG8C\/view?usp=sharing\" target=\"_blank\" rel=\"noopener\">Homologa\u00e7\u00e3o final das inscri\u00e7\u00f5es (ap\u00f3s per\u00edodo de recursos)<\/a> <span style=\"font-size: 10pt;\">(publicado em 02\/03\/2026 &#8211; 8:15)<\/span><\/span><br \/>\n<span style=\"color: #000000; font-size: 14pt;\"><a href=\"https:\/\/drive.google.com\/file\/d\/1TNA89vxYpALz4RJD5ITNl7QuInYun6Fx\/view?usp=sharing\" target=\"_blank\" rel=\"noopener\">Resultado <span style=\"background-color: #ffff00;\">preliminar<\/span><\/a>\u00a0<span style=\"font-size: 10pt;\">(publicado em 05\/03\/2026 &#8211; 19:31)<\/span><\/span><br \/>\n<span style=\"color: #000000; font-size: 14pt;\"><a href=\"https:\/\/drive.google.com\/file\/d\/1daIxlGJiX7GrFaS7o7ThZ_q6tYabNjpy\/view?usp=sharing\" target=\"_blank\" rel=\"noopener\">Resultado final da sele\u00e7\u00e3o<\/a> <span style=\"font-size: 10pt;\">(publicado em 20\/03\/2026 &#8211; 20:12)<\/span><\/span><\/p>\n","protected":false},"excerpt":{"rendered":"<p>Edital de sele\u00e7\u00e3o: Edital 250\/2025: Processo seletivo para ingresso no mestrado PPGBDiv 2026 (publicado em dez\/2025) Documentos para download*** em formato edit\u00e1vel: Formul\u00e1rio de Inscri\u00e7\u00e3o (.docx) Planilha de Avalia\u00e7\u00e3o do Curr\u00edculo (.xlsx)\u00a0 Declara\u00e7\u00e3o de Etnia (.docx) Autodeclara\u00e7\u00e3o de Identidade de G\u00eanero (.docx) Autodeclara\u00e7\u00e3o de defici\u00eancia (.docx) ***ATEN\u00c7\u00c3O: \u00c9 obrigat\u00f3rio realizar o DOWNLOAD dos arquivos no&hellip;<\/p>\n","protected":false},"author":1215,"featured_media":0,"parent":0,"menu_order":0,"comment_status":"closed","ping_status":"closed","template":"","meta":{"footnotes":""},"class_list":["post-303","page","type-page","status-publish","hentry"],"_links":{"self":[{"href":"https:\/\/wp.ufpel.edu.br\/ppgbdiv\/wp-json\/wp\/v2\/pages\/303","targetHints":{"allow":["GET"]}}],"collection":[{"href":"https:\/\/wp.ufpel.edu.br\/ppgbdiv\/wp-json\/wp\/v2\/pages"}],"about":[{"href":"https:\/\/wp.ufpel.edu.br\/ppgbdiv\/wp-json\/wp\/v2\/types\/page"}],"author":[{"embeddable":true,"href":"https:\/\/wp.ufpel.edu.br\/ppgbdiv\/wp-json\/wp\/v2\/users\/1215"}],"replies":[{"embeddable":true,"href":"https:\/\/wp.ufpel.edu.br\/ppgbdiv\/wp-json\/wp\/v2\/comments?post=303"}],"version-history":[{"count":4,"href":"https:\/\/wp.ufpel.edu.br\/ppgbdiv\/wp-json\/wp\/v2\/pages\/303\/revisions"}],"predecessor-version":[{"id":1071,"href":"https:\/\/wp.ufpel.edu.br\/ppgbdiv\/wp-json\/wp\/v2\/pages\/303\/revisions\/1071"}],"wp:attachment":[{"href":"https:\/\/wp.ufpel.edu.br\/ppgbdiv\/wp-json\/wp\/v2\/media?parent=303"}],"curies":[{"name":"wp","href":"https:\/\/api.w.org\/{rel}","templated":true}]}}