{"id":6067,"date":"2025-06-28T11:20:52","date_gmt":"2025-06-28T14:20:52","guid":{"rendered":"https:\/\/wp.ufpel.edu.br\/ppgbbio\/?page_id=6067"},"modified":"2025-07-31T15:05:36","modified_gmt":"2025-07-31T18:05:36","slug":"selecao-aluno-regular-mestrado-e-doutorado-2025_2","status":"publish","type":"page","link":"https:\/\/wp.ufpel.edu.br\/ppgbbio\/selecao-aluno-regular-mestrado-e-doutorado-2025_2\/","title":{"rendered":"Sele\u00e7\u00e3o aluno regular Mestrado e Doutorado 2025_2"},"content":{"rendered":"<p><a href=\"https:\/\/wp.ufpel.edu.br\/ppgbbio\/files\/2025\/06\/Edital-doutorado-PPGBBio-2025-2.pdf\">Edital doutorado PPGBBio 2025-2<\/a><\/p>\n<p><a href=\"https:\/\/wp.ufpel.edu.br\/ppgbbio\/files\/2025\/06\/Edital-Mestrado-2025-2-1.pdf\">Edital Mestrado PPGBBio 2025-2<\/a><\/p>\n<p><a href=\"https:\/\/wp.ufpel.edu.br\/ppgbbio\/files\/2025\/07\/Homologacoes-2025-2.pdf\">Homologa\u00e7\u00f5es 2025-2<\/a><\/p>\n<p><a href=\"https:\/\/wp.ufpel.edu.br\/ppgbbio\/files\/2025\/07\/Lista-final-de-Homologacoes-2025-2.docx\">Lista final de Homologa\u00e7\u00f5es 2025-2<\/a><\/p>\n<p><a href=\"https:\/\/wp.ufpel.edu.br\/ppgbbio\/files\/2025\/07\/Lista-Aprovados-2025-2.pdf\">Lista de Aprovados 2025-2<\/a><\/p>\n<p>&nbsp;<\/p>\n<p>&nbsp;<\/p>\n<p>&nbsp;<\/p>\n<p>&nbsp;<\/p>\n<p>&nbsp;<\/p>\n<p>&nbsp;<\/p>\n","protected":false},"excerpt":{"rendered":"<p>Edital doutorado PPGBBio 2025-2 Edital Mestrado PPGBBio 2025-2 Homologa\u00e7\u00f5es 2025-2 Lista final de Homologa\u00e7\u00f5es 2025-2 Lista de Aprovados 2025-2 &nbsp; &nbsp; &nbsp; &nbsp; &nbsp; &nbsp;<\/p>\n","protected":false},"author":131,"featured_media":0,"parent":0,"menu_order":0,"comment_status":"closed","ping_status":"closed","template":"","meta":{"footnotes":""},"class_list":["post-6067","page","type-page","status-publish","hentry"],"_links":{"self":[{"href":"https:\/\/wp.ufpel.edu.br\/ppgbbio\/wp-json\/wp\/v2\/pages\/6067","targetHints":{"allow":["GET"]}}],"collection":[{"href":"https:\/\/wp.ufpel.edu.br\/ppgbbio\/wp-json\/wp\/v2\/pages"}],"about":[{"href":"https:\/\/wp.ufpel.edu.br\/ppgbbio\/wp-json\/wp\/v2\/types\/page"}],"author":[{"embeddable":true,"href":"https:\/\/wp.ufpel.edu.br\/ppgbbio\/wp-json\/wp\/v2\/users\/131"}],"replies":[{"embeddable":true,"href":"https:\/\/wp.ufpel.edu.br\/ppgbbio\/wp-json\/wp\/v2\/comments?post=6067"}],"version-history":[{"count":5,"href":"https:\/\/wp.ufpel.edu.br\/ppgbbio\/wp-json\/wp\/v2\/pages\/6067\/revisions"}],"predecessor-version":[{"id":6095,"href":"https:\/\/wp.ufpel.edu.br\/ppgbbio\/wp-json\/wp\/v2\/pages\/6067\/revisions\/6095"}],"wp:attachment":[{"href":"https:\/\/wp.ufpel.edu.br\/ppgbbio\/wp-json\/wp\/v2\/media?parent=6067"}],"curies":[{"name":"wp","href":"https:\/\/api.w.org\/{rel}","templated":true}]}}