{"id":5828,"date":"2025-04-07T21:45:25","date_gmt":"2025-04-08T00:45:25","guid":{"rendered":"https:\/\/wp.ufpel.edu.br\/ppgbbio\/?page_id=5828"},"modified":"2025-04-08T16:06:53","modified_gmt":"2025-04-08T19:06:53","slug":"5828-2","status":"publish","type":"page","link":"https:\/\/wp.ufpel.edu.br\/ppgbbio\/selecao-bolsista-de-pos-doutorado-pipd\/processos-seletivos\/5828-2\/","title":{"rendered":"Edital de Sele\u00e7\u00e3o de Bolsista PIPD"},"content":{"rendered":"<p>Edital 02\/2025 Edital de Sele\u00e7\u00e3o de Bolsista PIPD<\/p>\n<p><a href=\"https:\/\/wp.ufpel.edu.br\/ppgbbio\/files\/2025\/04\/Edital-Pos-doc-1.pdf\">Edital P\u00f3s doc (1)<\/a><\/p>\n<p>Inscri\u00e7\u00f5es Homologadas:<\/p>\n<div>\n<div dir=\"ltr\"><span style=\"font-size: medium;\">Fabiane Bicca Obetine Baptista<br \/>\n<\/span><\/div>\n<\/div>\n<div dir=\"ltr\"><span style=\"font-size: medium;\">Jana\u00edna Garcia Timm<\/span><\/div>\n<div dir=\"ltr\">\n<div>\n<div dir=\"ltr\"><span style=\"font-size: medium;\">Lucia Emanueli Schimith<br \/>\n<\/span><\/div>\n<\/div>\n<div dir=\"ltr\"><span style=\"font-size: medium;\">Izabella de Carvalho Batista Muniz\u00a0<\/span><\/div>\n<\/div>\n<p>&nbsp;<\/p>\n<p>Resultado:<\/p>\n<p>Candidata aprovada<\/p>\n<p>Izabella de Carvalho Batista Muniz<\/p>\n<p>&nbsp;<\/p>\n","protected":false},"excerpt":{"rendered":"<p>Edital 02\/2025 Edital de Sele\u00e7\u00e3o de Bolsista PIPD Edital P\u00f3s doc (1) Inscri\u00e7\u00f5es Homologadas: Fabiane Bicca Obetine Baptista Jana\u00edna Garcia Timm Lucia Emanueli Schimith Izabella de Carvalho Batista Muniz\u00a0 &nbsp; Resultado: Candidata aprovada Izabella de Carvalho Batista Muniz &nbsp;<\/p>\n","protected":false},"author":131,"featured_media":0,"parent":5650,"menu_order":0,"comment_status":"closed","ping_status":"closed","template":"","meta":{"footnotes":""},"class_list":["post-5828","page","type-page","status-publish","hentry"],"_links":{"self":[{"href":"https:\/\/wp.ufpel.edu.br\/ppgbbio\/wp-json\/wp\/v2\/pages\/5828","targetHints":{"allow":["GET"]}}],"collection":[{"href":"https:\/\/wp.ufpel.edu.br\/ppgbbio\/wp-json\/wp\/v2\/pages"}],"about":[{"href":"https:\/\/wp.ufpel.edu.br\/ppgbbio\/wp-json\/wp\/v2\/types\/page"}],"author":[{"embeddable":true,"href":"https:\/\/wp.ufpel.edu.br\/ppgbbio\/wp-json\/wp\/v2\/users\/131"}],"replies":[{"embeddable":true,"href":"https:\/\/wp.ufpel.edu.br\/ppgbbio\/wp-json\/wp\/v2\/comments?post=5828"}],"version-history":[{"count":7,"href":"https:\/\/wp.ufpel.edu.br\/ppgbbio\/wp-json\/wp\/v2\/pages\/5828\/revisions"}],"predecessor-version":[{"id":5862,"href":"https:\/\/wp.ufpel.edu.br\/ppgbbio\/wp-json\/wp\/v2\/pages\/5828\/revisions\/5862"}],"up":[{"embeddable":true,"href":"https:\/\/wp.ufpel.edu.br\/ppgbbio\/wp-json\/wp\/v2\/pages\/5650"}],"wp:attachment":[{"href":"https:\/\/wp.ufpel.edu.br\/ppgbbio\/wp-json\/wp\/v2\/media?parent=5828"}],"curies":[{"name":"wp","href":"https:\/\/api.w.org\/{rel}","templated":true}]}}