{"id":5683,"date":"2025-01-13T21:34:47","date_gmt":"2025-01-14T00:34:47","guid":{"rendered":"https:\/\/wp.ufpel.edu.br\/ppgbbio\/?page_id=5683"},"modified":"2025-02-22T20:43:39","modified_gmt":"2025-02-22T23:43:39","slug":"selecao-aluno-regular-2025-1","status":"publish","type":"page","link":"https:\/\/wp.ufpel.edu.br\/ppgbbio\/selecao-aluno-regular-2025-1\/","title":{"rendered":"Sele\u00e7\u00e3o Aluno Regular 2025\/1"},"content":{"rendered":"<p><a href=\"https:\/\/wp.ufpel.edu.br\/ppgbbio\/files\/2025\/01\/SEI-Mestrado-PPGBBIO.pdf\">EDITAL &#8211; Mestrado PPGBBIO<\/a><\/p>\n<p><a href=\"https:\/\/wp.ufpel.edu.br\/ppgbbio\/files\/2025\/01\/SEI-Doutorado-PPGBBIO.pdf\">EDITAL &#8211; Doutorado PPGBBIO<\/a><\/p>\n<p><a href=\"https:\/\/wp.ufpel.edu.br\/ppgbbio\/files\/2025\/02\/LISTA-DE-HOMOLOGACOES.pdf\">LISTA DE HOMOLOGA\u00c7\u00d5ES<\/a><\/p>\n<p><a href=\"https:\/\/wp.ufpel.edu.br\/ppgbbio\/files\/2025\/02\/LISTA-DE-HOMOLOGACOES-DEFINITIVA.pdf\">LISTA DE HOMOLOGA\u00c7\u00d5ES DEFINITIVA<\/a><\/p>\n<p><a href=\"https:\/\/wp.ufpel.edu.br\/ppgbbio\/files\/2025\/02\/Resultados-Processo-Seletivo.pdf\">Resultados Processo Seletivo<\/a><\/p>\n","protected":false},"excerpt":{"rendered":"<p>EDITAL &#8211; Mestrado PPGBBIO EDITAL &#8211; Doutorado PPGBBIO LISTA DE HOMOLOGA\u00c7\u00d5ES LISTA DE HOMOLOGA\u00c7\u00d5ES DEFINITIVA Resultados Processo Seletivo<\/p>\n","protected":false},"author":131,"featured_media":0,"parent":0,"menu_order":0,"comment_status":"closed","ping_status":"closed","template":"","meta":{"footnotes":""},"class_list":["post-5683","page","type-page","status-publish","hentry"],"_links":{"self":[{"href":"https:\/\/wp.ufpel.edu.br\/ppgbbio\/wp-json\/wp\/v2\/pages\/5683","targetHints":{"allow":["GET"]}}],"collection":[{"href":"https:\/\/wp.ufpel.edu.br\/ppgbbio\/wp-json\/wp\/v2\/pages"}],"about":[{"href":"https:\/\/wp.ufpel.edu.br\/ppgbbio\/wp-json\/wp\/v2\/types\/page"}],"author":[{"embeddable":true,"href":"https:\/\/wp.ufpel.edu.br\/ppgbbio\/wp-json\/wp\/v2\/users\/131"}],"replies":[{"embeddable":true,"href":"https:\/\/wp.ufpel.edu.br\/ppgbbio\/wp-json\/wp\/v2\/comments?post=5683"}],"version-history":[{"count":6,"href":"https:\/\/wp.ufpel.edu.br\/ppgbbio\/wp-json\/wp\/v2\/pages\/5683\/revisions"}],"predecessor-version":[{"id":5702,"href":"https:\/\/wp.ufpel.edu.br\/ppgbbio\/wp-json\/wp\/v2\/pages\/5683\/revisions\/5702"}],"wp:attachment":[{"href":"https:\/\/wp.ufpel.edu.br\/ppgbbio\/wp-json\/wp\/v2\/media?parent=5683"}],"curies":[{"name":"wp","href":"https:\/\/api.w.org\/{rel}","templated":true}]}}