{"id":5399,"date":"2024-04-22T12:12:54","date_gmt":"2024-04-22T15:12:54","guid":{"rendered":"https:\/\/wp.ufpel.edu.br\/ppgbbio\/?page_id=5399"},"modified":"2025-08-06T12:09:29","modified_gmt":"2025-08-06T15:09:29","slug":"eleicao-para-coordenacao-do-programa","status":"publish","type":"page","link":"https:\/\/wp.ufpel.edu.br\/ppgbbio\/eleicao-para-coordenacao-do-programa\/","title":{"rendered":"Elei\u00e7\u00e3o para coordena\u00e7\u00e3o do Programa 2024"},"content":{"rendered":"<p>O PPGBBio torna p\u00fablico o Termo de Fechamento da Urna f\u00edsica para a Elei\u00e7\u00e3o do coordenador do Programa, bi\u00eanio 2024-2026. A urna foi fechada ontem por volta das 13h. Informa\u00e7\u00e3o atualizada em 26\/04\/24.<\/p>\n<p><a href=\"https:\/\/wp.ufpel.edu.br\/ppgbbio\/files\/2024\/04\/fechamento-urna-votacao-26.04.24.pdf\">fechamento urna vota\u00e7\u00e3o 26.04.24<\/a><\/p>\n<p>&nbsp;<\/p>\n<p>O PPGBBio torna p\u00fablica a Homologa\u00e7\u00e3o para a Elei\u00e7\u00e3o do coordenador do Programa, bi\u00eanio 2024-2026. Atualizado em 24\/04\/2024 \u00e0s 17h46min.<\/p>\n<p><a href=\"https:\/\/wp.ufpel.edu.br\/ppgbbio\/files\/2024\/04\/homologacao_eleicao_COORDENACAO-2024.pdf\">homologa\u00e7\u00e3o_elei\u00e7\u00e3o_COORDENA\u00c7\u00c3O 2024<\/a><\/p>\n<p>&nbsp;<\/p>\n<p>O PPGBBio torna p\u00fablica a Listagem de votantes para a Elei\u00e7\u00e3o do coordenador do Programa, bi\u00eanio 2024-2026. Atualizado em 22\/04\/2024 \u00e0s 13h21min.<\/p>\n<p><a href=\"https:\/\/wp.ufpel.edu.br\/ppgbbio\/files\/2024\/04\/Lista-de-Professores-e-alunos-votantes-2024.pdf\">Lista de Professores e alunos votantes 2024<\/a><\/p>\n<p>&nbsp;<\/p>\n<p>O PPGBBio torna p\u00fablico o Edital para Elei\u00e7\u00e3o do coordenador do Programa, bi\u00eanio 2024-2026. Atualizado em 22\/04\/2024 \u00e0s 12h24min.<\/p>\n<p><a href=\"https:\/\/wp.ufpel.edu.br\/ppgbbio\/files\/2024\/04\/edital-eleicao-coordenacao-2024_2026-CORRIGIDO.pdf\">edital elei\u00e7\u00e3o coordena\u00e7\u00e3o 2024_2026 CORRIGIDO<\/a><\/p>\n","protected":false},"excerpt":{"rendered":"<p>O PPGBBio torna p\u00fablico o Termo de Fechamento da Urna f\u00edsica para a Elei\u00e7\u00e3o do coordenador do Programa, bi\u00eanio 2024-2026. A urna foi fechada ontem por volta das 13h. Informa\u00e7\u00e3o atualizada em 26\/04\/24. fechamento urna vota\u00e7\u00e3o 26.04.24 &nbsp; O PPGBBio torna p\u00fablica a Homologa\u00e7\u00e3o para a Elei\u00e7\u00e3o do coordenador do Programa, bi\u00eanio 2024-2026. Atualizado em [&hellip;]<\/p>\n","protected":false},"author":131,"featured_media":0,"parent":0,"menu_order":0,"comment_status":"closed","ping_status":"closed","template":"","meta":{"footnotes":""},"class_list":["post-5399","page","type-page","status-publish","hentry"],"_links":{"self":[{"href":"https:\/\/wp.ufpel.edu.br\/ppgbbio\/wp-json\/wp\/v2\/pages\/5399","targetHints":{"allow":["GET"]}}],"collection":[{"href":"https:\/\/wp.ufpel.edu.br\/ppgbbio\/wp-json\/wp\/v2\/pages"}],"about":[{"href":"https:\/\/wp.ufpel.edu.br\/ppgbbio\/wp-json\/wp\/v2\/types\/page"}],"author":[{"embeddable":true,"href":"https:\/\/wp.ufpel.edu.br\/ppgbbio\/wp-json\/wp\/v2\/users\/131"}],"replies":[{"embeddable":true,"href":"https:\/\/wp.ufpel.edu.br\/ppgbbio\/wp-json\/wp\/v2\/comments?post=5399"}],"version-history":[{"count":10,"href":"https:\/\/wp.ufpel.edu.br\/ppgbbio\/wp-json\/wp\/v2\/pages\/5399\/revisions"}],"predecessor-version":[{"id":6096,"href":"https:\/\/wp.ufpel.edu.br\/ppgbbio\/wp-json\/wp\/v2\/pages\/5399\/revisions\/6096"}],"wp:attachment":[{"href":"https:\/\/wp.ufpel.edu.br\/ppgbbio\/wp-json\/wp\/v2\/media?parent=5399"}],"curies":[{"name":"wp","href":"https:\/\/api.w.org\/{rel}","templated":true}]}}

Eleição para coordenação do Programa 2024

<p>O PPGBBio torna público o Termo de Fechamento da Urna física para a Eleição do coordenador do Programa, biênio 2024-2026. A urna foi fechada ontem por volta das 13h. Informação atualizada em 26/04/24.</p>
<p><a href="https://wp.ufpel.edu.br/ppgbbio/files/2024/04/fechamento-urna-votacao-26.04.24.pdf">fechamento urna votação 26.04.24</a></p>
<p>&nbsp;</p>
<p>O PPGBBio torna pública a Homologação para a Eleição do coordenador do Programa, biênio 2024-2026. Atualizado em 24/04/2024 às 17h46min.</p>
<p><a href="https://wp.ufpel.edu.br/ppgbbio/files/2024/04/homologacao_eleicao_COORDENACAO-2024.pdf">homologação_eleição_COORDENAÇÃO 2024</a></p>
<p>&nbsp;</p>
<p>O PPGBBio torna pública a Listagem de votantes para a Eleição do coordenador do Programa, biênio 2024-2026. Atualizado em 22/04/2024 às 13h21min.</p>
<p><a href="https://wp.ufpel.edu.br/ppgbbio/files/2024/04/Lista-de-Professores-e-alunos-votantes-2024.pdf">Lista de Professores e alunos votantes 2024</a></p>
<p>&nbsp;</p>
<p>O PPGBBio torna público o Edital para Eleição do coordenador do Programa, biênio 2024-2026. Atualizado em 22/04/2024 às 12h24min.</p>
<p><a href="https://wp.ufpel.edu.br/ppgbbio/files/2024/04/edital-eleicao-coordenacao-2024_2026-CORRIGIDO.pdf">edital eleição coordenação 2024_2026 CORRIGIDO</a></p>

<p>O PPGBBio torna público o Termo de Fechamento da Urna física para a Eleição do coordenador do Programa, biênio 2024-2026. A urna foi fechada ontem por volta das 13h. Informação atualizada em 26/04/24. fechamento urna votação 26.04.24 &nbsp; O PPGBBio torna pública a Homologação para a Eleição do coordenador do Programa, biênio 2024-2026. Atualizado em [&hellip;]</p>
