{"id":4644,"date":"2021-10-27T13:11:11","date_gmt":"2021-10-27T16:11:11","guid":{"rendered":"https:\/\/wp.ufpel.edu.br\/ppgbbio\/?page_id=4644"},"modified":"2024-05-02T22:07:25","modified_gmt":"2024-05-03T01:07:25","slug":"selecao-aluno-regular-2022-1","status":"publish","type":"page","link":"https:\/\/wp.ufpel.edu.br\/ppgbbio\/selecao-aluno-regular-2022-1\/","title":{"rendered":"Sele\u00e7\u00e3o Emergencial aluno regular 2024\/1"},"content":{"rendered":"<p><strong><span style=\"font-size: 24pt; background-color: #33cccc;\">Sele\u00e7\u00e3o <\/span><\/strong><span style=\"font-size: 24pt; background-color: #33cccc;\"><em>emergencial<\/em><\/span><strong><span style=\"font-size: 24pt; background-color: #33cccc;\"> 2024\/1<\/span><\/strong><\/p>\n<p>O PPGBBio torna p\u00fablico o resultado do Edital Emergencial de Sele\u00e7\u00e3o para aluno de Mestrado e Doutorado 2024\/1. Atualizado em 02\/05\/2024 \u00e0s 22h05min.<\/p>\n<p><a href=\"https:\/\/wp.ufpel.edu.br\/ppgbbio\/files\/2024\/05\/Resultado-Selecao-Emergencial-Mestrado-2024-1-PPGBBio.pdf\">Resultado Sele\u00e7\u00e3o Emergencial Mestrado 2024-1 PPGBBio<\/a><\/p>\n<p><a href=\"https:\/\/wp.ufpel.edu.br\/ppgbbio\/files\/2024\/05\/Resultado-Selecao-Emergencial-Doutorado-2024-1-PPGBBio-1.pdf\">Resultado Sele\u00e7\u00e3o Emergencial Doutorado 2024-1 PPGBBio<\/a><\/p>\n<p>&nbsp;<\/p>\n<p>O PPGBBio torna p\u00fablica a homologa\u00e7\u00e3o definitiva de inscritos para o Edital Emergencial de Sele\u00e7\u00e3o para aluno de Mestrado e Doutorado 2024\/1. Atualizado em 20\/04\/2024 \u00e0s 10h45min.<\/p>\n<p><a href=\"https:\/\/wp.ufpel.edu.br\/ppgbbio\/files\/2024\/04\/Homologacao-Edital-No-70_20.04.24.pdf\">Homologa\u00e7\u00e3o Edital N\u00ba 70_20.04.24<\/a><\/p>\n<p>&nbsp;<\/p>\n<p>O PPGBBio torna p\u00fablico a homologa\u00e7\u00e3o de inscritos para o Edital Emergencial de Sele\u00e7\u00e3o para aluno de Mestrado e Doutorado 2024\/1. Atualizado em 18\/04\/2024 \u00e0s 17h24min.<\/p>\n<p><a href=\"https:\/\/wp.ufpel.edu.br\/ppgbbio\/files\/2024\/04\/Homologacao-Edital-No-70_18.04.24.pdf\">Homologa\u00e7\u00e3o Edital N\u00ba 70_18.04.24<\/a><\/p>\n<p>O PPGBBio torna p\u00fablico o Edital Emergencial de Sele\u00e7\u00e3o para aluno de Doutorado 2024\/1. <span style=\"color: #000000; background-color: #99cc00;\">Atualizado em 10.04.2024<\/span>.<\/p>\n<p><a href=\"https:\/\/wp.ufpel.edu.br\/ppgbbio\/files\/2024\/04\/SELECAO-EMERGENCIAL-DOUTORADO-012024_10.04.24.pdf\">SELE\u00c7\u00c3O EMERGENCIAL DOUTORADO (012024)_10.04.24<\/a><\/p>\n<p>O PPGBBio torna p\u00fablico o Edital Emergencial de Sele\u00e7\u00e3o para aluno de Mestrado 2024\/1. <span style=\"color: #000000; background-color: #ffff00;\">Atualizado em 10.04.2024<\/span>.<\/p>\n<p><a href=\"https:\/\/wp.ufpel.edu.br\/ppgbbio\/files\/2024\/04\/SELECAO-EMERGENCIAL-MESTRADO-012024_10.04.24.pdf\">SELE\u00c7\u00c3O EMERGENCIAL MESTRADO (012024)_10.04.24<\/a><\/p>\n<p>&#8212;&#8212;&#8212;&#8212;&#8212;&#8212;&#8212;&#8212;&#8212;&#8212;&#8212;&#8212;&#8212;&#8212;&#8212;&#8212;&#8212;&#8212;&#8212;&#8212;&#8212;&#8212;&#8212;&#8212;&#8212;&#8212;&#8212;&#8212;&#8212;&#8211;<\/p>\n<p>O PPGBBio torna p\u00fablico o resultado final para o Edital Emergencial de Sele\u00e7\u00e3o para aluno de Mestrado 2024\/1. Atualizado em 22\/03\/2024 \u00e0s 20h34min.<\/p>\n<p><a href=\"https:\/\/wp.ufpel.edu.br\/ppgbbio\/files\/2024\/03\/Resultados-selecao-emergencial-2024_1.docx.pdf\">Resultados sele\u00e7\u00e3o emergencial 2024_1.docx<\/a><\/p>\n<p>&nbsp;<\/p>\n<p>O PPGBBio torna p\u00fablico a homologa\u00e7\u00e3o final de inscritos para o Edital Emergencial de Sele\u00e7\u00e3o para aluno de Mestrado 2024\/1. Atualizado em 13\/03\/2024 \u00e0s 09h3min.<\/p>\n<p><a href=\"https:\/\/wp.ufpel.edu.br\/ppgbbio\/files\/2024\/03\/Homologacoes-1.pdf\">Homologa\u00e7\u00f5es (1)<\/a><\/p>\n<p>O PPGBBio torna p\u00fablico a homologa\u00e7\u00e3o de inscritos para o Edital Emergencial de Sele\u00e7\u00e3o para aluno de Mestrado 2024\/1. Atualizado em 09\/03\/2024 \u00e0s 16h32min.<\/p>\n<p><a href=\"https:\/\/wp.ufpel.edu.br\/ppgbbio\/files\/2024\/03\/Homologacoes.pdf\">Homologa\u00e7\u00f5es<\/a><\/p>\n<p>&nbsp;<\/p>\n<p>O PPGBBio torna p\u00fablico o Edital Emergencial de Sele\u00e7\u00e3o para aluno de Mestrado 2024\/1.<\/p>\n<ul>\n<li><span style=\"background-color: #ff0000; color: #ffffff;\">Possibilidade de bolsas de Demanda Social (ampla concorr\u00eancia) e CARREFOUR (somente para alunos negros)<\/span><\/li>\n<\/ul>\n<p><a href=\"https:\/\/wp.ufpel.edu.br\/ppgbbio\/files\/2024\/02\/edital-emergencial-PPGBBio_mestrado-2024_1.pdf\">edital emergencial PPGBBio_mestrado 2024_1<\/a><\/p>\n<p>&nbsp;<\/p>\n<p>&nbsp;<\/p>\n","protected":false},"excerpt":{"rendered":"<p>Sele\u00e7\u00e3o emergencial 2024\/1 O PPGBBio torna p\u00fablico o resultado do Edital Emergencial de Sele\u00e7\u00e3o para aluno de Mestrado e Doutorado 2024\/1. Atualizado em 02\/05\/2024 \u00e0s 22h05min. Resultado Sele\u00e7\u00e3o Emergencial Mestrado 2024-1 PPGBBio Resultado Sele\u00e7\u00e3o Emergencial Doutorado 2024-1 PPGBBio &nbsp; O PPGBBio torna p\u00fablica a homologa\u00e7\u00e3o definitiva de inscritos para o Edital Emergencial de Sele\u00e7\u00e3o para [&hellip;]<\/p>\n","protected":false},"author":131,"featured_media":0,"parent":0,"menu_order":0,"comment_status":"closed","ping_status":"closed","template":"","meta":{"footnotes":""},"class_list":["post-4644","page","type-page","status-publish","hentry"],"_links":{"self":[{"href":"https:\/\/wp.ufpel.edu.br\/ppgbbio\/wp-json\/wp\/v2\/pages\/4644","targetHints":{"allow":["GET"]}}],"collection":[{"href":"https:\/\/wp.ufpel.edu.br\/ppgbbio\/wp-json\/wp\/v2\/pages"}],"about":[{"href":"https:\/\/wp.ufpel.edu.br\/ppgbbio\/wp-json\/wp\/v2\/types\/page"}],"author":[{"embeddable":true,"href":"https:\/\/wp.ufpel.edu.br\/ppgbbio\/wp-json\/wp\/v2\/users\/131"}],"replies":[{"embeddable":true,"href":"https:\/\/wp.ufpel.edu.br\/ppgbbio\/wp-json\/wp\/v2\/comments?post=4644"}],"version-history":[{"count":63,"href":"https:\/\/wp.ufpel.edu.br\/ppgbbio\/wp-json\/wp\/v2\/pages\/4644\/revisions"}],"predecessor-version":[{"id":5420,"href":"https:\/\/wp.ufpel.edu.br\/ppgbbio\/wp-json\/wp\/v2\/pages\/4644\/revisions\/5420"}],"wp:attachment":[{"href":"https:\/\/wp.ufpel.edu.br\/ppgbbio\/wp-json\/wp\/v2\/media?parent=4644"}],"curies":[{"name":"wp","href":"https:\/\/api.w.org\/{rel}","templated":true}]}}