{"id":4391,"date":"2021-09-28T16:24:06","date_gmt":"2021-09-28T19:24:06","guid":{"rendered":"https:\/\/wp.ufpel.edu.br\/ppgbbio\/?page_id=4391"},"modified":"2021-09-28T16:24:06","modified_gmt":"2021-09-28T19:24:06","slug":"asesores-y-estudiantes","status":"publish","type":"page","link":"https:\/\/wp.ufpel.edu.br\/ppgbbio\/asesores-y-estudiantes\/","title":{"rendered":"Asesores y estudiantes"},"content":{"rendered":"<p style=\"text-align: justify\">Conozca a los profesores asesores del Programa de Posgrado en Bioqu\u00edmica y Bioprospecci\u00f3n y sus estudiantes. Los proyectos de los estudiantes de posgrado est\u00e1n incluidos en una de las tres l\u00edneas de investigaci\u00f3n del Programa, que tambi\u00e9n se muestran aqu\u00ed. Accediendo a las pesta\u00f1as de los alumnos, encontrar\u00e1s informaci\u00f3n sobre aquellos que ya han realizado los cursos de m\u00e1ster y doctorado, y tambi\u00e9n podr\u00e1s conocer c\u00f3mo incorporarse al PPG, a trav\u00e9s de selecciones para alumnos regulares y especiales.<\/p>\n","protected":false},"excerpt":{"rendered":"<p>Conozca a los profesores asesores del Programa de Posgrado en Bioqu\u00edmica y Bioprospecci\u00f3n y sus estudiantes. Los proyectos de los estudiantes de posgrado est\u00e1n incluidos en una de las tres l\u00edneas de investigaci\u00f3n del Programa, que tambi\u00e9n se muestran aqu\u00ed. Accediendo a las pesta\u00f1as de los alumnos, encontrar\u00e1s informaci\u00f3n sobre aquellos que ya han realizado [&hellip;]<\/p>\n","protected":false},"author":131,"featured_media":0,"parent":0,"menu_order":0,"comment_status":"closed","ping_status":"closed","template":"","meta":{"footnotes":""},"class_list":["post-4391","page","type-page","status-publish","hentry"],"_links":{"self":[{"href":"https:\/\/wp.ufpel.edu.br\/ppgbbio\/wp-json\/wp\/v2\/pages\/4391","targetHints":{"allow":["GET"]}}],"collection":[{"href":"https:\/\/wp.ufpel.edu.br\/ppgbbio\/wp-json\/wp\/v2\/pages"}],"about":[{"href":"https:\/\/wp.ufpel.edu.br\/ppgbbio\/wp-json\/wp\/v2\/types\/page"}],"author":[{"embeddable":true,"href":"https:\/\/wp.ufpel.edu.br\/ppgbbio\/wp-json\/wp\/v2\/users\/131"}],"replies":[{"embeddable":true,"href":"https:\/\/wp.ufpel.edu.br\/ppgbbio\/wp-json\/wp\/v2\/comments?post=4391"}],"version-history":[{"count":1,"href":"https:\/\/wp.ufpel.edu.br\/ppgbbio\/wp-json\/wp\/v2\/pages\/4391\/revisions"}],"predecessor-version":[{"id":4393,"href":"https:\/\/wp.ufpel.edu.br\/ppgbbio\/wp-json\/wp\/v2\/pages\/4391\/revisions\/4393"}],"wp:attachment":[{"href":"https:\/\/wp.ufpel.edu.br\/ppgbbio\/wp-json\/wp\/v2\/media?parent=4391"}],"curies":[{"name":"wp","href":"https:\/\/api.w.org\/{rel}","templated":true}]}}