{"id":4288,"date":"2021-09-28T10:26:28","date_gmt":"2021-09-28T13:26:28","guid":{"rendered":"https:\/\/wp.ufpel.edu.br\/ppgbbio\/?page_id=4288"},"modified":"2021-10-25T22:16:02","modified_gmt":"2021-10-26T01:16:02","slug":"historia-del-programa","status":"publish","type":"page","link":"https:\/\/wp.ufpel.edu.br\/ppgbbio\/historia-del-programa\/","title":{"rendered":"Historia del programa"},"content":{"rendered":"<p style=\"text-align: justify\"><strong>Historia del programa<\/strong><\/p>\n<p style=\"text-align: justify\">El PPGBBio inici\u00f3 sus actividades en 2011 a nivel de maestr\u00eda con el concepto CAPES 3, el cual presenta dos l\u00edneas de investigaci\u00f3n: Bioensayos y Toxicolog\u00eda. A finales de 2014, la CAPES aprob\u00f3 la ampliaci\u00f3n del programa a nivel de doctorado, y en 2015 fue la admisi\u00f3n de la primera generaci\u00f3n. Con el inicio del programa de doctorado se ha creado una nueva l\u00ednea de investigaci\u00f3n denominada Sustancias Bioactivas.<\/p>\n<p style=\"text-align: justify\">El objetivo del PPGBBio es formar recursos humanos calificados que est\u00e9n actualizados y preparados para afrontar el reto de participar activamente en el proceso de ense\u00f1anza-aprendizaje y la construcci\u00f3n del conocimiento basado en la evidencia. Hacemos hincapi\u00e9 en la importancia del desarrollo de estas l\u00edneas de investigaci\u00f3n en UFPel, teniendo en cuenta que se incluyen aspectos relevantes como la valorizaci\u00f3n de las fuentes naturales de materias primas, el desarrollo de nuevos f\u00e1rmacos, el desarrollo de m\u00e9todos de an\u00e1lisis y caracterizaci\u00f3n de sustancias, entre otros, los cuales pueden ser estudiados en modelos experimentales <em>in vitro<\/em> y \/ o <em>in vivo<\/em>. De esta manera, las l\u00edneas de investigaci\u00f3n del programa tienen la interconexi\u00f3n con un curso interdisciplinario.<\/p>\n<p style=\"text-align: justify\">El cuerpo de docentes permanente del curso est\u00e1 constituido por profesores capacitados en las \u00e1reas de biolog\u00eda, bioqu\u00edmica, biotecnolog\u00eda, farmacia, odontolog\u00eda y qu\u00edmica en programas de Postgrado conceptuados y consolidados por la Universidad Federal de Santa Mar\u00eda (UFSM), Universidad Federal de R\u00edo Grande del Sur (UFRGS) y la propia UFPel.<\/p>\n<p style=\"text-align: justify\">Espec\u00edficamente, los egresados de la <strong>L\u00ednea 1: Los bioensayos <\/strong>obtendr\u00e1n el conocimiento para realizar ensayos biol\u00f3gicos que implican la acci\u00f3n biol\u00f3gica de origen sint\u00e9tico de los productos y \/ o natural. Los egresados de la <strong>L\u00ednea 2: Toxicolog\u00eda <\/strong>tendr\u00e1n conocimiento en toxicolog\u00eda con foco en la evaluaci\u00f3n de sustancias naturales y \/ o sint\u00e9ticas en su aspecto tecnol\u00f3gico y determinar el impacto ambiental de las sustancias. Los egresados de la <strong>L\u00ednea 3: sustancias bioactivas<\/strong> tendr\u00e1n conocimiento de planificaci\u00f3n y adquisici\u00f3n de productos qu\u00edmicos con potencial de acci\u00f3n bioqu\u00edmica, biol\u00f3gica y farmacol\u00f3gica, a trav\u00e9s del desarrollo de productos de aplicaci\u00f3n en el sector de la salud, la alimentaci\u00f3n o farmac\u00e9utico. Por lo tanto, es posible destacar que:<\/p>\n<p style=\"text-align: justify\">&#8211; El egresado de maestr\u00eda de las diferentes l\u00edneas de PPGBBio ser\u00e1 capaz de unirse a los cursos de doctorado, as\u00ed como trabajar en la ense\u00f1anza, investigaci\u00f3n, extensi\u00f3n y la innovaci\u00f3n tecnol\u00f3gica en el campo del conocimiento. Adem\u00e1s, podr\u00e1 ayudar a satisfacer las demandas de la sociedad y la comunidad cient\u00edfica.<\/p>\n<p style=\"text-align: justify\">&#8211; El egresado del doctorado de las diferentes l\u00edneas de PPGBBio ser\u00e1 capaz de actuar en coordinaci\u00f3n de actividades de ense\u00f1anza, investigaci\u00f3n, innovaci\u00f3n tecnol\u00f3gica y extensi\u00f3n en Brasil y en el extranjero, as\u00ed como producir y difundir conocimiento en el \u00e1rea de bioqu\u00edmica y bioprospecci\u00f3n. Adem\u00e1s, podr\u00e1 actuar en la industria y \/ o en las instituciones de ense\u00f1anza e investigaci\u00f3n transmitiendo el conocimiento adquirido y a la sociedad y a la comunidad cient\u00edfica en general.<\/p>\n","protected":false},"excerpt":{"rendered":"<p>Historia del programa El PPGBBio inici\u00f3 sus actividades en 2011 a nivel de maestr\u00eda con el concepto CAPES 3, el cual presenta dos l\u00edneas de investigaci\u00f3n: Bioensayos y Toxicolog\u00eda. A finales de 2014, la CAPES aprob\u00f3 la ampliaci\u00f3n del programa a nivel de doctorado, y en 2015 fue la admisi\u00f3n de la primera generaci\u00f3n. Con [&hellip;]<\/p>\n","protected":false},"author":131,"featured_media":0,"parent":0,"menu_order":0,"comment_status":"closed","ping_status":"closed","template":"","meta":{"footnotes":""},"class_list":["post-4288","page","type-page","status-publish","hentry"],"_links":{"self":[{"href":"https:\/\/wp.ufpel.edu.br\/ppgbbio\/wp-json\/wp\/v2\/pages\/4288","targetHints":{"allow":["GET"]}}],"collection":[{"href":"https:\/\/wp.ufpel.edu.br\/ppgbbio\/wp-json\/wp\/v2\/pages"}],"about":[{"href":"https:\/\/wp.ufpel.edu.br\/ppgbbio\/wp-json\/wp\/v2\/types\/page"}],"author":[{"embeddable":true,"href":"https:\/\/wp.ufpel.edu.br\/ppgbbio\/wp-json\/wp\/v2\/users\/131"}],"replies":[{"embeddable":true,"href":"https:\/\/wp.ufpel.edu.br\/ppgbbio\/wp-json\/wp\/v2\/comments?post=4288"}],"version-history":[{"count":2,"href":"https:\/\/wp.ufpel.edu.br\/ppgbbio\/wp-json\/wp\/v2\/pages\/4288\/revisions"}],"predecessor-version":[{"id":4599,"href":"https:\/\/wp.ufpel.edu.br\/ppgbbio\/wp-json\/wp\/v2\/pages\/4288\/revisions\/4599"}],"wp:attachment":[{"href":"https:\/\/wp.ufpel.edu.br\/ppgbbio\/wp-json\/wp\/v2\/media?parent=4288"}],"curies":[{"name":"wp","href":"https:\/\/api.w.org\/{rel}","templated":true}]}}