{"id":4035,"date":"2021-08-12T16:43:10","date_gmt":"2021-08-12T19:43:10","guid":{"rendered":"https:\/\/wp.ufpel.edu.br\/ppgbbio\/?page_id=4035"},"modified":"2021-08-12T16:56:33","modified_gmt":"2021-08-12T19:56:33","slug":"bioquimica-e-bioprospeccao-na-escola","status":"publish","type":"page","link":"https:\/\/wp.ufpel.edu.br\/ppgbbio\/bioquimica-e-bioprospeccao-na-escola\/","title":{"rendered":"Bioqu\u00edmica e Bioprospec\u00e7\u00e3o na Escola"},"content":{"rendered":"<p>Clique na imagem e conhe\u00e7a as atividades da disciplina de Bioqu\u00edmica e Bioprospec\u00e7\u00e3o na Escola!<\/p>\n<p><a href=\"https:\/\/wp.ufpel.edu.br\/disciplinabioqbiop\/\"><img class=\"alignleft size-medium wp-image-4040\" src=\"https:\/\/wp.ufpel.edu.br\/ppgbbio\/files\/2021\/08\/capa-escola2-400x210.jpg\" alt=\"\" width=\"400\" height=\"210\" srcset=\"https:\/\/wp.ufpel.edu.br\/ppgbbio\/files\/2021\/08\/capa-escola2-400x210.jpg 400w, https:\/\/wp.ufpel.edu.br\/ppgbbio\/files\/2021\/08\/capa-escola2-1024x538.jpg 1024w, https:\/\/wp.ufpel.edu.br\/ppgbbio\/files\/2021\/08\/capa-escola2-768x403.jpg 768w, https:\/\/wp.ufpel.edu.br\/ppgbbio\/files\/2021\/08\/capa-escola2-720x380.jpg 720w, https:\/\/wp.ufpel.edu.br\/ppgbbio\/files\/2021\/08\/capa-escola2.jpg 1200w\" sizes=\"(max-width: 400px) 100vw, 400px\" \/><\/a><\/p>\n","protected":false},"excerpt":{"rendered":"<p>Clique na imagem e conhe\u00e7a as atividades da disciplina de Bioqu\u00edmica e Bioprospec\u00e7\u00e3o na Escola!<\/p>\n","protected":false},"author":131,"featured_media":0,"parent":0,"menu_order":0,"comment_status":"closed","ping_status":"closed","template":"","meta":{"footnotes":""},"class_list":["post-4035","page","type-page","status-publish","hentry"],"_links":{"self":[{"href":"https:\/\/wp.ufpel.edu.br\/ppgbbio\/wp-json\/wp\/v2\/pages\/4035","targetHints":{"allow":["GET"]}}],"collection":[{"href":"https:\/\/wp.ufpel.edu.br\/ppgbbio\/wp-json\/wp\/v2\/pages"}],"about":[{"href":"https:\/\/wp.ufpel.edu.br\/ppgbbio\/wp-json\/wp\/v2\/types\/page"}],"author":[{"embeddable":true,"href":"https:\/\/wp.ufpel.edu.br\/ppgbbio\/wp-json\/wp\/v2\/users\/131"}],"replies":[{"embeddable":true,"href":"https:\/\/wp.ufpel.edu.br\/ppgbbio\/wp-json\/wp\/v2\/comments?post=4035"}],"version-history":[{"count":3,"href":"https:\/\/wp.ufpel.edu.br\/ppgbbio\/wp-json\/wp\/v2\/pages\/4035\/revisions"}],"predecessor-version":[{"id":4041,"href":"https:\/\/wp.ufpel.edu.br\/ppgbbio\/wp-json\/wp\/v2\/pages\/4035\/revisions\/4041"}],"wp:attachment":[{"href":"https:\/\/wp.ufpel.edu.br\/ppgbbio\/wp-json\/wp\/v2\/media?parent=4035"}],"curies":[{"name":"wp","href":"https:\/\/api.w.org\/{rel}","templated":true}]}}