{"id":2008,"date":"2018-03-13T19:06:39","date_gmt":"2018-03-13T22:06:39","guid":{"rendered":"https:\/\/wp.ufpel.edu.br\/ppgbbio\/?page_id=2008"},"modified":"2018-03-13T19:06:39","modified_gmt":"2018-03-13T22:06:39","slug":"coordenacion","status":"publish","type":"page","link":"https:\/\/wp.ufpel.edu.br\/ppgbbio\/coordenacion\/","title":{"rendered":"Coordenaci\u00f3n"},"content":{"rendered":"<ul class=\"wpipessoa-lista\"><li class=\"wpipessoa-post clearfix\"><div class=\"wpipessoa-thumb\"><a href=\"https:\/\/wp.ufpel.edu.br\/ppgbbio\/pessoas\/marcia-foster-mesko\/\"><img width=\"132\" height=\"159\" src=\"https:\/\/wp.ufpel.edu.br\/ppgbbio\/files\/2017\/03\/Marcia-cz-132x159.jpg\" class=\"attachment-thumbnail size-thumbnail wp-post-image\" alt=\"\" srcset=\"https:\/\/wp.ufpel.edu.br\/ppgbbio\/files\/2017\/03\/Marcia-cz-132x159.jpg 132w, https:\/\/wp.ufpel.edu.br\/ppgbbio\/files\/2017\/03\/Marcia-cz-264x318.jpg 264w, https:\/\/wp.ufpel.edu.br\/ppgbbio\/files\/2017\/03\/Marcia-cz-e1621346637744.jpg 198w\" sizes=\"(max-width: 132px) 100vw, 132px\" \/><\/a><\/div><div class=\"wpipessoa-info\"><div class=\"wpipessoa-nome wpipessoa-fonte-grande\"><a href=\"https:\/\/wp.ufpel.edu.br\/ppgbbio\/pessoas\/marcia-foster-mesko\/\">M\u00e1rcia Foster Mesko<\/a><\/div><div class=\"wpipessoa-funcao wpipessoa-fonte-italica\">Coordinador del Programa de Graduados Bioqu\u00edmica y bioprospecci\u00f3n - Duraci\u00f3n: 2016 - 2018<\/div><div class=\"wpipessoa-lattes\"><a href=\"http:\/\/lattes.cnpq.br\/2461255030745891\" target=\"_blank\">Lattes<\/a><\/div><div class=\"wpipessoa-email\"><a href=\"marciamesko@yahoo.com.br\" target=\"_blank\">marciamesko@yahoo.com.br<\/a><\/div><div class=\"wpipessoa-fone\">+55 \u2013 53 \u2013 32757387<\/div><\/div><\/li><\/ul>\n\n","protected":false},"excerpt":{"rendered":"<div class=\"wpipessoa-lista wpipessoa-info\">\n<div class=\"wpipessoa-funcao wpipessoa-fonte-italica\">Coordinador del Programa de Graduados Bioqu\u00edmica y bioprospecci\u00f3n &#8211; Duraci\u00f3n: 2016 &#8211; 2018<\/div>\n<div class=\"wpipessoa-lattes\"><a href=\"http:\/\/lattes.cnpq.br\/2461255030745891\" target=\"_blank\">Lattes<\/a><\/div>\n<div class=\"wpipessoa-email\"><a href=\"marciamesko@yahoo.com.br\" target=\"_blank\">marciamesko@yahoo.com.br<\/a><\/div>\n<div class=\"wpipessoa-fone\">+55 \u2013 53 \u2013 32757387<\/div>\n<\/div>\n","protected":false},"author":131,"featured_media":0,"parent":0,"menu_order":0,"comment_status":"closed","ping_status":"closed","template":"","meta":{"footnotes":""},"class_list":["post-2008","page","type-page","status-publish","hentry"],"_links":{"self":[{"href":"https:\/\/wp.ufpel.edu.br\/ppgbbio\/wp-json\/wp\/v2\/pages\/2008","targetHints":{"allow":["GET"]}}],"collection":[{"href":"https:\/\/wp.ufpel.edu.br\/ppgbbio\/wp-json\/wp\/v2\/pages"}],"about":[{"href":"https:\/\/wp.ufpel.edu.br\/ppgbbio\/wp-json\/wp\/v2\/types\/page"}],"author":[{"embeddable":true,"href":"https:\/\/wp.ufpel.edu.br\/ppgbbio\/wp-json\/wp\/v2\/users\/131"}],"replies":[{"embeddable":true,"href":"https:\/\/wp.ufpel.edu.br\/ppgbbio\/wp-json\/wp\/v2\/comments?post=2008"}],"version-history":[{"count":1,"href":"https:\/\/wp.ufpel.edu.br\/ppgbbio\/wp-json\/wp\/v2\/pages\/2008\/revisions"}],"predecessor-version":[{"id":2010,"href":"https:\/\/wp.ufpel.edu.br\/ppgbbio\/wp-json\/wp\/v2\/pages\/2008\/revisions\/2010"}],"wp:attachment":[{"href":"https:\/\/wp.ufpel.edu.br\/ppgbbio\/wp-json\/wp\/v2\/media?parent=2008"}],"curies":[{"name":"wp","href":"https:\/\/api.w.org\/{rel}","templated":true}]}}