{"id":9210,"date":"2022-09-21T09:13:37","date_gmt":"2022-09-21T12:13:37","guid":{"rendered":"https:\/\/wp.ufpel.edu.br\/ppgartes\/?page_id=9210"},"modified":"2025-03-10T16:13:36","modified_gmt":"2025-03-10T19:13:36","slug":"discentes-turma-11-2022-2024","status":"publish","type":"page","link":"https:\/\/wp.ufpel.edu.br\/ppgartes\/discentes-turma-11-2022-2024\/","title":{"rendered":"Discentes \u2013 Turma 11 \/ 2022 &#8211; 2024"},"content":{"rendered":"<p><span style=\"font-family: 'trebuchet ms', geneva, sans-serif; font-size: 10pt;\">Abaixo voc\u00ea encontrar\u00e1 nossos alunos da turma 11 (2022-2024) do Programa de P\u00f3s-gradua\u00e7\u00e3o Mestrado em Artes Visuais.<\/span><\/p>\n<p><span style=\"font-family: 'trebuchet ms', geneva, sans-serif; font-size: 10pt;\">Clique no nome do aluno para maiores informa\u00e7\u00f5es sobre ele.<br \/>\nClicando no link do t\u00edtulo da disserta\u00e7\u00e3o voc\u00ea ser\u00e1 enviado \u00e0 publica\u00e7\u00e3o de sua disserta\u00e7\u00e3o.<\/span><\/p>\n<h1 style=\"text-align: center;\"><span style=\"font-family: 'trebuchet ms', geneva, sans-serif; font-size: 18pt;\"><strong>Discentes &#8211; Turma 11 (2022-2024)<\/strong><\/span><\/h1>\n<hr \/>\n<p style=\"padding-left: 40px;\"><span style=\"font-family: georgia, palatino, serif; font-size: 12pt; color: #666666;\"><strong><span style=\"font-family: 'trebuchet ms', geneva, sans-serif;\">Balbina Francisca Moraes de S\u00e1<br \/>\n<span style=\"font-family: georgia, palatino, serif; font-size: 12pt; color: #999999;\"><span style=\"font-family: 'trebuchet ms', geneva, sans-serif; font-size: 10pt;\">Linha de Pesquisa: <a style=\"color: #999999;\" href=\"https:\/\/wp.ufpel.edu.br\/mestradoartesvisuais\/linhas-de-pesquisa\/processos-de-criacao-e-poeticas-do-cotidiano\/\">Processos de Cria\u00e7\u00e3o e Po\u00e9ticas do Cotidiano<\/a><\/span><\/span><br \/>\n<\/span><\/strong><\/span><\/p>\n<hr \/>\n<p style=\"padding-left: 40px;\"><span style=\"font-family: georgia, palatino, serif; font-size: 12pt; color: #666666;\"><strong><span style=\"font-family: 'trebuchet ms', geneva, sans-serif;\">Daiane Jardim Ferreira<br \/>\n<span style=\"font-family: georgia, palatino, serif; font-size: 12pt; color: #999999;\"><span style=\"font-family: 'trebuchet ms', geneva, sans-serif; font-size: 10pt;\">Linha de Pesquisa: <a style=\"color: #999999;\" href=\"https:\/\/wp.ufpel.edu.br\/mestradoartesvisuais\/linhas-de-pesquisa\/educacao-em-artes-e-processos-de-formacao-estetica\/\">Educa\u00e7\u00e3o em Artes e Processos de Forma\u00e7\u00e3o Est\u00e9tica<\/a><\/span><\/span><\/span><\/strong><\/span><\/p>\n<hr \/>\n<p style=\"padding-left: 40px;\"><span style=\"font-family: georgia, palatino, serif; font-size: 12pt; color: #666666;\"><strong><span style=\"font-family: 'trebuchet ms', geneva, sans-serif;\">D\u00e9bora Curti Cirilo<br \/>\n<span style=\"font-family: georgia, palatino, serif; font-size: 12pt; color: #999999;\"><span style=\"font-family: 'trebuchet ms', geneva, sans-serif; font-size: 10pt;\">Linha de Pesquisa: <a style=\"color: #999999;\" href=\"https:\/\/wp.ufpel.edu.br\/mestradoartesvisuais\/linhas-de-pesquisa\/processos-de-criacao-e-poeticas-do-cotidiano\/\">Processos de Cria\u00e7\u00e3o e Po\u00e9ticas do Cotidiano<\/a><\/span><\/span><\/span><\/strong><\/span><\/p>\n<hr \/>\n<p style=\"padding-left: 40px;\"><span style=\"font-family: georgia, palatino, serif; font-size: 12pt; color: #666666;\"><strong><span style=\"font-family: 'trebuchet ms', geneva, sans-serif;\">Denise Castanha de \u00c1vila de Lemos<br \/>\n<\/span><\/strong><\/span><span style=\"font-family: georgia, palatino, serif; font-size: 12pt; color: #666666;\"><strong><span style=\"font-family: 'trebuchet ms', geneva, sans-serif;\"><span style=\"font-family: georgia, palatino, serif; font-size: 12pt; color: #999999;\"><span style=\"font-family: 'trebuchet ms', geneva, sans-serif; font-size: 10pt;\">Linha de Pesquisa: <a style=\"color: #999999;\" href=\"https:\/\/wp.ufpel.edu.br\/mestradoartesvisuais\/linhas-de-pesquisa\/educacao-em-artes-e-processos-de-formacao-estetica\/\">Educa\u00e7\u00e3o em Artes e Processos de Forma\u00e7\u00e3o Est\u00e9tica<\/a><\/span><\/span><\/span><\/strong><\/span><\/p>\n<hr \/>\n<p style=\"padding-left: 40px;\"><span style=\"font-family: georgia, palatino, serif; font-size: 12pt; color: #666666;\"><strong><span style=\"font-family: 'trebuchet ms', geneva, sans-serif;\">Eligolande Lascano Furtado<br \/>\n<span style=\"font-family: georgia, palatino, serif; font-size: 12pt; color: #999999;\"><span style=\"font-family: 'trebuchet ms', geneva, sans-serif; font-size: 10pt;\">Linha de Pesquisa: <a style=\"color: #999999;\" href=\"https:\/\/wp.ufpel.edu.br\/mestradoartesvisuais\/linhas-de-pesquisa\/educacao-em-artes-e-processos-de-formacao-estetica\/\">Educa\u00e7\u00e3o em Artes e Processos de Forma\u00e7\u00e3o Est\u00e9tica<\/a><\/span><\/span><\/span><\/strong><\/span><\/p>\n<hr \/>\n<p style=\"padding-left: 40px;\"><span style=\"font-family: georgia, palatino, serif; font-size: 12pt; color: #666666;\"><strong><span style=\"font-family: 'trebuchet ms', geneva, sans-serif;\">Fernando de Jesus de Azevedo da Rocha<br \/>\n<span style=\"font-family: georgia, palatino, serif; font-size: 12pt; color: #999999;\"><span style=\"font-family: 'trebuchet ms', geneva, sans-serif; font-size: 10pt;\">Linha de Pesquisa: <a style=\"color: #999999;\" href=\"https:\/\/wp.ufpel.edu.br\/mestradoartesvisuais\/linhas-de-pesquisa\/processos-de-criacao-e-poeticas-do-cotidiano\/\">Processos de Cria\u00e7\u00e3o e Po\u00e9ticas do Cotidiano<\/a><\/span><\/span><\/span><\/strong><\/span><\/p>\n<hr \/>\n<p style=\"padding-left: 40px;\"><span style=\"font-family: georgia, palatino, serif; font-size: 12pt; color: #666666;\"><strong><span style=\"font-family: 'trebuchet ms', geneva, sans-serif;\">Gabrieli dos Santos da Silveira<br \/>\n<span style=\"font-family: georgia, palatino, serif; font-size: 12pt; color: #999999;\"><span style=\"font-family: 'trebuchet ms', geneva, sans-serif; font-size: 10pt;\">Linha de Pesquisa: <a style=\"color: #999999;\" href=\"https:\/\/wp.ufpel.edu.br\/mestradoartesvisuais\/linhas-de-pesquisa\/processos-de-criacao-e-poeticas-do-cotidiano\/\">Processos de Cria\u00e7\u00e3o e Po\u00e9ticas do Cotidiano<\/a><\/span><\/span><\/span><\/strong><\/span><\/p>\n<hr \/>\n<p style=\"padding-left: 40px;\"><span style=\"font-family: georgia, palatino, serif; font-size: 12pt; color: #666666;\"><strong><span style=\"font-family: 'trebuchet ms', geneva, sans-serif;\">J\u00e9ferson Lu\u00eds Dias da Silva<br \/>\n<span style=\"font-family: georgia, palatino, serif; font-size: 12pt; color: #999999;\"><span style=\"font-family: 'trebuchet ms', geneva, sans-serif; font-size: 10pt;\">Linha de Pesquisa: <a style=\"color: #999999;\" href=\"https:\/\/wp.ufpel.edu.br\/mestradoartesvisuais\/linhas-de-pesquisa\/educacao-em-artes-e-processos-de-formacao-estetica\/\">Educa\u00e7\u00e3o em Artes e Processos de Forma\u00e7\u00e3o Est\u00e9tica<\/a><\/span><\/span><\/span><\/strong><\/span><\/p>\n<hr \/>\n<p style=\"padding-left: 40px;\"><span style=\"font-family: georgia, palatino, serif; font-size: 12pt; color: #666666;\"><strong><span style=\"font-family: 'trebuchet ms', geneva, sans-serif;\">Jordana Belem Rodrigues<br \/>\n<span style=\"font-family: georgia, palatino, serif; font-size: 12pt; color: #999999;\"><span style=\"font-family: 'trebuchet ms', geneva, sans-serif; font-size: 10pt;\">Linha de Pesquisa: <a style=\"color: #999999;\" href=\"https:\/\/wp.ufpel.edu.br\/mestradoartesvisuais\/linhas-de-pesquisa\/educacao-em-artes-e-processos-de-formacao-estetica\/\">Educa\u00e7\u00e3o em Artes e Processos de Forma\u00e7\u00e3o Est\u00e9tica<\/a><\/span><\/span><\/span><\/strong><\/span><\/p>\n<hr \/>\n<p style=\"padding-left: 40px;\"><span style=\"font-family: georgia, palatino, serif; font-size: 12pt; color: #666666;\"><strong><span style=\"font-family: 'trebuchet ms', geneva, sans-serif;\">Juliana Albuquerque D&#8217;Elia Wagner<br \/>\n<span style=\"font-family: georgia, palatino, serif; font-size: 12pt; color: #999999;\"><span style=\"font-family: 'trebuchet ms', geneva, sans-serif; font-size: 10pt;\">Linha de Pesquisa: <a style=\"color: #999999;\" href=\"https:\/\/wp.ufpel.edu.br\/mestradoartesvisuais\/linhas-de-pesquisa\/educacao-em-artes-e-processos-de-formacao-estetica\/\">Educa\u00e7\u00e3o em Artes e Processos de Forma\u00e7\u00e3o Est\u00e9tica<\/a><\/span><\/span><\/span><\/strong><\/span><\/p>\n<hr \/>\n<p style=\"padding-left: 40px;\"><span style=\"font-family: georgia, palatino, serif; font-size: 12pt; color: #666666;\"><strong><span style=\"font-family: 'trebuchet ms', geneva, sans-serif;\">Luana Soares Coelho<br \/>\n<span style=\"font-family: georgia, palatino, serif; font-size: 12pt; color: #999999;\"><span style=\"font-family: 'trebuchet ms', geneva, sans-serif; font-size: 10pt;\">Linha de Pesquisa: <a style=\"color: #999999;\" href=\"https:\/\/wp.ufpel.edu.br\/mestradoartesvisuais\/linhas-de-pesquisa\/educacao-em-artes-e-processos-de-formacao-estetica\/\">Educa\u00e7\u00e3o em Artes e Processos de Forma\u00e7\u00e3o Est\u00e9tica<\/a><\/span><\/span><\/span><\/strong><\/span><\/p>\n<hr \/>\n<p style=\"padding-left: 40px;\"><span style=\"font-family: georgia, palatino, serif; font-size: 12pt; color: #666666;\"><strong><span style=\"font-family: 'trebuchet ms', geneva, sans-serif;\">Patr\u00edcia Andr\u00e9 dos Santos<br \/>\n<span style=\"font-family: georgia, palatino, serif; font-size: 12pt; color: #999999;\"><span style=\"font-family: 'trebuchet ms', geneva, sans-serif; font-size: 10pt;\">Linha de Pesquisa: <a style=\"color: #999999;\" href=\"https:\/\/wp.ufpel.edu.br\/mestradoartesvisuais\/linhas-de-pesquisa\/processos-de-criacao-e-poeticas-do-cotidiano\/\">Processos de Cria\u00e7\u00e3o e Po\u00e9ticas do Cotidiano<\/a><\/span><\/span><\/span><\/strong><\/span><\/p>\n<hr \/>\n<p style=\"padding-left: 40px;\"><span style=\"font-family: georgia, palatino, serif; font-size: 12pt; color: #666666;\"><strong><span style=\"font-family: 'trebuchet ms', geneva, sans-serif;\">Ricardo Pereira Teixeira<br \/>\n<span style=\"font-family: georgia, palatino, serif; font-size: 12pt; color: #999999;\"><span style=\"font-family: 'trebuchet ms', geneva, sans-serif; font-size: 10pt;\">Linha de Pesquisa: <a style=\"color: #999999;\" href=\"https:\/\/wp.ufpel.edu.br\/mestradoartesvisuais\/linhas-de-pesquisa\/processos-de-criacao-e-poeticas-do-cotidiano\/\">Processos de Cria\u00e7\u00e3o e Po\u00e9ticas do Cotidiano<\/a><\/span><\/span><\/span><\/strong><\/span><\/p>\n<hr \/>\n<p style=\"padding-left: 40px;\"><span style=\"font-family: georgia, palatino, serif; font-size: 12pt; color: #666666;\"><strong><span style=\"font-family: 'trebuchet ms', geneva, sans-serif;\">Wellisson Guilhermino Pereira da Silva<br \/>\n<span style=\"font-family: georgia, palatino, serif; font-size: 12pt; color: #999999;\"><span style=\"font-family: 'trebuchet ms', geneva, sans-serif; font-size: 10pt;\">Linha de Pesquisa: <a style=\"color: #999999;\" href=\"https:\/\/wp.ufpel.edu.br\/mestradoartesvisuais\/linhas-de-pesquisa\/processos-de-criacao-e-poeticas-do-cotidiano\/\">Processos de Cria\u00e7\u00e3o e Po\u00e9ticas do Cotidiano<\/a><\/span><\/span><\/span><\/strong><\/span><\/p>\n<hr \/>\n<p style=\"padding-left: 40px;\"><span style=\"font-family: georgia, palatino, serif; font-size: 12pt; color: #666666;\"><strong><span style=\"font-family: 'trebuchet ms', geneva, sans-serif;\">Wesley Goulart Coitinho<br \/>\n<span style=\"font-family: georgia, palatino, serif; font-size: 12pt; color: #999999;\"><span style=\"font-family: 'trebuchet ms', geneva, sans-serif; font-size: 10pt;\">Linha de Pesquisa: <a style=\"color: #999999;\" href=\"https:\/\/wp.ufpel.edu.br\/mestradoartesvisuais\/linhas-de-pesquisa\/educacao-em-artes-e-processos-de-formacao-estetica\/\">Educa\u00e7\u00e3o em Artes e Processos de Forma\u00e7\u00e3o Est\u00e9tica<\/a><\/span><\/span><\/span><\/strong><\/span><\/p>\n","protected":false},"excerpt":{"rendered":"<p>Abaixo voc\u00ea encontrar\u00e1 nossos alunos da turma 11 (2022-2024) do Programa de P\u00f3s-gradua\u00e7\u00e3o Mestrado em Artes Visuais. Clique no nome do aluno para maiores informa\u00e7\u00f5es sobre ele. Clicando no link do t\u00edtulo da disserta\u00e7\u00e3o voc\u00ea ser\u00e1 enviado \u00e0 publica\u00e7\u00e3o de sua disserta\u00e7\u00e3o. Discentes &#8211; Turma 11 (2022-2024) Balbina Francisca Moraes de S\u00e1 Linha de Pesquisa: [&hellip;]<\/p>\n","protected":false},"author":1258,"featured_media":0,"parent":0,"menu_order":0,"comment_status":"closed","ping_status":"closed","template":"","meta":{"footnotes":""},"class_list":["post-9210","page","type-page","status-publish","hentry"],"_links":{"self":[{"href":"https:\/\/wp.ufpel.edu.br\/ppgartes\/wp-json\/wp\/v2\/pages\/9210","targetHints":{"allow":["GET"]}}],"collection":[{"href":"https:\/\/wp.ufpel.edu.br\/ppgartes\/wp-json\/wp\/v2\/pages"}],"about":[{"href":"https:\/\/wp.ufpel.edu.br\/ppgartes\/wp-json\/wp\/v2\/types\/page"}],"author":[{"embeddable":true,"href":"https:\/\/wp.ufpel.edu.br\/ppgartes\/wp-json\/wp\/v2\/users\/1258"}],"replies":[{"embeddable":true,"href":"https:\/\/wp.ufpel.edu.br\/ppgartes\/wp-json\/wp\/v2\/comments?post=9210"}],"version-history":[{"count":13,"href":"https:\/\/wp.ufpel.edu.br\/ppgartes\/wp-json\/wp\/v2\/pages\/9210\/revisions"}],"predecessor-version":[{"id":10800,"href":"https:\/\/wp.ufpel.edu.br\/ppgartes\/wp-json\/wp\/v2\/pages\/9210\/revisions\/10800"}],"wp:attachment":[{"href":"https:\/\/wp.ufpel.edu.br\/ppgartes\/wp-json\/wp\/v2\/media?parent=9210"}],"curies":[{"name":"wp","href":"https:\/\/api.w.org\/{rel}","templated":true}]}}