{"id":8074,"date":"2021-09-21T14:07:11","date_gmt":"2021-09-21T17:07:11","guid":{"rendered":"https:\/\/wp.ufpel.edu.br\/mestradoartesvisuais\/?page_id=8074"},"modified":"2021-09-21T14:07:11","modified_gmt":"2021-09-21T17:07:11","slug":"gustavo-severo-dalla-costa","status":"publish","type":"page","link":"https:\/\/wp.ufpel.edu.br\/ppgartes\/gustavo-severo-dalla-costa\/","title":{"rendered":"Gustavo Severo Dalla Costa"},"content":{"rendered":"<p><a href=\"https:\/\/wp.ufpel.edu.br\/ppgartes\/files\/2021\/09\/perfil.jpeg\"><img class=\"alignnone wp-image-8076 size-thumbnail\" src=\"https:\/\/wp.ufpel.edu.br\/ppgartes\/files\/2021\/09\/perfil-200x200.jpeg\" alt=\"\" width=\"200\" height=\"200\" \/><\/a> <span style=\"font-family: georgia, palatino, serif;font-size: 12pt\"><span style=\"font-size: 18pt\"><strong><span style=\"font-family: 'trebuchet ms', geneva, sans-serif\">Gustavo Severo Dalla Costa\u00a0<span style=\"font-size: 10pt;color: #999999\">\/\u00a0<\/span><\/span><\/strong><\/span><span style=\"font-family: 'trebuchet ms', geneva, sans-serif;font-size: 10pt\"><a href=\"http:\/\/lattes.cnpq.br\/3467102493165401\" target=\"_blank\" rel=\"noopener noreferrer\"><span style=\"color: #999999\">Curr\u00edculum Lattes<\/span><\/a><br \/>\n<strong>Linha de Pesquisa<\/strong>:\u00a0<span style=\"color: #999999\"><a style=\"color: #999999\" href=\"https:\/\/wp.ufpel.edu.br\/mestradoartesvisuais\/linhas-de-pesquisa\/educacao-em-artes-e-processos-de-formacao-estetica\/\">Educa\u00e7\u00e3o em Artes e Processos de Forma\u00e7\u00e3o Est\u00e9tica<\/a><\/span><br \/>\n<\/span><\/span><span style=\"font-family: 'trebuchet ms', geneva, sans-serif;font-size: 10pt\"><strong>Data de nascimento:<\/strong>\u00a0<\/span><\/p>\n<p style=\"text-align: justify\"><span style=\"font-family: 'trebuchet ms', geneva, sans-serif;font-size: 10pt\"><strong>Texto introdut\u00f3rio:<\/strong> Possui gradua\u00e7\u00e3o em Cinema e Anima\u00e7\u00e3o pela Universidade Federal de Pelotas (2012). Atualmente \u00e9 editor de imagens da Universidade Federal de Pelotas. Tem experi\u00eancia na \u00e1rea de Artes, com \u00eanfase em Cinema, atuando principalmente nos seguintes temas: cinema japon\u00eas, gest\u00e3o do escopo em projetos criativos e roteiro. (Texto extra\u00eddo diretamente da plataforma Lattes)<\/span><\/p>\n<hr \/>\n<p><span style=\"font-family: 'trebuchet ms', geneva, sans-serif;font-size: 10pt\"><strong>Projeto de Disserta\u00e7\u00e3o\u00a0<\/strong>[em andamento]<strong><br \/>\n<span style=\"font-size: 14pt\">A<\/span><\/strong><br \/>\n<\/span><span style=\"font-family: 'trebuchet ms', geneva, sans-serif;font-size: 10pt\"><strong>Orientador(a):<\/strong> <a href=\"https:\/\/wp.ufpel.edu.br\/mestradoartesvisuais\/nadia-da-cruz-senna\/\" target=\"_blank\" rel=\"noopener noreferrer\">Profa. Dra. N\u00e1dia Senna\u00a0(PPGAVI\/UFPel)<\/a><br \/>\n<\/span><\/p>\n<p><span style=\"font-family: 'trebuchet ms', geneva, sans-serif;font-size: 10pt\"><strong>Projeto(s) de Pesquisa que participa:<\/strong>\u00a0<\/span><\/p>\n","protected":false},"excerpt":{"rendered":"<p>Gustavo Severo Dalla Costa\u00a0\/\u00a0Curr\u00edculum Lattes Linha de Pesquisa:\u00a0Educa\u00e7\u00e3o em Artes e Processos de Forma\u00e7\u00e3o Est\u00e9tica Data de nascimento:\u00a0 Texto introdut\u00f3rio: Possui gradua\u00e7\u00e3o em Cinema e Anima\u00e7\u00e3o pela Universidade Federal de Pelotas (2012). Atualmente \u00e9 editor de imagens da Universidade Federal de Pelotas. Tem experi\u00eancia na \u00e1rea de Artes, com \u00eanfase em Cinema, atuando principalmente nos [&hellip;]<\/p>\n","protected":false},"author":1258,"featured_media":0,"parent":0,"menu_order":0,"comment_status":"closed","ping_status":"closed","template":"","meta":{"footnotes":""},"class_list":["post-8074","page","type-page","status-publish","hentry"],"_links":{"self":[{"href":"https:\/\/wp.ufpel.edu.br\/ppgartes\/wp-json\/wp\/v2\/pages\/8074","targetHints":{"allow":["GET"]}}],"collection":[{"href":"https:\/\/wp.ufpel.edu.br\/ppgartes\/wp-json\/wp\/v2\/pages"}],"about":[{"href":"https:\/\/wp.ufpel.edu.br\/ppgartes\/wp-json\/wp\/v2\/types\/page"}],"author":[{"embeddable":true,"href":"https:\/\/wp.ufpel.edu.br\/ppgartes\/wp-json\/wp\/v2\/users\/1258"}],"replies":[{"embeddable":true,"href":"https:\/\/wp.ufpel.edu.br\/ppgartes\/wp-json\/wp\/v2\/comments?post=8074"}],"version-history":[{"count":0,"href":"https:\/\/wp.ufpel.edu.br\/ppgartes\/wp-json\/wp\/v2\/pages\/8074\/revisions"}],"wp:attachment":[{"href":"https:\/\/wp.ufpel.edu.br\/ppgartes\/wp-json\/wp\/v2\/media?parent=8074"}],"curies":[{"name":"wp","href":"https:\/\/api.w.org\/{rel}","templated":true}]}}

<p><a href="https://wp.ufpel.edu.br/ppgartes/files/2021/09/perfil.jpeg"><img class="alignnone wp-image-8076 size-thumbnail" src="https://wp.ufpel.edu.br/ppgartes/files/2021/09/perfil-200x200.jpeg" alt="" width="200" height="200" /></a> <span style="font-family: georgia, palatino, serif;font-size: 12pt"><span style="font-size: 18pt"><strong><span style="font-family: 'trebuchet ms', geneva, sans-serif">Gustavo Severo Dalla Costa <span style="font-size: 10pt;color: #999999">/ </span></span></strong></span><span style="font-family: 'trebuchet ms', geneva, sans-serif;font-size: 10pt"><a href="http://lattes.cnpq.br/3467102493165401" target="_blank" rel="noopener noreferrer"><span style="color: #999999">Currículum Lattes</span></a><br />
<strong>Linha de Pesquisa</strong>: <span style="color: #999999"><a style="color: #999999" href="https://wp.ufpel.edu.br/mestradoartesvisuais/linhas-de-pesquisa/educacao-em-artes-e-processos-de-formacao-estetica/">Educação em Artes e Processos de Formação Estética</a></span><br />
</span></span><span style="font-family: 'trebuchet ms', geneva, sans-serif;font-size: 10pt"><strong>Data de nascimento:</strong> </span></p>
<p style="text-align: justify"><span style="font-family: 'trebuchet ms', geneva, sans-serif;font-size: 10pt"><strong>Texto introdutório:</strong> Possui graduação em Cinema e Animação pela Universidade Federal de Pelotas (2012). Atualmente é editor de imagens da Universidade Federal de Pelotas. Tem experiência na área de Artes, com ênfase em Cinema, atuando principalmente nos seguintes temas: cinema japonês, gestão do escopo em projetos criativos e roteiro. (Texto extraído diretamente da plataforma Lattes)</span></p>
<hr />
<p><span style="font-family: 'trebuchet ms', geneva, sans-serif;font-size: 10pt"><strong>Projeto de Dissertação </strong>[em andamento]<strong><br />
<span style="font-size: 14pt">A</span></strong><br />
</span><span style="font-family: 'trebuchet ms', geneva, sans-serif;font-size: 10pt"><strong>Orientador(a):</strong> <a href="https://wp.ufpel.edu.br/mestradoartesvisuais/nadia-da-cruz-senna/" target="_blank" rel="noopener noreferrer">Profa. Dra. Nádia Senna (PPGAVI/UFPel)</a><br />
</span></p>
<p><span style="font-family: 'trebuchet ms', geneva, sans-serif;font-size: 10pt"><strong>Projeto(s) de Pesquisa que participa:</strong> </span></p>

<p>Gustavo Severo Dalla Costa / Currículum Lattes Linha de Pesquisa: Educação em Artes e Processos de Formação Estética Data de nascimento:  Texto introdutório: Possui graduação em Cinema e Animação pela Universidade Federal de Pelotas (2012). Atualmente é editor de imagens da Universidade Federal de Pelotas. Tem experiência na área de Artes, com ênfase em Cinema, atuando principalmente nos [&hellip;]</p>
