{"id":8018,"date":"2021-09-13T10:37:50","date_gmt":"2021-09-13T13:37:50","guid":{"rendered":"https:\/\/wp.ufpel.edu.br\/mestradoartesvisuais\/?page_id=8018"},"modified":"2021-09-13T10:37:50","modified_gmt":"2021-09-13T13:37:50","slug":"luca-meier-giacaglia","status":"publish","type":"page","link":"https:\/\/wp.ufpel.edu.br\/ppgartes\/luca-meier-giacaglia\/","title":{"rendered":"Luca Meier Giacaglia"},"content":{"rendered":"<p><a href=\"https:\/\/wp.ufpel.edu.br\/ppgartes\/files\/2021\/09\/eu.jpg\"><img class=\"alignnone wp-image-8020 size-thumbnail\" src=\"https:\/\/wp.ufpel.edu.br\/ppgartes\/files\/2021\/09\/eu-200x200.jpg\" alt=\"\" width=\"200\" height=\"200\" \/>\u00a0<\/a><span style=\"font-family: georgia, palatino, serif;font-size: 12pt\"><span style=\"font-size: 18pt\"><strong><span style=\"font-family: 'trebuchet ms', geneva, sans-serif\">Luca Meier Giacaglia <span style=\"font-size: 10pt;color: #999999\">\/\u00a0<\/span><\/span><\/strong><\/span><span style=\"font-family: 'trebuchet ms', geneva, sans-serif;font-size: 10pt\"><a href=\"http:\/\/lattes.cnpq.br\/0298202564355449\" target=\"_blank\" rel=\"noopener noreferrer\"><span style=\"color: #999999\">Curr\u00edculum Lattes<\/span><\/a><br \/>\n<strong>Linha de Pesquisa<\/strong>: <a href=\"https:\/\/wp.ufpel.edu.br\/mestradoartesvisuais\/linhas-de-pesquisa\/processos-de-criacao-e-poeticas-do-cotidiano\/\">Processos de Cria\u00e7\u00e3o e Po\u00e9ticas do Cotidiano<\/a><br \/>\n<\/span><\/span><span style=\"font-family: 'trebuchet ms', geneva, sans-serif;font-size: 10pt\"><strong>Data de nascimento:<\/strong>\u00a0<\/span><\/p>\n<p style=\"text-align: justify\"><span style=\"font-family: 'trebuchet ms', geneva, sans-serif;font-size: 10pt\"><strong>Texto introdut\u00f3rio:<\/strong> Mestrando no Programa de P\u00f3s-Gradua\u00e7\u00e3o em Artes Visuais pela Universidade Federal de Pelotas na linha de pesquisa Processos de Cria\u00e7\u00e3o e Po\u00e9ticas do Cotidiano (PPGAVI\/UFPel). Graduado em Design Gr\u00e1fico tamb\u00e9m pela Universidade Federal de Pelotas (2018) onde desenvolveu Trabalho de Conclus\u00e3o de Curso sobre game design. Participa dos grupos de pesquisa LACMALG (Laborat\u00f3rio de Curadoria do Museu de Arte Leopoldo Gotuzzo) e PRACIBER (Produ\u00e7\u00f5es Audiovisuais na Cibercultura) ambos da UFPel. Tamb\u00e9m participou do projeto de ensino Suldesign Est\u00fadio: laborat\u00f3rio avan\u00e7ado de design gr\u00e1fico e digital (UFPel, 2017), onde atuou na diagrama\u00e7\u00e3o do cat\u00e1logo de acervo do Museu de Arte Leopoldo Gotuzzo e do projeto de extens\u00e3o Revista Porventura do Curso de Design do CA (UFPel, 2015) como colunista. Possui experi\u00eancia de mercado em design editorial e diagrama\u00e7\u00e3o, edi\u00e7\u00e3o, identidade visual, m\u00eddias sociais e como designer de \u00e1udio, al\u00e9m de produzir espet\u00e1culos (shows) e concursos culturais em S\u00e3o Carlos (SP) e S\u00e3o Paulo (SP). Atualmente participa como Designer S\u00eanior e Vice-Presidente de Marketing do projeto sem fins lucrativos Braduca, com objetivo de ensino de ingl\u00eas para pessoas de baixa renda com foco em gradua\u00e7\u00e3o no exterior atrav\u00e9s de bolsas acad\u00eamicas e como Curador, Editor de texto e Colunista no blog de arte e psican\u00e1lise Deus Ateu. Sua pesquisa tem foco em curadoria art\u00edstica, produ\u00e7\u00f5es cibern\u00e9ticas e eventos culturais. (Texto extra\u00eddo diretamente da plataforma Lattes)<\/span><\/p>\n<hr \/>\n<p><span style=\"font-family: 'trebuchet ms', geneva, sans-serif;font-size: 10pt\"><strong>Projeto de Disserta\u00e7\u00e3o <\/strong>[em andamento]<strong><br \/>\n<span style=\"font-size: 14pt\">A<\/span><\/strong><br \/>\n<\/span><span style=\"font-family: 'trebuchet ms', geneva, sans-serif;font-size: 10pt\"><strong>Orientador(a):<\/strong> <a href=\"https:\/\/wp.ufpel.edu.br\/mestradoartesvisuais\/lauer-alves-nunes-dos-santos\/\" target=\"_blank\" rel=\"noopener noreferrer\">Prof. Dr. Lauer Alves Nunes dos Santos(PPGAVI\/UFPel)<\/a><br \/>\n<\/span><\/p>\n<p><span style=\"font-family: 'trebuchet ms', geneva, sans-serif;font-size: 10pt\"><strong>Projeto(s) de Pesquisa que participa:<\/strong>\u00a0<\/span><\/p>\n","protected":false},"excerpt":{"rendered":"<p>\u00a0Luca Meier Giacaglia \/\u00a0Curr\u00edculum Lattes Linha de Pesquisa: Processos de Cria\u00e7\u00e3o e Po\u00e9ticas do Cotidiano Data de nascimento:\u00a0 Texto introdut\u00f3rio: Mestrando no Programa de P\u00f3s-Gradua\u00e7\u00e3o em Artes Visuais pela Universidade Federal de Pelotas na linha de pesquisa Processos de Cria\u00e7\u00e3o e Po\u00e9ticas do Cotidiano (PPGAVI\/UFPel). Graduado em Design Gr\u00e1fico tamb\u00e9m pela Universidade Federal de Pelotas [&hellip;]<\/p>\n","protected":false},"author":1258,"featured_media":0,"parent":0,"menu_order":0,"comment_status":"closed","ping_status":"closed","template":"","meta":{"footnotes":""},"class_list":["post-8018","page","type-page","status-publish","hentry"],"_links":{"self":[{"href":"https:\/\/wp.ufpel.edu.br\/ppgartes\/wp-json\/wp\/v2\/pages\/8018","targetHints":{"allow":["GET"]}}],"collection":[{"href":"https:\/\/wp.ufpel.edu.br\/ppgartes\/wp-json\/wp\/v2\/pages"}],"about":[{"href":"https:\/\/wp.ufpel.edu.br\/ppgartes\/wp-json\/wp\/v2\/types\/page"}],"author":[{"embeddable":true,"href":"https:\/\/wp.ufpel.edu.br\/ppgartes\/wp-json\/wp\/v2\/users\/1258"}],"replies":[{"embeddable":true,"href":"https:\/\/wp.ufpel.edu.br\/ppgartes\/wp-json\/wp\/v2\/comments?post=8018"}],"version-history":[{"count":0,"href":"https:\/\/wp.ufpel.edu.br\/ppgartes\/wp-json\/wp\/v2\/pages\/8018\/revisions"}],"wp:attachment":[{"href":"https:\/\/wp.ufpel.edu.br\/ppgartes\/wp-json\/wp\/v2\/media?parent=8018"}],"curies":[{"name":"wp","href":"https:\/\/api.w.org\/{rel}","templated":true}]}}

<p><a href="https://wp.ufpel.edu.br/ppgartes/files/2021/09/eu.jpg"><img class="alignnone wp-image-8020 size-thumbnail" src="https://wp.ufpel.edu.br/ppgartes/files/2021/09/eu-200x200.jpg" alt="" width="200" height="200" /> </a><span style="font-family: georgia, palatino, serif;font-size: 12pt"><span style="font-size: 18pt"><strong><span style="font-family: 'trebuchet ms', geneva, sans-serif">Luca Meier Giacaglia <span style="font-size: 10pt;color: #999999">/ </span></span></strong></span><span style="font-family: 'trebuchet ms', geneva, sans-serif;font-size: 10pt"><a href="http://lattes.cnpq.br/0298202564355449" target="_blank" rel="noopener noreferrer"><span style="color: #999999">Currículum Lattes</span></a><br />
<strong>Linha de Pesquisa</strong>: <a href="https://wp.ufpel.edu.br/mestradoartesvisuais/linhas-de-pesquisa/processos-de-criacao-e-poeticas-do-cotidiano/">Processos de Criação e Poéticas do Cotidiano</a><br />
</span></span><span style="font-family: 'trebuchet ms', geneva, sans-serif;font-size: 10pt"><strong>Data de nascimento:</strong> </span></p>
<p style="text-align: justify"><span style="font-family: 'trebuchet ms', geneva, sans-serif;font-size: 10pt"><strong>Texto introdutório:</strong> Mestrando no Programa de Pós-Graduação em Artes Visuais pela Universidade Federal de Pelotas na linha de pesquisa Processos de Criação e Poéticas do Cotidiano (PPGAVI/UFPel). Graduado em Design Gráfico também pela Universidade Federal de Pelotas (2018) onde desenvolveu Trabalho de Conclusão de Curso sobre game design. Participa dos grupos de pesquisa LACMALG (Laboratório de Curadoria do Museu de Arte Leopoldo Gotuzzo) e PRACIBER (Produções Audiovisuais na Cibercultura) ambos da UFPel. Também participou do projeto de ensino Suldesign Estúdio: laboratório avançado de design gráfico e digital (UFPel, 2017), onde atuou na diagramação do catálogo de acervo do Museu de Arte Leopoldo Gotuzzo e do projeto de extensão Revista Porventura do Curso de Design do CA (UFPel, 2015) como colunista. Possui experiência de mercado em design editorial e diagramação, edição, identidade visual, mídias sociais e como designer de áudio, além de produzir espetáculos (shows) e concursos culturais em São Carlos (SP) e São Paulo (SP). Atualmente participa como Designer Sênior e Vice-Presidente de Marketing do projeto sem fins lucrativos Braduca, com objetivo de ensino de inglês para pessoas de baixa renda com foco em graduação no exterior através de bolsas acadêmicas e como Curador, Editor de texto e Colunista no blog de arte e psicanálise Deus Ateu. Sua pesquisa tem foco em curadoria artística, produções cibernéticas e eventos culturais. (Texto extraído diretamente da plataforma Lattes)</span></p>
<hr />
<p><span style="font-family: 'trebuchet ms', geneva, sans-serif;font-size: 10pt"><strong>Projeto de Dissertação </strong>[em andamento]<strong><br />
<span style="font-size: 14pt">A</span></strong><br />
</span><span style="font-family: 'trebuchet ms', geneva, sans-serif;font-size: 10pt"><strong>Orientador(a):</strong> <a href="https://wp.ufpel.edu.br/mestradoartesvisuais/lauer-alves-nunes-dos-santos/" target="_blank" rel="noopener noreferrer">Prof. Dr. Lauer Alves Nunes dos Santos(PPGAVI/UFPel)</a><br />
</span></p>
<p><span style="font-family: 'trebuchet ms', geneva, sans-serif;font-size: 10pt"><strong>Projeto(s) de Pesquisa que participa:</strong> </span></p>

<p> Luca Meier Giacaglia / Currículum Lattes Linha de Pesquisa: Processos de Criação e Poéticas do Cotidiano Data de nascimento:  Texto introdutório: Mestrando no Programa de Pós-Graduação em Artes Visuais pela Universidade Federal de Pelotas na linha de pesquisa Processos de Criação e Poéticas do Cotidiano (PPGAVI/UFPel). Graduado em Design Gráfico também pela Universidade Federal de Pelotas [&hellip;]</p>
