{"id":7990,"date":"2021-09-13T09:41:38","date_gmt":"2021-09-13T12:41:38","guid":{"rendered":"https:\/\/wp.ufpel.edu.br\/mestradoartesvisuais\/?page_id=7990"},"modified":"2021-09-13T09:41:38","modified_gmt":"2021-09-13T12:41:38","slug":"barbara-larruscahim-da-costa","status":"publish","type":"page","link":"https:\/\/wp.ufpel.edu.br\/ppgartes\/barbara-larruscahim-da-costa\/","title":{"rendered":"Barbara Larruscahim da Costa"},"content":{"rendered":"<p><a href=\"https:\/\/wp.ufpel.edu.br\/ppgartes\/files\/2021\/09\/20210908_210559.jpg\"><img class=\"alignnone wp-image-7992 size-thumbnail\" src=\"https:\/\/wp.ufpel.edu.br\/ppgartes\/files\/2021\/09\/20210908_210559-200x200.jpg\" alt=\"\" width=\"200\" height=\"200\" \/><\/a> <span style=\"font-family: georgia, palatino, serif;font-size: 12pt\"><span style=\"font-size: 18pt\"><strong><span style=\"font-family: 'trebuchet ms', geneva, sans-serif\">Barbara Larruscahim da Costa\u00a0<span style=\"font-size: 10pt;color: #999999\">\/\u00a0<\/span><\/span><\/strong><\/span><span style=\"font-family: 'trebuchet ms', geneva, sans-serif;font-size: 10pt\"><a href=\"http:\/\/lattes.cnpq.br\/1361842274966089\" target=\"_blank\" rel=\"noopener noreferrer\"><span style=\"color: #999999\">Curr\u00edculum Lattes<\/span><\/a><br \/>\n<strong>Linha de Pesquisa<\/strong>: <a href=\"https:\/\/wp.ufpel.edu.br\/mestradoartesvisuais\/linhas-de-pesquisa\/processos-de-criacao-e-poeticas-do-cotidiano\/\">Processos de Cria\u00e7\u00e3o e Po\u00e9ticas do Cotidiano<\/a><br \/>\n<\/span><\/span><span style=\"font-family: 'trebuchet ms', geneva, sans-serif;font-size: 10pt\"><strong>Data de nascimento:<\/strong>\u00a0<\/span><\/p>\n<p style=\"text-align: justify\"><span style=\"font-family: 'trebuchet ms', geneva, sans-serif;font-size: 10pt\"><strong>Texto introdut\u00f3rio:<\/strong> Artista visual, membro do Colegiado Setorial de Artes Visuais do Estado do Rio Grande do Sul, Gest\u00e3o 2021\/2023. Arte educadora desde 2018, e produtora cultural formalizada (MEI) desde julho de 2020. \u00c9 concluinte do curso de Licenciatura em Artes Visuais pelo Centro Universit\u00e1rio Internacional &#8211; UNINTER, e mestranda no Programa de P\u00f3s Gradua\u00e7\u00e3o em Artes Visuais pela Universidade Federal de Pelotas &#8211; UFPel. Capacitada em ?Elabora\u00e7\u00e3o e gest\u00e3o de projetos sociais culturais voltados \u00e0 cultura e SICONV?, curso promovido pela ?Rede Escola de Governo, em parceria com FEEVALE, FDRH? em 2013, e na ?Capacita\u00e7\u00e3o de Agentes Culturais ? Estrat\u00e9gias de Cultura e Arte para o futuro? promovido pela Funda\u00e7\u00e3o Dem\u00e9trio Rocha e Universidade Federal do Cear\u00e1 ? UFC em 2020. Nativa da fronteira entre Brasil e Uruguai, \u00e9 idealizadora do projeto &#8220;Linhas Imaginadas&#8221;, executado pelo EDITAL CRIA\u00c7\u00c3O e FORMA\u00c7\u00c3O DIVERSIDADE DAS CULTURAS, realizado com recursos da Lei Aldir Blanc n\u00ba 14.017\/20. Premiada no ano de 2021 com o Trof\u00e9u &#8220;Obelisco Fronteira da Paz&#8221; na \u00e1rea Art\u00edstico Cultural em sess\u00e3o solene da C\u00e2mara Municipal de Sant&#8217;Ana do Livramento. Promove interven\u00e7\u00f5es art\u00edsticas sobre a linha imagin\u00e1ria que divide os dois pa\u00edses nas cidades g\u00eameas Sant&#8217;Ana do Livramento(RS) e Rivera(UY). Po\u00e9tica esta objeto de sua pesquisa por meio das metodologias: cartografia e a\/r\/tografia. (Texto extra\u00eddo diretamente da plataforma Lattes)<\/span><\/p>\n<hr \/>\n<p><span style=\"font-family: 'trebuchet ms', geneva, sans-serif;font-size: 10pt\"><strong>Projeto de Disserta\u00e7\u00e3o <\/strong>[em andamento]<strong><br \/>\n<span style=\"font-size: 14pt\">A<\/span><\/strong><br \/>\n<\/span><span style=\"font-family: 'trebuchet ms', geneva, sans-serif;font-size: 10pt\"><strong>Orientador(a):<\/strong> <a href=\"https:\/\/wp.ufpel.edu.br\/mestradoartesvisuais\/eduarda-azevedo-goncalves\/\" target=\"_blank\" rel=\"noopener noreferrer\">Profa. Dra. Eduarda Azevedo Gon\u00e7alves (PPGAVI\/UFPel)<\/a><br \/>\n<\/span><\/p>\n<p><span style=\"font-family: 'trebuchet ms', geneva, sans-serif;font-size: 10pt\"><strong>Projeto(s) de Pesquisa que participa:<\/strong>\u00a0<\/span><\/p>\n","protected":false},"excerpt":{"rendered":"<p>Barbara Larruscahim da Costa\u00a0\/\u00a0Curr\u00edculum Lattes Linha de Pesquisa: Processos de Cria\u00e7\u00e3o e Po\u00e9ticas do Cotidiano Data de nascimento:\u00a0 Texto introdut\u00f3rio: Artista visual, membro do Colegiado Setorial de Artes Visuais do Estado do Rio Grande do Sul, Gest\u00e3o 2021\/2023. Arte educadora desde 2018, e produtora cultural formalizada (MEI) desde julho de 2020. \u00c9 concluinte do curso [&hellip;]<\/p>\n","protected":false},"author":1258,"featured_media":0,"parent":0,"menu_order":0,"comment_status":"closed","ping_status":"closed","template":"","meta":{"footnotes":""},"class_list":["post-7990","page","type-page","status-publish","hentry"],"_links":{"self":[{"href":"https:\/\/wp.ufpel.edu.br\/ppgartes\/wp-json\/wp\/v2\/pages\/7990","targetHints":{"allow":["GET"]}}],"collection":[{"href":"https:\/\/wp.ufpel.edu.br\/ppgartes\/wp-json\/wp\/v2\/pages"}],"about":[{"href":"https:\/\/wp.ufpel.edu.br\/ppgartes\/wp-json\/wp\/v2\/types\/page"}],"author":[{"embeddable":true,"href":"https:\/\/wp.ufpel.edu.br\/ppgartes\/wp-json\/wp\/v2\/users\/1258"}],"replies":[{"embeddable":true,"href":"https:\/\/wp.ufpel.edu.br\/ppgartes\/wp-json\/wp\/v2\/comments?post=7990"}],"version-history":[{"count":0,"href":"https:\/\/wp.ufpel.edu.br\/ppgartes\/wp-json\/wp\/v2\/pages\/7990\/revisions"}],"wp:attachment":[{"href":"https:\/\/wp.ufpel.edu.br\/ppgartes\/wp-json\/wp\/v2\/media?parent=7990"}],"curies":[{"name":"wp","href":"https:\/\/api.w.org\/{rel}","templated":true}]}}