{"id":7401,"date":"2021-07-02T14:12:21","date_gmt":"2021-07-02T17:12:21","guid":{"rendered":"https:\/\/wp.ufpel.edu.br\/mestradoartesvisuais\/?page_id=7401"},"modified":"2025-07-11T02:44:09","modified_gmt":"2025-07-11T05:44:09","slug":"andrea-lacerda-bachettini","status":"publish","type":"page","link":"https:\/\/wp.ufpel.edu.br\/ppgartes\/andrea-lacerda-bachettini\/","title":{"rendered":"Andr\u00e9a Lacerda Bachettini"},"content":{"rendered":"\n<figure class=\"wp-block-image size-full is-resized is-style-default\"><img width=\"501\" height=\"501\" src=\"https:\/\/wp.ufpel.edu.br\/ppgartes\/files\/2021\/07\/Foto-Andre\u0301a-Bachettini-1-e1625747263845.png\" alt=\"\" class=\"wp-image-7511\" style=\"aspect-ratio:1;object-fit:cover;width:350px\" srcset=\"https:\/\/wp.ufpel.edu.br\/ppgartes\/files\/2021\/07\/Foto-Andre\u0301a-Bachettini-1-e1625747263845.png 501w, https:\/\/wp.ufpel.edu.br\/ppgartes\/files\/2021\/07\/Foto-Andre\u0301a-Bachettini-1-e1625747263845-400x400.png 400w, https:\/\/wp.ufpel.edu.br\/ppgartes\/files\/2021\/07\/Foto-Andre\u0301a-Bachettini-1-e1625747263845-200x200.png 200w\" sizes=\"(max-width: 501px) 100vw, 501px\" \/><\/figure>\n\n\n<p style=\"text-align: left;\"><span style=\"font-family: georgia, palatino, serif; font-size: 12pt;\"><span style=\"font-size: 18pt;\"><strong><span style=\"font-family: 'trebuchet ms', geneva, sans-serif;\">Andr\u00e9a Lacerda Bachettini <span style=\"font-size: 10pt; color: #999999;\">\/\u00a0<\/span><\/span><\/strong><\/span><span style=\"font-family: 'trebuchet ms', geneva, sans-serif; font-size: 10pt;\"><a href=\"http:\/\/lattes.cnpq.br\/9751810424118201\" target=\"_blank\" rel=\"noopener noreferrer\"><span style=\"color: #999999;\">Curr\u00edculum Lattes<\/span><\/a><br \/><strong>Linha de Pesquisa<\/strong>: <a href=\"https:\/\/wp.ufpel.edu.br\/ppgartes\/linhas-de-pesquisa\/\">Hist\u00f3rias e Teorias das Artes e Transversalidade<\/a><br \/><\/span><\/span><span style=\"font-family: georgia, palatino, serif; font-size: 12pt;\"><span style=\"font-family: 'trebuchet ms', geneva, sans-serif; font-size: 10pt;\"><strong>E-mail: <\/strong>andreabachettini@gmail.com<\/span><\/span><\/p>\n<p style=\"text-align: left;\"><span style=\"font-family: georgia, palatino, serif; font-size: 12pt;\"><span style=\"font-family: 'trebuchet ms', geneva, sans-serif; font-size: 10pt;\"><strong>Forma\u00e7\u00e3o acad\u00eamica<\/strong><br \/>Possui Gradua\u00e7\u00e3o em Gravura pela Universidade Federal de Pelotas (1992), Gradua\u00e7\u00e3o em Pintura pela Universidade Federal de Pelotas (1994), Especializa\u00e7\u00e3o em Patrim\u00f4nio Cultural: Conserva\u00e7\u00e3o de Artefatos pela Universidade Federal de Pelotas (1997), Especializa\u00e7\u00e3o em Conserva\u00e7\u00e3o e Restaura\u00e7\u00e3o de Bens Culturais pela Universidade Federal de Minas Gerais (2001) e Mestrado em Hist\u00f3ria pela Pontif\u00edcia Universidade Cat\u00f3lica do Rio Grande do Sul (2003), Doutora pelo Programa de P\u00f3s-Gradua\u00e7\u00e3o em Mem\u00f3ria Social e Patrim\u00f4nio Cultural do ICH\/UFPel ( 2013-2017). Foi bolsista do Programa de Coopera\u00e7\u00e3o Ibero Americana na Universidade de Granada &#8211; ES (1996), com pesquisa na \u00e1rea de Pintura Enca\u00fastica, e na Universidade Polit\u00e9cnica de Valencia-ES (1998), com pesquisa na \u00e1rea de Conserva\u00e7\u00e3o e Restauro de Bens Culturais: Restaura\u00e7\u00e3o de Pintura Mural e Escultura Policromada. Foi Restauradora fundadora da Restauratus Conserva\u00e7\u00e3o e Restaura\u00e7\u00e3o de Bens M\u00f3veis Ltda.. Atualmente exerce a carreira de magist\u00e9rio superior, classe professor Adjunto N\u00edvel IV do Departamento de Museologia Conserva\u00e7\u00e3o e Restauro do Instituto de Ci\u00eancias Humanas, da Universidade Federal de Pelotas, atuando no Curso de Bacharelado em Conserva\u00e7\u00e3o e Restauro de Bens Culturais. Professora do Programa de P\u00f3-Gradua\u00e7\u00e3o em Artes do Centro de Artes da UFPel. Faz parte da Comiss\u00e3o Executiva da Rede de Museus da UFPel. Chefia a Divis\u00e3o de Mapeamento e Invent\u00e1rios em Extens\u00e3o da Pro-Reitoria de Extens\u00e3o e Cultura da UFPel. \u00c9 Vice-diretora do Instituto de Ci\u00eancias Humanas da UFPel. Foi presidente da ACOR-RS (Associa\u00e7\u00e3o dos Conservadores Restauradores de Bens Culturais do RGS) (2011-2013), foi Vice-Presidente desta associa\u00e7\u00e3o (2017-2019) e atualmente \u00e9 membro do conselho consultivo (2019-2021). \u00c9 associada \u00e0 ABRACOR (Associa\u00e7\u00e3o Brasileira de Conservadores e Restauradores de Bens Culturais) desde 2000, \u00e9 Membro do ICOM (Conselho Internacional de Museus), foi membro do IIC (The International Institute for Conservation of Historic and Artistic Works). Tem experi\u00eancia na \u00e1rea de Artes, com \u00eanfase em Conserva\u00e7\u00e3o e Restaura\u00e7\u00e3o, atuando principalmente nos seguintes temas: artes pl\u00e1sticas, conserva\u00e7\u00e3o\/restaura\u00e7\u00e3o: azulejos, pintura mural, pintura de cavalete, esculturas policromadas, obras de arte em papel e acervos de museus.<\/span><\/span><\/p>\n<p style=\"text-align: left;\">\u00a0<\/p>\n<hr \/>\n<p style=\"text-align: left;\"><span style=\"font-family: georgia, palatino, serif; font-size: 12pt;\"><span style=\"font-family: 'trebuchet ms', geneva, sans-serif;\"><strong>PROJETOS DE PESQUISAS<\/strong><\/span><\/span><\/p>\n<p style=\"padding-left: 40px; text-align: left;\"><span style=\"font-family: georgia, palatino, serif; font-size: 12pt;\"><span style=\"font-family: 'trebuchet ms', geneva, sans-serif; font-size: 10pt;\"><strong>\ud83d\udcc2 Conserva\u00e7\u00e3o preventiva de bens culturais<\/strong><br \/>Grupo de Pesquisa:\u00a0<\/span><\/span><\/p>\n<p style=\"text-align: left;\">\u00a0<\/p>\n<hr \/>\n<p style=\"text-align: left;\"><span style=\"font-family: georgia, palatino, serif; font-size: 12pt;\"><span style=\"font-family: 'trebuchet ms', geneva, sans-serif;\"><strong>GRUPOS DE PESQUISAS<\/strong><\/span><\/span><\/p>\n<p style=\"padding-left: 40px; text-align: left;\"><span style=\"font-family: georgia, palatino, serif; font-size: 12pt;\"><span style=\"font-family: 'trebuchet ms', geneva, sans-serif; font-size: 10pt;\"><strong>\ud83d\uddc2\ufe0f <a href=\"http:\/\/dgp.cnpq.br\/dgp\/espelhogrupo\/484537\" target=\"_blank\" rel=\"noopener\">Pesquisa em conserva\u00e7\u00e3o e restaura\u00e7\u00e3o de bens culturais m\u00f3veis e integrados<\/a><br \/><\/strong><\/span><\/span><span style=\"font-family: 'trebuchet ms', geneva, sans-serif; font-size: 10pt;\">L\u00edder(es) do grupo: Daniele Baltz da Fonseca <br \/><\/span><span style=\"font-family: georgia, palatino, serif; font-size: 12pt;\"><span style=\"font-family: 'trebuchet ms', geneva, sans-serif; font-size: 10pt;\">Docentes participantes: <a href=\"https:\/\/wp.ufpel.edu.br\/ppgartes\/andrea-lacerda-bachettini\/\">Andrea Lacerda Bachettini<\/a>, Annelise Costa Montone, Bruna Adriane Fary, Bruno da Silveira Noremberg, Camilla Henriques Maia de Camargos, Daniele Baltz da Fonseca, Gerson Geraldo Homrich Cavalheiro, Karen Velleda Caldas, Loredana Marise Ricardo Ribeiro, Lorena Almeida Gill, Marcelo dos Santos Silva, Mateus Meneghetti Ferrer, <a href=\"https:\/\/wp.ufpel.edu.br\/ppgartes\/nadia-da-cruz-senna\/\">N\u00e1dia da Cruz Senna<\/a>, Roberto Heiden, Silvana de F\u00e1tima Bojanoski, Thiago Sevilhano Puglieri\u00a0<\/span><\/span><\/p>\n<p style=\"text-align: left;\">\u00a0<\/p>\n<hr \/>\n<p style=\"text-align: left;\"><span style=\"font-family: georgia, palatino, serif; font-size: 12pt;\"><span style=\"font-family: 'trebuchet ms', geneva, sans-serif;\"><strong>PESQUISAS ORIENTADAS<\/strong><\/span><\/span><\/p>\n<p style=\"padding-left: 40px; text-align: left;\">MESTRADO<\/p>\n<p style=\"padding-left: 40px;\">\u00a0<\/p>\n<p>\u00a0<\/p>\n<h3 style=\"text-align: left;\">\u00a0<\/h3>\n<h3 style=\"text-align: left;\">\u00a0<\/h3>\n<div class=\"layout-cell-pad-5 text-align-right\" style=\"text-align: left;\">\u00a0<\/div>\n<div style=\"text-align: left;\">\u00a0<\/div>\n<div style=\"text-align: left;\">\u00a0<\/div>\n<div style=\"text-align: left;\">\u00a0<\/div>\n<div style=\"text-align: left;\">\u00a0<\/div>\n<div class=\"layout-cell layout-cell-1 text-align-right\" style=\"text-align: left;\">\u00a0<\/div>\n<div class=\"ms-editor-squiggler\" style=\"color: initial; font: initial; background: initial; background-blend-mode: initial; border: initial; border-radius: initial; border-collapse: initial; caption-side: initial; clear: initial; columns: initial; column-fill: initial; column-rule: initial; column-span: initial; cursor: initial; flex: initial; flex-flow: initial; float: initial; height: 0px; letter-spacing: initial; margin: initial; max-height: initial; max-width: initial; min-height: initial; min-width: initial; overflow: initial; padding: initial; text-align: initial; text-decoration: initial; text-indent: initial; text-transform: initial; vertical-align: initial; border-spacing: initial; width: initial;\">\u00a0<\/div>\n<div class=\"ms-editor-squiggler\" style=\"color: initial; font: initial; background: initial; background-blend-mode: initial; border: initial; border-radius: initial; border-collapse: initial; caption-side: initial; clear: initial; columns: initial; column-fill: initial; column-rule: initial; column-span: initial; cursor: initial; flex: initial; flex-flow: initial; float: initial; height: 0px; letter-spacing: initial; margin: initial; max-height: initial; max-width: initial; min-height: initial; min-width: initial; overflow: initial; padding: initial; text-align: initial; text-decoration: initial; text-indent: initial; text-transform: initial; vertical-align: initial; border-spacing: initial; width: initial;\">\u00a0<\/div>\n<div class=\"ms-editor-squiggler\" style=\"color: initial; font: initial; background: initial; background-blend-mode: initial; border: initial; border-radius: initial; border-collapse: initial; caption-side: initial; clear: initial; columns: initial; column-fill: initial; column-rule: initial; column-span: initial; cursor: initial; flex: initial; flex-flow: initial; float: initial; height: 0px; letter-spacing: initial; margin: initial; max-height: initial; max-width: initial; min-height: initial; min-width: initial; overflow: initial; padding: initial; text-align: initial; text-decoration: initial; text-indent: initial; text-transform: initial; vertical-align: initial; border-spacing: initial; width: initial;\">\u00a0<\/div>\n<div class=\"ms-editor-squiggler\" style=\"color: initial; font: initial; background: initial; background-blend-mode: initial; border: initial; border-radius: initial; border-collapse: initial; caption-side: initial; clear: initial; columns: initial; column-fill: initial; column-rule: initial; column-span: initial; cursor: initial; flex: initial; flex-flow: initial; float: initial; height: 0px; letter-spacing: initial; margin: initial; max-height: initial; max-width: initial; min-height: initial; min-width: initial; overflow: initial; padding: initial; text-align: initial; text-decoration: initial; text-indent: initial; text-transform: initial; vertical-align: initial; border-spacing: initial; width: initial;\">\u00a0<\/div>\n<div class=\"ms-editor-squiggler\" style=\"color: initial; font: initial; background: initial; background-blend-mode: initial; border: initial; border-radius: initial; border-collapse: initial; caption-side: initial; clear: initial; columns: initial; column-fill: initial; column-rule: initial; column-span: initial; cursor: initial; flex: initial; flex-flow: initial; float: initial; height: 0px; letter-spacing: initial; margin: initial; max-height: initial; max-width: initial; min-height: initial; min-width: initial; overflow: initial; padding: initial; text-align: initial; text-decoration: initial; text-indent: initial; text-transform: initial; vertical-align: initial; border-spacing: initial; width: initial;\">\u00a0<\/div>\n<div class=\"ms-editor-squiggler\" style=\"color: initial; font: initial; background: initial; background-blend-mode: initial; border: initial; border-radius: initial; border-collapse: initial; caption-side: initial; clear: initial; columns: initial; column-fill: initial; column-rule: initial; column-span: initial; cursor: initial; flex: initial; flex-flow: initial; float: initial; height: 0px; letter-spacing: initial; margin: initial; max-height: initial; max-width: initial; min-height: initial; min-width: initial; overflow: initial; padding: initial; text-align: initial; text-decoration: initial; text-indent: initial; text-transform: initial; vertical-align: initial; border-spacing: initial; width: initial;\">\u00a0<\/div>\n<div class=\"ms-editor-squiggler\" style=\"color: initial; font: initial; background: initial; background-blend-mode: initial; border: initial; border-radius: initial; border-collapse: initial; caption-side: initial; clear: initial; columns: initial; column-fill: initial; column-rule: initial; column-span: initial; cursor: initial; flex: initial; flex-flow: initial; float: initial; height: 0px; letter-spacing: initial; margin: initial; max-height: initial; max-width: initial; min-height: initial; min-width: initial; overflow: initial; padding: initial; text-align: initial; text-decoration: initial; text-indent: initial; text-transform: initial; vertical-align: initial; border-spacing: initial; width: initial;\">\u00a0<\/div>\n<div class=\"ms-editor-squiggler\" style=\"color: initial; font: initial; background: initial; background-blend-mode: initial; border: initial; border-radius: initial; border-collapse: initial; caption-side: initial; clear: initial; columns: initial; column-fill: initial; column-rule: initial; column-span: initial; cursor: initial; flex: initial; flex-flow: initial; float: initial; height: 0px; letter-spacing: initial; margin: initial; max-height: initial; max-width: initial; min-height: initial; min-width: initial; overflow: initial; padding: initial; text-align: initial; text-decoration: initial; text-indent: initial; text-transform: initial; vertical-align: initial; border-spacing: initial; width: initial;\">\u00a0<\/div>\n<div class=\"ms-editor-squiggler\" style=\"color: initial; font: initial; background: initial; background-blend-mode: initial; border: initial; border-radius: initial; border-collapse: initial; caption-side: initial; clear: initial; columns: initial; column-fill: initial; column-rule: initial; column-span: initial; cursor: initial; flex: initial; flex-flow: initial; float: initial; height: 0px; letter-spacing: initial; margin: initial; max-height: initial; max-width: initial; min-height: initial; min-width: initial; overflow: initial; padding: initial; text-align: initial; text-decoration: initial; text-indent: initial; text-transform: initial; vertical-align: initial; border-spacing: initial; width: initial;\">\u00a0<\/div>\n<div class=\"ms-editor-squiggler\" style=\"color: initial; font: initial; background: initial; background-blend-mode: initial; border: initial; border-radius: initial; border-collapse: initial; caption-side: initial; clear: initial; columns: initial; column-fill: initial; column-rule: initial; column-span: initial; cursor: initial; flex: initial; flex-flow: initial; float: initial; height: 0px; letter-spacing: initial; margin: initial; max-height: initial; max-width: initial; min-height: initial; min-width: initial; overflow: initial; padding: initial; text-align: initial; text-decoration: initial; text-indent: initial; text-transform: initial; vertical-align: initial; border-spacing: initial; width: initial;\">\u00a0<\/div>","protected":false},"excerpt":{"rendered":"<p>Andr\u00e9a Lacerda Bachettini \/\u00a0Curr\u00edculum LattesLinha de Pesquisa: Hist\u00f3rias e Teorias das Artes e TransversalidadeE-mail: andreabachettini@gmail.com Forma\u00e7\u00e3o acad\u00eamicaPossui Gradua\u00e7\u00e3o em Gravura pela Universidade Federal de Pelotas (1992), Gradua\u00e7\u00e3o em Pintura pela Universidade Federal de Pelotas (1994), Especializa\u00e7\u00e3o em Patrim\u00f4nio Cultural: Conserva\u00e7\u00e3o de Artefatos pela Universidade Federal de Pelotas (1997), Especializa\u00e7\u00e3o em Conserva\u00e7\u00e3o e Restaura\u00e7\u00e3o de Bens [&hellip;]<\/p>\n","protected":false},"author":1258,"featured_media":0,"parent":0,"menu_order":0,"comment_status":"closed","ping_status":"closed","template":"","meta":{"footnotes":""},"class_list":["post-7401","page","type-page","status-publish","hentry"],"_links":{"self":[{"href":"https:\/\/wp.ufpel.edu.br\/ppgartes\/wp-json\/wp\/v2\/pages\/7401","targetHints":{"allow":["GET"]}}],"collection":[{"href":"https:\/\/wp.ufpel.edu.br\/ppgartes\/wp-json\/wp\/v2\/pages"}],"about":[{"href":"https:\/\/wp.ufpel.edu.br\/ppgartes\/wp-json\/wp\/v2\/types\/page"}],"author":[{"embeddable":true,"href":"https:\/\/wp.ufpel.edu.br\/ppgartes\/wp-json\/wp\/v2\/users\/1258"}],"replies":[{"embeddable":true,"href":"https:\/\/wp.ufpel.edu.br\/ppgartes\/wp-json\/wp\/v2\/comments?post=7401"}],"version-history":[{"count":3,"href":"https:\/\/wp.ufpel.edu.br\/ppgartes\/wp-json\/wp\/v2\/pages\/7401\/revisions"}],"predecessor-version":[{"id":11044,"href":"https:\/\/wp.ufpel.edu.br\/ppgartes\/wp-json\/wp\/v2\/pages\/7401\/revisions\/11044"}],"wp:attachment":[{"href":"https:\/\/wp.ufpel.edu.br\/ppgartes\/wp-json\/wp\/v2\/media?parent=7401"}],"curies":[{"name":"wp","href":"https:\/\/api.w.org\/{rel}","templated":true}]}}