{"id":7315,"date":"2021-06-18T15:20:16","date_gmt":"2021-06-18T18:20:16","guid":{"rendered":"https:\/\/wp.ufpel.edu.br\/mestradoartesvisuais\/?page_id=7315"},"modified":"2023-04-06T10:58:16","modified_gmt":"2023-04-06T13:58:16","slug":"ana-zeferina-ferreira-maio","status":"publish","type":"page","link":"https:\/\/wp.ufpel.edu.br\/ppgartes\/ana-zeferina-ferreira-maio\/","title":{"rendered":"Ana Zeferina Ferreira Maio"},"content":{"rendered":"<p><a href=\"https:\/\/wp.ufpel.edu.br\/mestradoartesvisuais\/files\/2021\/06\/servletrecuperafoto-1.jpg\"><img class=\"alignnone wp-image-7342\" src=\"https:\/\/wp.ufpel.edu.br\/mestradoartesvisuais\/files\/2021\/06\/servletrecuperafoto-1.jpg\" alt=\"\" width=\"202\" height=\"202\" \/><\/a><span style=\"font-family: georgia, palatino, serif; font-size: 12pt;\"><span style=\"font-size: 18pt;\"><strong><span style=\"font-family: 'trebuchet ms', geneva, sans-serif;\">Ana Zeferina Ferreira Maio <span style=\"font-size: 10pt; color: #999999;\">\/\u00a0<\/span><\/span><\/strong><\/span><span style=\"font-family: 'trebuchet ms', geneva, sans-serif; font-size: 10pt;\"><a href=\"https:\/\/buscatextual.cnpq.br\/buscatextual\/visualizacv.do?id=K4772410A7&amp;tokenCaptchar=03AKH6MRFlpKOtzTZXa2vwq_NEYhXULTRMGSmG22is_0lUWr9ovVCM63syH89CU7hFKJZYMGTjdQkH1EtiOCB56LY9ZC4EyCthgwAwbEGkP8sYeWIrYjzyX09iykepcxkECq95SWeNw7WHDALexQqLjdKWKgbTFRftYBo081SMvthkGn3FVpdrUFQaL2VvvsBh1P-KJhVm-J_CSC8mKLMpqQ_PNKzDs6KhaH7NChSbBtlePqxEkF0zPtVxVS6jZMQPxjNJ7dYFyR5oH03XwlkxWdgieYqpQ9icA2Ecp4uhHGttjzUMSHwZeH9TKoU9FaAR2r1ssvZf_98wUUh8d5S_0qnORNSF_iOQ3TXp_huZ9He3OGHs72y4F6hKjk1wD8wyFHaK3CRerumHNR94XiINmGliXlZ8-GHdeisTZSdVeZHKHtE_N2BoOy_4D5dzmzZqmbPa1RE1U9ER3qX0pPidGZ0DWywFtT2OsT38HQBscpMX5mTIrvQeLZqMbmxNZlSzLsP_6-vwHvgapwaMdsoVn6DYuDZBByeA3FInwIVJQB7A1p3T8f9WbQbiFeZHtKwfMfwL6Qzi9qdpfhL1AzZU4oCdLVvv324TSCfBwzKH6hfqZwk81qWSTHE\" target=\"_blank\" rel=\"noopener noreferrer\"><span style=\"color: #999999;\">Curr\u00edculum Lattes<\/span><\/a><br \/>\n<strong>Linha de Pesquisa<\/strong>: <a href=\"https:\/\/wp.ufpel.edu.br\/ppgartes\/linhas-de-pesquisa\/\">Processos de Cria\u00e7\u00e3o e Po\u00e9ticas do Cotidiano<\/a><br \/>\n<\/span><\/span><span style=\"font-family: georgia, palatino, serif; font-size: 12pt;\"><span style=\"font-family: 'trebuchet ms', geneva, sans-serif; font-size: 10pt;\"><strong>E-mail:<\/strong>anazfmaio@gmail.com<\/span><\/span><\/p>\n<p style=\"text-align: justify;\"><span style=\"font-family: 'trebuchet ms', geneva, sans-serif; font-size: 10pt;\"><strong>Texto introdut\u00f3rio:<\/strong> P\u00f3s-doutorado em Po\u00e9ticas Visuais, Universidade Federal do Rio Grande do Sul, Programa de P\u00f3s-Gradua\u00e7\u00e3o em Artes Visuais (2013). P\u00f3s-doutorado na Universidade de Coimbra, Programa de Estudos Art\u00edsticos Contempor\u00e2neos (2013). Doutorado em Engenharia de Produ\u00e7\u00e3o, Universidade Federal de Santa Catarina (2005). Mestrado em Artes Visuais &#8211; Hist\u00f3ria, Teoria e Cr\u00edtica, Universidade Federal do Rio Grande do Sul (1999). Especializa\u00e7\u00e3o em Arte-Educa\u00e7\u00e3o (Artes Pl\u00e1sticas), Universidade Federal de Pelotas (1992). Gradua\u00e7\u00e3o em Educa\u00e7\u00e3o Art\u00edstica Licenciatura de Primeiro Grau (1985) e Licenciatura Plena (1988), Universidade Federal do Rio Grande. Professora Associada dos Cursos de Artes Visuais Licenciatura e Bacharelado, Instituto de Letras e Artes, Universidade Federal do Rio Grande. Foi coordenadora do Curso de Artes Visuais &#8211; Licenciatura e Bacharelado da FURG de 2008 \u00e0 2012. Desenvolve orienta\u00e7\u00e3o de gradua\u00e7\u00e3o nas tem\u00e1ticas arte contempor\u00e2nea, cinema e v\u00eddeo experimentais, pr\u00e1ticas art\u00edsticas na educa\u00e7\u00e3o em arte. Coordena o Projeto de Extens\u00e3o e Cultura FRESTA &#8211; Mostra de Audiovisual Experimental, desde 2016. Coordena o projeto de pesquisa Po\u00e9ticas do arquivo e narrativas da mem\u00f3ria, com bolsas CNPq &#8211; PIBIC. Coordenou o Projeto de Pesquisa Ambiente Virtual de Aprendizagem em Artes Visuais (AVA-AV), com bolsas CNPq &#8211; PIBIC, por meio do qual desenvolveu orienta\u00e7\u00e3o de inicia\u00e7\u00e3o cient\u00edfica. Coordenou o Projeto Cinema, v\u00eddeo e tridimensionalidade: o AVA-AV na converg\u00eancia do ensino presencial e a dist\u00e2ncia, aprovado no Edital 15\/2010 da CAPES, por meio do qual desenvolveu orienta\u00e7\u00e3o de 06 tutores(as) bolsistas. Coordenou o Projeto Cultura e Pensamento do MEC em 2006. Participou do Programa de Licenciatura Internacionais (CAPES-PLI) da FURG em 2010 e 2012. Coordenou o sub-projeto de Artes Visuais do PIBID\/FURG de 2016 a 2019, por meio do qual desenvolveu orienta\u00e7\u00e3o de inicia\u00e7\u00e3o cient\u00edfica de 10 licenciandos bolsistas CAPES. Foi l\u00edder do Grupo de Pesquisa em Artes Visuais, FURG\/CNPq. Participa como pesquisadora do Grupo de Pesquisa Deslocamentos, observ\u00e2ncias e cartografias contempor\u00e2neas, UFPel\/CNPq. \u00c9 avaliadora de Cursos de Artes Visuais &#8211; Bacharelado e Licenciatura, nomeada pelo INEP desde 2006. Participa de eventos nacionais e internacionais, publica artigos em peri\u00f3dicos na \u00e1rea de Artes Visuais.\u00a0<\/span><\/p>\n<hr \/>\n<p><span style=\"font-family: 'trebuchet ms', geneva, sans-serif; font-size: 10pt;\"><strong>PROJETOS DE PESQUISA<\/strong><\/span><\/p>\n<p><span style=\"font-family: georgia, palatino, serif; font-size: 12pt;\"><span style=\"font-family: 'trebuchet ms', geneva, sans-serif; font-size: 10pt;\"><strong>Po\u00e9ticas do arquivo, mem\u00f3ria e narrativas de si<\/strong><br \/>\nDocentes participantes: Ana Zeferina Ferreira Maio (L\u00edder).<\/span><\/span><\/p>\n<p><strong><span style=\"font-family: 'trebuchet ms', geneva, sans-serif; font-size: 10pt;\">GRUPO DE PESQUISA<\/span><\/strong><\/p>\n<p><span style=\"font-family: georgia, palatino, serif; font-size: 12pt;\"><span style=\"font-family: 'trebuchet ms', geneva, sans-serif; font-size: 10pt;\"><strong>Deslocamentos, observ\u00e2ncias e cartografias contempor\u00e2neas &#8211; Cirandeiras Po\u00e9ticas &#8211; CIP\u00d3.<\/strong><\/span><\/span><\/p>\n<p><span style=\"font-family: 'trebuchet ms', geneva, sans-serif; font-size: 10pt;\"><br \/>\n<\/span><span style=\"font-family: 'trebuchet ms', geneva, sans-serif; font-size: 10pt;\"><strong>PESQUISAS ORIENTADAS<br \/>\n<\/strong><\/span><span style=\"font-family: 'trebuchet ms', geneva, sans-serif; font-size: 10pt;\"><br \/>\n<\/span><\/p>\n<h3 style=\"text-align: center;\"><\/h3>\n<h3 style=\"text-align: center;\"><\/h3>\n<div class=\"layout-cell-pad-5 text-align-right\"><\/div>\n<div><\/div>\n<div><\/div>\n<div><\/div>\n<div><\/div>\n<div class=\"layout-cell layout-cell-1 text-align-right\"><\/div>\n<div class=\"ms-editor-squiggler\" style=\"color: initial; font: initial; background: initial; background-blend-mode: initial; border: initial; border-radius: initial; border-collapse: initial; caption-side: initial; clear: initial; columns: initial; column-fill: initial; column-rule: initial; column-span: initial; cursor: initial; flex: initial; flex-flow: initial; float: initial; height: 0px; letter-spacing: initial; margin: initial; max-height: initial; max-width: initial; min-height: initial; min-width: initial; overflow: initial; padding: initial; text-align: initial; text-decoration: initial; text-indent: initial; text-transform: initial; vertical-align: initial; border-spacing: initial; width: initial;\"><\/div>\n<div class=\"ms-editor-squiggler\" style=\"color: initial; font: initial; background: initial; background-blend-mode: initial; border: initial; border-radius: initial; border-collapse: initial; caption-side: initial; clear: initial; columns: initial; column-fill: initial; column-rule: initial; column-span: initial; cursor: initial; flex: initial; flex-flow: initial; float: initial; height: 0px; letter-spacing: initial; margin: initial; max-height: initial; max-width: initial; min-height: initial; min-width: initial; overflow: initial; padding: initial; text-align: initial; text-decoration: initial; text-indent: initial; text-transform: initial; vertical-align: initial; border-spacing: initial; width: initial;\"><\/div>\n<div class=\"ms-editor-squiggler\" style=\"color: initial; font: initial; background: initial; background-blend-mode: initial; border: initial; border-radius: initial; border-collapse: initial; caption-side: initial; clear: initial; columns: initial; column-fill: initial; column-rule: initial; column-span: initial; cursor: initial; flex: initial; flex-flow: initial; float: initial; height: 0px; letter-spacing: initial; margin: initial; max-height: initial; max-width: initial; min-height: initial; min-width: initial; overflow: initial; padding: initial; text-align: initial; text-decoration: initial; text-indent: initial; text-transform: initial; vertical-align: initial; border-spacing: initial; width: initial;\"><\/div>\n<div class=\"ms-editor-squiggler\" style=\"color: initial; font: initial; background: initial; background-blend-mode: initial; border: initial; border-radius: initial; border-collapse: initial; caption-side: initial; clear: initial; columns: initial; column-fill: initial; column-rule: initial; column-span: initial; cursor: initial; flex: initial; flex-flow: initial; float: initial; height: 0px; letter-spacing: initial; margin: initial; max-height: initial; max-width: initial; min-height: initial; min-width: initial; overflow: initial; padding: initial; text-align: initial; text-decoration: initial; text-indent: initial; text-transform: initial; vertical-align: initial; border-spacing: initial; width: initial;\"><\/div>\n<div class=\"ms-editor-squiggler\" style=\"color: initial; font: initial; background: initial; background-blend-mode: initial; border: initial; border-radius: initial; border-collapse: initial; caption-side: initial; clear: initial; columns: initial; column-fill: initial; column-rule: initial; column-span: initial; cursor: initial; flex: initial; flex-flow: initial; float: initial; height: 0px; letter-spacing: initial; margin: initial; max-height: initial; max-width: initial; min-height: initial; min-width: initial; overflow: initial; padding: initial; text-align: initial; text-decoration: initial; text-indent: initial; text-transform: initial; vertical-align: initial; border-spacing: initial; width: initial;\"><\/div>\n<div class=\"ms-editor-squiggler\" style=\"color: initial; font: initial; background: initial; background-blend-mode: initial; border: initial; border-radius: initial; border-collapse: initial; caption-side: initial; clear: initial; columns: initial; column-fill: initial; column-rule: initial; column-span: initial; cursor: initial; flex: initial; flex-flow: initial; float: initial; height: 0px; letter-spacing: initial; margin: initial; max-height: initial; max-width: initial; min-height: initial; min-width: initial; overflow: initial; padding: initial; text-align: initial; text-decoration: initial; text-indent: initial; text-transform: initial; vertical-align: initial; border-spacing: initial; width: initial;\"><\/div>\n<div class=\"ms-editor-squiggler\" style=\"color: initial; font: initial; background: initial; background-blend-mode: initial; border: initial; border-radius: initial; border-collapse: initial; caption-side: initial; clear: initial; columns: initial; column-fill: initial; column-rule: initial; column-span: initial; cursor: initial; flex: initial; flex-flow: initial; float: initial; height: 0px; letter-spacing: initial; margin: initial; max-height: initial; max-width: initial; min-height: initial; min-width: initial; overflow: initial; padding: initial; text-align: initial; text-decoration: initial; text-indent: initial; text-transform: initial; vertical-align: initial; border-spacing: initial; width: initial;\"><\/div>\n<div class=\"ms-editor-squiggler\" style=\"color: initial; font: initial; background: initial; background-blend-mode: initial; border: initial; border-radius: initial; border-collapse: initial; caption-side: initial; clear: initial; columns: initial; column-fill: initial; column-rule: initial; column-span: initial; cursor: initial; flex: initial; flex-flow: initial; float: initial; height: 0px; letter-spacing: initial; margin: initial; max-height: initial; max-width: initial; min-height: initial; min-width: initial; overflow: initial; padding: initial; text-align: initial; text-decoration: initial; text-indent: initial; text-transform: initial; vertical-align: initial; border-spacing: initial; width: initial;\"><\/div>\n<div class=\"ms-editor-squiggler\" style=\"color: initial; font: initial; background: initial; background-blend-mode: initial; border: initial; border-radius: initial; border-collapse: initial; caption-side: initial; clear: initial; columns: initial; column-fill: initial; column-rule: initial; column-span: initial; cursor: initial; flex: initial; flex-flow: initial; float: initial; height: 0px; letter-spacing: initial; margin: initial; max-height: initial; max-width: initial; min-height: initial; min-width: initial; overflow: initial; padding: initial; text-align: initial; text-decoration: initial; text-indent: initial; text-transform: initial; vertical-align: initial; border-spacing: initial; width: initial;\"><\/div>\n<div class=\"ms-editor-squiggler\" style=\"color: initial; font: initial; background: initial; background-blend-mode: initial; border: initial; border-radius: initial; border-collapse: initial; caption-side: initial; clear: initial; columns: initial; column-fill: initial; column-rule: initial; column-span: initial; cursor: initial; flex: initial; flex-flow: initial; float: initial; height: 0px; letter-spacing: initial; margin: initial; max-height: initial; max-width: initial; min-height: initial; min-width: initial; overflow: initial; padding: initial; text-align: initial; text-decoration: initial; text-indent: initial; text-transform: initial; vertical-align: initial; border-spacing: initial; width: initial;\"><\/div>\n","protected":false},"excerpt":{"rendered":"<p>Ana Zeferina Ferreira Maio \/\u00a0Curr\u00edculum Lattes Linha de Pesquisa: Processos de Cria\u00e7\u00e3o e Po\u00e9ticas do Cotidiano E-mail:anazfmaio@gmail.com Texto introdut\u00f3rio: P\u00f3s-doutorado em Po\u00e9ticas Visuais, Universidade Federal do Rio Grande do Sul, Programa de P\u00f3s-Gradua\u00e7\u00e3o em Artes Visuais (2013). P\u00f3s-doutorado na Universidade de Coimbra, Programa de Estudos Art\u00edsticos Contempor\u00e2neos (2013). Doutorado em Engenharia de Produ\u00e7\u00e3o, Universidade Federal [&hellip;]<\/p>\n","protected":false},"author":1258,"featured_media":0,"parent":0,"menu_order":0,"comment_status":"closed","ping_status":"closed","template":"","meta":{"footnotes":""},"class_list":["post-7315","page","type-page","status-publish","hentry"],"_links":{"self":[{"href":"https:\/\/wp.ufpel.edu.br\/ppgartes\/wp-json\/wp\/v2\/pages\/7315","targetHints":{"allow":["GET"]}}],"collection":[{"href":"https:\/\/wp.ufpel.edu.br\/ppgartes\/wp-json\/wp\/v2\/pages"}],"about":[{"href":"https:\/\/wp.ufpel.edu.br\/ppgartes\/wp-json\/wp\/v2\/types\/page"}],"author":[{"embeddable":true,"href":"https:\/\/wp.ufpel.edu.br\/ppgartes\/wp-json\/wp\/v2\/users\/1258"}],"replies":[{"embeddable":true,"href":"https:\/\/wp.ufpel.edu.br\/ppgartes\/wp-json\/wp\/v2\/comments?post=7315"}],"version-history":[{"count":2,"href":"https:\/\/wp.ufpel.edu.br\/ppgartes\/wp-json\/wp\/v2\/pages\/7315\/revisions"}],"predecessor-version":[{"id":9669,"href":"https:\/\/wp.ufpel.edu.br\/ppgartes\/wp-json\/wp\/v2\/pages\/7315\/revisions\/9669"}],"wp:attachment":[{"href":"https:\/\/wp.ufpel.edu.br\/ppgartes\/wp-json\/wp\/v2\/media?parent=7315"}],"curies":[{"name":"wp","href":"https:\/\/api.w.org\/{rel}","templated":true}]}}