{"id":6852,"date":"2021-04-30T21:12:12","date_gmt":"2021-05-01T00:12:12","guid":{"rendered":"https:\/\/wp.ufpel.edu.br\/mestradoartesvisuais\/?page_id=6852"},"modified":"2021-04-30T21:12:12","modified_gmt":"2021-05-01T00:12:12","slug":"projeto-de-pesquisa-deslocamentos-e-cartografias-contemporaneas","status":"publish","type":"page","link":"https:\/\/wp.ufpel.edu.br\/ppgartes\/projeto-de-pesquisa-deslocamentos-e-cartografias-contemporaneas\/","title":{"rendered":"Projeto de Pesquisa _ Deslocamentos e Cartografias Contempor\u00e2neas"},"content":{"rendered":"<p><span style=\"font-family: georgia, palatino, serif;font-size: 12pt\"><span style=\"font-size: 18pt\"><strong><span style=\"font-family: 'trebuchet ms', geneva, sans-serif\"><span style=\"font-family: 'trebuchet ms', geneva, sans-serif;font-size: 10pt\"><span style=\"color: #999999\">\/ Projeto de Pesquisa<\/span><\/span><br \/>\nDeslocamentos e Cartografias Contempor\u00e2neas<\/span><\/strong><\/span><span style=\"font-family: 'trebuchet ms', geneva, sans-serif;font-size: 10pt\"><br \/>\n<strong>Coordenador(a)<\/strong>: <a href=\"https:\/\/wp.ufpel.edu.br\/mestradoartesvisuais\/eduarda-azevedo-goncalves\/\">Eduarda Azevedo Gon\u00e7alves<\/a><br \/>\n<\/span><\/span><span style=\"font-family: georgia, palatino, serif;font-size: 12pt\"><span style=\"font-family: 'trebuchet ms', geneva, sans-serif;font-size: 10pt\"><strong>Grupo de Pesquisa vinculado<\/strong>: <a href=\"http:\/\/dgp.cnpq.br\/dgp\/espelhogrupo\/35750\" target=\"_blank\" rel=\"noopener noreferrer\">DESLOCC &#8211; Deslocamentos, observ\u00e2ncias e cartografias contempor\u00e2neas<\/a><br \/>\n<strong>Ano de cria\u00e7\u00e3o do projeto<\/strong>: 2013<br \/>\n<\/span><\/span><\/p>\n<p><span style=\"font-family: georgia, palatino, serif;font-size: 12pt\"><span style=\"font-family: 'trebuchet ms', geneva, sans-serif;font-size: 10pt\"><strong>Sobre<\/strong><br \/>\nO projeto prop\u00f5e a cria\u00e7\u00e3o de livros de artista e outros impressos [cart\u00f5es postais, adesivos e jornais], bem como a realiza\u00e7\u00e3o de exposi\u00e7\u00f5es e a\u00e7\u00f5es art\u00edsticas pelos participantes do projeto Deslocamentos e Cartografias na Arte Contempor\u00e2nea, vinculado ao Grupo de Pesquisa Deslocamentos, Observ\u00e2ncias e Cartografias Contempor\u00e2neas &#8211; DesloCC (CNPq\/UFPel), sob minha co-lideran\u00e7a. Conjuntamente, ser\u00e3o realizadas a\u00e7\u00f5es coletivas visando proporcionar experi\u00eancias que conduzam a reflex\u00e3o e a produ\u00e7\u00e3o po\u00e9tica. Para que possamos desenvolver estudos e conduzir a realiza\u00e7\u00e3o da produ\u00e7\u00e3o art\u00edstica, evidenciaremos a amplia\u00e7\u00e3o do debate e da investiga\u00e7\u00e3o acerca da pr\u00e1tica cartogr\u00e1fica na produ\u00e7\u00e3o art\u00edstica e o alargamento de seu conceito. Assim como, envolveremos a leitura e o contato com pensadores que abordem a tem\u00e1tica do deslocamento e da cartografia por v\u00e1rios pontos de vista, conceitos e m\u00e9todos em diferentes campos do conhecimento \u2013 na arte, na geoci\u00eancia e na psicologia, revelando que \u00e9 poss\u00edvel tra\u00e7ar muitos mapas, bem como, utilizar a cartografia como m\u00e9todo de pesquisa e produ\u00e7\u00e3o dos artistas pesquisadores, que tem como pr\u00e1tica as excurs\u00f5es, as caminhadas e as a\u00e7\u00f5es que promovem experi\u00eancias com a os espa\u00e7os de viv\u00eancia. Ou seja, realizaremos caminhadas para observar a cidade e cartograf\u00e1-la, atentando ao entorno e aos diferentes meios de apresenta\u00e7\u00e3o da experi\u00eancia da observ\u00e2ncia e do deslocamento por meio da linguagem da arte. A praxis \u00e9 oriunda do estudo em andamento sobre os conceitos de cartografia, deslocamento e sobre os dispositivos de compartilhamento da arte, tais como livros, postais, cart\u00f5es, entre outros que possibilitam multiplicar a circula\u00e7\u00e3o e os meios de apresenta\u00e7\u00e3o e partilhas da produ\u00e7\u00e3o art\u00edstica, em conson\u00e2ncia com o projeto pedag\u00f3gico do Curso de Bacharelado em Artes Visuais. Deslocamentos e cartografias na arte contempor\u00e2nea \u00e9 um projeto vinculado ao Grupo de Pesquisa Deslocamentos, Observ\u00e2ncias e Cartografias Contempor\u00e2neas (UFPel\/CNPq). O grupo tem a participa\u00e7\u00e3o de pesquisadores e estudantes de artes e de outros campos do conhecimento que est\u00e3o envolvidos com as a\u00e7\u00f5es, publica\u00e7\u00f5es e exposi\u00e7\u00f5es que originou o presente projeto.<br \/>\n<\/span><\/span><\/p>\n<p>&nbsp;<\/p>\n<p><span style=\"font-family: georgia, palatino, serif;font-size: 12pt\"><span style=\"font-family: 'trebuchet ms', geneva, sans-serif;font-size: 10pt\"><strong>E-mail<\/strong>: pesquisadeslocc@gmail.com<br \/>\n<\/span><\/span><\/p>\n<p>&nbsp;<\/p>\n","protected":false},"excerpt":{"rendered":"<p>\/ Projeto de Pesquisa Deslocamentos e Cartografias Contempor\u00e2neas Coordenador(a): Eduarda Azevedo Gon\u00e7alves Grupo de Pesquisa vinculado: DESLOCC &#8211; Deslocamentos, observ\u00e2ncias e cartografias contempor\u00e2neas Ano de cria\u00e7\u00e3o do projeto: 2013 Sobre O projeto prop\u00f5e a cria\u00e7\u00e3o de livros de artista e outros impressos [cart\u00f5es postais, adesivos e jornais], bem como a realiza\u00e7\u00e3o de exposi\u00e7\u00f5es e a\u00e7\u00f5es [&hellip;]<\/p>\n","protected":false},"author":1258,"featured_media":0,"parent":0,"menu_order":0,"comment_status":"closed","ping_status":"closed","template":"","meta":{"footnotes":""},"class_list":["post-6852","page","type-page","status-publish","hentry"],"_links":{"self":[{"href":"https:\/\/wp.ufpel.edu.br\/ppgartes\/wp-json\/wp\/v2\/pages\/6852","targetHints":{"allow":["GET"]}}],"collection":[{"href":"https:\/\/wp.ufpel.edu.br\/ppgartes\/wp-json\/wp\/v2\/pages"}],"about":[{"href":"https:\/\/wp.ufpel.edu.br\/ppgartes\/wp-json\/wp\/v2\/types\/page"}],"author":[{"embeddable":true,"href":"https:\/\/wp.ufpel.edu.br\/ppgartes\/wp-json\/wp\/v2\/users\/1258"}],"replies":[{"embeddable":true,"href":"https:\/\/wp.ufpel.edu.br\/ppgartes\/wp-json\/wp\/v2\/comments?post=6852"}],"version-history":[{"count":0,"href":"https:\/\/wp.ufpel.edu.br\/ppgartes\/wp-json\/wp\/v2\/pages\/6852\/revisions"}],"wp:attachment":[{"href":"https:\/\/wp.ufpel.edu.br\/ppgartes\/wp-json\/wp\/v2\/media?parent=6852"}],"curies":[{"name":"wp","href":"https:\/\/api.w.org\/{rel}","templated":true}]}}