{"id":6842,"date":"2021-04-30T21:06:27","date_gmt":"2021-05-01T00:06:27","guid":{"rendered":"https:\/\/wp.ufpel.edu.br\/mestradoartesvisuais\/?page_id=6842"},"modified":"2021-04-30T21:06:27","modified_gmt":"2021-05-01T00:06:27","slug":"projeto-de-pesquisa-os-deslocamentos-como-praticas-que-concebem-paisagens-e-cartografias-na-arte-contemporanea","status":"publish","type":"page","link":"https:\/\/wp.ufpel.edu.br\/ppgartes\/projeto-de-pesquisa-os-deslocamentos-como-praticas-que-concebem-paisagens-e-cartografias-na-arte-contemporanea\/","title":{"rendered":"Projeto de Pesquisa _ Os deslocamentos como pr\u00e1ticas que concebem paisagens e cartografias na arte contempor\u00e2nea"},"content":{"rendered":"<p><span style=\"font-family: georgia, palatino, serif;font-size: 12pt\"><span style=\"font-size: 18pt\"><strong><span style=\"font-family: 'trebuchet ms', geneva, sans-serif\"><span style=\"font-family: 'trebuchet ms', geneva, sans-serif;font-size: 10pt\"><span style=\"color: #999999\">\/ Projeto de Pesquisa<\/span><\/span><br \/>\nOs deslocamentos como pr\u00e1ticas que concebem paisagens e cartografias na arte contempor\u00e2nea<\/span><\/strong><\/span><span style=\"font-family: 'trebuchet ms', geneva, sans-serif;font-size: 10pt\"><br \/>\n<strong>Coordenador(a)<\/strong>: <a href=\"https:\/\/wp.ufpel.edu.br\/mestradoartesvisuais\/eduarda-azevedo-goncalves\/\">Eduarda Azevedo Gon\u00e7alves<\/a><br \/>\n<\/span><\/span><span style=\"font-family: georgia, palatino, serif;font-size: 12pt\"><span style=\"font-family: 'trebuchet ms', geneva, sans-serif;font-size: 10pt\"><strong>Grupo de Pesquisa vinculado<\/strong>: <a href=\"http:\/\/dgp.cnpq.br\/dgp\/espelhogrupo\/35750\" target=\"_blank\" rel=\"noopener noreferrer\">DESLOCC &#8211; Deslocamentos, observ\u00e2ncias e cartografias contempor\u00e2neas<\/a><br \/>\n<strong>Ano de cria\u00e7\u00e3o do projeto<\/strong>: 2020<br \/>\n<\/span><\/span><\/p>\n<p><span style=\"font-family: georgia, palatino, serif;font-size: 12pt\"><span style=\"font-family: 'trebuchet ms', geneva, sans-serif;font-size: 10pt\"><strong>Sobre<\/strong><br \/>\nO projeto prop\u00f5e a cria\u00e7\u00e3o de impressos [cart\u00f5es postais, adesivos e jornais], v\u00eddeos, fotografias, pinturas, gravuras e outros ve\u00edculos da arte, a partir de proposi\u00e7\u00f5es que envolvam o deslocamento f\u00edsico na cidade de Pelotas e na regi\u00e3o, com intuito de encontrar as peculiaridades geografias, sociais e culturais do sul do pais. A amplia\u00e7\u00e3o dos percursos a outras regi\u00f5es do Brasil e a outros pa\u00edses ter\u00e3o como preceitos a investiga\u00e7\u00e3o de rela\u00e7\u00f5es entre os contextos percorridos e a plaga sulina. A produ\u00e7\u00e3o art\u00edstica resultante ser\u00e1 partilhada em exposi\u00e7\u00f5es, mostras, interven\u00e7\u00f5es urbanas, ensaios visuais e em publica\u00e7\u00f5es cientificas, anais de evento, peri\u00f3dicos, bibliografias, entre outros. O projeto \u00e9 vinculado ao Grupo de Pesquisa Deslocamentos, Observ\u00e2ncias e Cartografias &#8211; DesloCC (CNPq\/UFPel), e migra para o formato unificado, tendo em vista que foi criado em 2015 e prorrogado at\u00e9 dezembro de 2019, com diversos resultados publicados e expostos, como tamb\u00e9m com processos em andamento. Durante este per\u00edodo foram realizadas diferentes manifesta\u00e7\u00f5es resultantes das investiga\u00e7\u00f5es que envolvem os estudantes de arte, gradua\u00e7\u00e3o, mestrado, mestrandos, doutorandos, doutores e artistas. O projeto j\u00e1 contou com a colabora\u00e7\u00e3o de bolsistas IC que contribu\u00edram para a efetiva\u00e7\u00e3o das a\u00e7\u00f5es e elabora\u00e7\u00e3o de diferentes partilhas, em exposi\u00e7\u00f5es e publica\u00e7\u00f5es cientificas. A pesquisa \u00e9 pr\u00e1tico te\u00f3rica, envolve locomo\u00e7\u00f5es f\u00edsicas, a realiza\u00e7\u00e3o de produ\u00e7\u00f5es art\u00edsticas e a reflex\u00e3o te\u00f3rica evidenciando os modos de mover-se, o que se prospecta ao mover-se e como representar e apresentar a vivencia em movimento por meio da arte. Igualmente, evidenciamos a amplia\u00e7\u00e3o do debate e da investiga\u00e7\u00e3o acerca da pr\u00e1tica de elabora\u00e7\u00e3o de paisagens e cartogr\u00e1fica na produ\u00e7\u00e3o art\u00edstica e o alargamento de seu conceito. Assim como, envolvemos a leitura e o contato com pensadores que abordem a tem\u00e1tica do deslocamento, da paisagem e da cartografia por v\u00e1rios pontos de vista, conceitos e m\u00e9todos em diferentes campos do conhecimento \u2013 na arte, na geoci\u00eancia e na psicologia, revelando que \u00e9 poss\u00edvel tra\u00e7ar muitos mapas, bem como, utilizar a cartografia como m\u00e9todo de pesquisa e produ\u00e7\u00e3o dos artistas pesquisadores, que tem como pr\u00e1tica as excurs\u00f5es, as caminhadas e as a\u00e7\u00f5es que promovem experi\u00eancias com a os espa\u00e7os de viv\u00eancia.<br \/>\n<\/span><\/span><\/p>\n<p><span style=\"font-family: georgia, palatino, serif;font-size: 12pt\"><span style=\"font-family: 'trebuchet ms', geneva, sans-serif;font-size: 10pt\"><strong>E-mail<\/strong>: pesquisadeslocc@gmail.com<br \/>\n<\/span><\/span><\/p>\n<p>&nbsp;<\/p>\n","protected":false},"excerpt":{"rendered":"<p>\/ Projeto de Pesquisa Os deslocamentos como pr\u00e1ticas que concebem paisagens e cartografias na arte contempor\u00e2nea Coordenador(a): Eduarda Azevedo Gon\u00e7alves Grupo de Pesquisa vinculado: DESLOCC &#8211; Deslocamentos, observ\u00e2ncias e cartografias contempor\u00e2neas Ano de cria\u00e7\u00e3o do projeto: 2020 Sobre O projeto prop\u00f5e a cria\u00e7\u00e3o de impressos [cart\u00f5es postais, adesivos e jornais], v\u00eddeos, fotografias, pinturas, gravuras e [&hellip;]<\/p>\n","protected":false},"author":1258,"featured_media":0,"parent":0,"menu_order":0,"comment_status":"closed","ping_status":"closed","template":"","meta":{"footnotes":""},"class_list":["post-6842","page","type-page","status-publish","hentry"],"_links":{"self":[{"href":"https:\/\/wp.ufpel.edu.br\/ppgartes\/wp-json\/wp\/v2\/pages\/6842","targetHints":{"allow":["GET"]}}],"collection":[{"href":"https:\/\/wp.ufpel.edu.br\/ppgartes\/wp-json\/wp\/v2\/pages"}],"about":[{"href":"https:\/\/wp.ufpel.edu.br\/ppgartes\/wp-json\/wp\/v2\/types\/page"}],"author":[{"embeddable":true,"href":"https:\/\/wp.ufpel.edu.br\/ppgartes\/wp-json\/wp\/v2\/users\/1258"}],"replies":[{"embeddable":true,"href":"https:\/\/wp.ufpel.edu.br\/ppgartes\/wp-json\/wp\/v2\/comments?post=6842"}],"version-history":[{"count":0,"href":"https:\/\/wp.ufpel.edu.br\/ppgartes\/wp-json\/wp\/v2\/pages\/6842\/revisions"}],"wp:attachment":[{"href":"https:\/\/wp.ufpel.edu.br\/ppgartes\/wp-json\/wp\/v2\/media?parent=6842"}],"curies":[{"name":"wp","href":"https:\/\/api.w.org\/{rel}","templated":true}]}}

Projeto de Pesquisa _ Os deslocamentos como práticas que concebem paisagens e cartografias na arte contemporânea

<p><span style="font-family: georgia, palatino, serif;font-size: 12pt"><span style="font-size: 18pt"><strong><span style="font-family: 'trebuchet ms', geneva, sans-serif"><span style="font-family: 'trebuchet ms', geneva, sans-serif;font-size: 10pt"><span style="color: #999999">/ Projeto de Pesquisa</span></span><br />
Os deslocamentos como práticas que concebem paisagens e cartografias na arte contemporânea</span></strong></span><span style="font-family: 'trebuchet ms', geneva, sans-serif;font-size: 10pt"><br />
<strong>Coordenador(a)</strong>: <a href="https://wp.ufpel.edu.br/mestradoartesvisuais/eduarda-azevedo-goncalves/">Eduarda Azevedo Gonçalves</a><br />
</span></span><span style="font-family: georgia, palatino, serif;font-size: 12pt"><span style="font-family: 'trebuchet ms', geneva, sans-serif;font-size: 10pt"><strong>Grupo de Pesquisa vinculado</strong>: <a href="http://dgp.cnpq.br/dgp/espelhogrupo/35750" target="_blank" rel="noopener noreferrer">DESLOCC &#8211; Deslocamentos, observâncias e cartografias contemporâneas</a><br />
<strong>Ano de criação do projeto</strong>: 2020<br />
</span></span></p>
<p><span style="font-family: georgia, palatino, serif;font-size: 12pt"><span style="font-family: 'trebuchet ms', geneva, sans-serif;font-size: 10pt"><strong>Sobre</strong><br />
O projeto propõe a criação de impressos [cartões postais, adesivos e jornais], vídeos, fotografias, pinturas, gravuras e outros veículos da arte, a partir de proposições que envolvam o deslocamento físico na cidade de Pelotas e na região, com intuito de encontrar as peculiaridades geografias, sociais e culturais do sul do pais. A ampliação dos percursos a outras regiões do Brasil e a outros países terão como preceitos a investigação de relações entre os contextos percorridos e a plaga sulina. A produção artística resultante será partilhada em exposições, mostras, intervenções urbanas, ensaios visuais e em publicações cientificas, anais de evento, periódicos, bibliografias, entre outros. O projeto é vinculado ao Grupo de Pesquisa Deslocamentos, Observâncias e Cartografias &#8211; DesloCC (CNPq/UFPel), e migra para o formato unificado, tendo em vista que foi criado em 2015 e prorrogado até dezembro de 2019, com diversos resultados publicados e expostos, como também com processos em andamento. Durante este período foram realizadas diferentes manifestações resultantes das investigações que envolvem os estudantes de arte, graduação, mestrado, mestrandos, doutorandos, doutores e artistas. O projeto já contou com a colaboração de bolsistas IC que contribuíram para a efetivação das ações e elaboração de diferentes partilhas, em exposições e publicações cientificas. A pesquisa é prático teórica, envolve locomoções físicas, a realização de produções artísticas e a reflexão teórica evidenciando os modos de mover-se, o que se prospecta ao mover-se e como representar e apresentar a vivencia em movimento por meio da arte. Igualmente, evidenciamos a ampliação do debate e da investigação acerca da prática de elaboração de paisagens e cartográfica na produção artística e o alargamento de seu conceito. Assim como, envolvemos a leitura e o contato com pensadores que abordem a temática do deslocamento, da paisagem e da cartografia por vários pontos de vista, conceitos e métodos em diferentes campos do conhecimento – na arte, na geociência e na psicologia, revelando que é possível traçar muitos mapas, bem como, utilizar a cartografia como método de pesquisa e produção dos artistas pesquisadores, que tem como prática as excursões, as caminhadas e as ações que promovem experiências com a os espaços de vivência.<br />
</span></span></p>
<p><span style="font-family: georgia, palatino, serif;font-size: 12pt"><span style="font-family: 'trebuchet ms', geneva, sans-serif;font-size: 10pt"><strong>E-mail</strong>: pesquisadeslocc@gmail.com<br />
</span></span></p>
<p>&nbsp;</p>

<p>/ Projeto de Pesquisa Os deslocamentos como práticas que concebem paisagens e cartografias na arte contemporânea Coordenador(a): Eduarda Azevedo Gonçalves Grupo de Pesquisa vinculado: DESLOCC &#8211; Deslocamentos, observâncias e cartografias contemporâneas Ano de criação do projeto: 2020 Sobre O projeto propõe a criação de impressos [cartões postais, adesivos e jornais], vídeos, fotografias, pinturas, gravuras e [&hellip;]</p>
