{"id":6839,"date":"2021-04-30T21:01:30","date_gmt":"2021-05-01T00:01:30","guid":{"rendered":"https:\/\/wp.ufpel.edu.br\/mestradoartesvisuais\/?page_id=6839"},"modified":"2021-04-30T21:01:30","modified_gmt":"2021-05-01T00:01:30","slug":"projeto-de-pesquisa-sobras-do-cotidiano-e-da-arte","status":"publish","type":"page","link":"https:\/\/wp.ufpel.edu.br\/ppgartes\/projeto-de-pesquisa-sobras-do-cotidiano-e-da-arte\/","title":{"rendered":"Projeto de Pesquisa _ SOBRAS DO COTIDIANO E DA ARTE"},"content":{"rendered":"<p><span style=\"font-family: georgia, palatino, serif;font-size: 12pt\"><strong><img class=\"aligncenter wp-image-6869 size-full\" src=\"https:\/\/wp.ufpel.edu.br\/ppgartes\/files\/2021\/04\/logo_pp_Deslocc.png\" alt=\"\" width=\"1080\" height=\"286\" srcset=\"https:\/\/wp.ufpel.edu.br\/ppgartes\/files\/2021\/04\/logo_pp_Deslocc.png 1080w, https:\/\/wp.ufpel.edu.br\/ppgartes\/files\/2021\/04\/logo_pp_Deslocc-400x106.png 400w, https:\/\/wp.ufpel.edu.br\/ppgartes\/files\/2021\/04\/logo_pp_Deslocc-1024x271.png 1024w, https:\/\/wp.ufpel.edu.br\/ppgartes\/files\/2021\/04\/logo_pp_Deslocc-768x203.png 768w\" sizes=\"(max-width: 1080px) 100vw, 1080px\" \/><\/strong><\/span><\/p>\n<p><span style=\"font-family: georgia, palatino, serif;font-size: 12pt\"><span style=\"font-size: 18pt\"><strong><span style=\"font-family: 'trebuchet ms', geneva, sans-serif\"><span style=\"font-family: 'trebuchet ms', geneva, sans-serif;font-size: 10pt\"><span style=\"color: #999999\">\/ Projeto de Pesquisa<\/span><\/span><br \/>\nSOBRAS DO COTIDIANO E DA ARTE: Contextos, reaproveitamento, di\u00e1logos e documenta\u00e7\u00e3o do lixo em deslocamento entre o espa\u00e7o privado e p\u00fablico<\/span><\/strong><\/span><span style=\"font-family: 'trebuchet ms', geneva, sans-serif;font-size: 10pt\"><br \/>\n<strong>Coordenador(a)<\/strong>: <a href=\"https:\/\/wp.ufpel.edu.br\/mestradoartesvisuais\/alice-jean-monsell\/\">Alice Jean Monsell<\/a><br \/>\n<\/span><\/span><span style=\"font-family: georgia, palatino, serif;font-size: 12pt\"><span style=\"font-family: 'trebuchet ms', geneva, sans-serif;font-size: 10pt\"><strong>Grupo de Pesquisa vinculado<\/strong>: <a href=\"http:\/\/dgp.cnpq.br\/dgp\/espelhogrupo\/35750\" target=\"_blank\" rel=\"noopener noreferrer\">DESLOCC &#8211; Deslocamentos, observ\u00e2ncias e cartografias contempor\u00e2neas<\/a><br \/>\n<strong>Ano de cria\u00e7\u00e3o do projeto<\/strong>: 2012<br \/>\n<\/span><\/span><\/p>\n<p style=\"text-align: justify\"><span style=\"font-family: georgia, palatino, serif;font-size: 12pt\"><span style=\"font-family: 'trebuchet ms', geneva, sans-serif;font-size: 10pt\"><strong>Sobre<\/strong><br \/>\nEste projeto de pesquisa na \u00e1rea de artes visuais, realizado no Centro de Artes da Universidade Federal de Pelotas, visa a questionar e visualizar as pr\u00e1ticas do cotidiano relacionadas \u00e0 produ\u00e7\u00e3o, transforma\u00e7\u00e3o e deslocamento do lixo no contexto privado (a casa) e no espa\u00e7o p\u00fablico e desenvolver procedimentos po\u00e9ticos que reaproveitam o lixo como material da obra, tais como: materiais usados achados em casa, detritos urbanos e res\u00edduos industriais. Inicialmente, uma pesquisa de campo busca dialogar com residentes e documentar (fotografar) as pr\u00e1ticas dom\u00e9sticas relacionadas \u00e0 produ\u00e7\u00e3o e sele\u00e7\u00e3o do lixo em casas e no espa\u00e7o p\u00fablico: visitar aterros sanit\u00e1rios, SANEP, Cooperativas de reciclagem para documentar processos de deslocamento, dep\u00f3sito, sele\u00e7\u00e3o e transforma\u00e7\u00e3o do lixo. O projeto durar\u00e1 tr\u00eas anos, agregando alunos da UFPEL, bolsistas e volunt\u00e1rios da \u00e1rea de artes visuais e, tamb\u00e9m, da sociologia, antropologia, engenharia e da hist\u00f3ria em torno de um grupo de estudos. A partir de procedimentos de deslocamento na cidade e observa\u00e7\u00e3o do lixo em casas e no espa\u00e7o urbano, colaboradores desta pesquisa desenvolver\u00e3o propostas coletivas e individuais relacionados ao deslocamento do lixo entre o espa\u00e7o privado e p\u00fablico com o objetivo de conscientizar e sensibilizar o p\u00fablico em geral sobre este problema social. O grupo desenvolver\u00e1 atividades variadas, tais como: elaborar t\u00e1ticas e procedimentos para reaproveitar materiais usados e achados na rua (detritos urbanos) ou em casa (sobras dom\u00e9sticas). O grupo tamb\u00e9m realizar\u00e1 leituras sobre a sustentabilidade e o lixo na \u00e1rea de ecologia e sobre artistas que trabalham com a quest\u00e3o do lixo e seu reaproveitamento com o objetivo de desenvolver obras que documentam e problematizam o tema (fotografia, desenho, v\u00eddeo, inten\u00e7\u00e3o urbana, performance); e tamb\u00e9m, promover e participar em debates p\u00fablicos e semin\u00e1rios multidisciplinares, exposi\u00e7\u00f5es e publica\u00e7\u00f5es que potencializam uma reflex\u00e3o cr\u00edtica e \u00e9tica sobre as pr\u00e1ticas cotidianas relacionadas ao lixo e \u00e0s consequ\u00eancias para o meio ambiente, a degrada\u00e7\u00e3o da habitabilidade urbana, buscando solu\u00e7\u00f5es sustent\u00e1veis. O projeto come\u00e7ou em 2012 e foi prorrogado duas vezes, terminando em agosto de 2018.<br \/>\n<\/span><\/span><\/p>\n<p><span style=\"font-family: georgia, palatino, serif;font-size: 12pt\"><span style=\"font-family: 'trebuchet ms', geneva, sans-serif;font-size: 10pt\"><strong>E-mail<\/strong>: alicemondomestico@gmail.com<br \/>\n<strong>Website<\/strong>: <a href=\"http:\/\/alicemonsellgaragem.blogspot.com\/\" target=\"_blank\" rel=\"noopener noreferrer\">http:\/\/alicemonsellgaragem.blogspot.com\/<\/a><br \/>\n<strong>Redes Sociais<\/strong>: <a href=\"http:\/\/alicemonsellgaragem.blogspot.com\/\" target=\"_blank\" rel=\"noopener noreferrer\">Blog<\/a> \/ <a href=\"https:\/\/www.facebook.com\/groups\/281132931989839\" target=\"_blank\" rel=\"noopener noreferrer\">Facebook<\/a><br \/>\n<\/span><\/span><\/p>\n<p><span style=\"font-family: georgia, palatino, serif;font-size: 12pt\"><span style=\"font-family: 'trebuchet ms', geneva, sans-serif;font-size: 10pt\"><strong>Outras informa\u00e7\u00f5es<\/strong>:<br \/>\n<a href=\"https:\/\/issuu.com\/alicemon\/docs\/catalogo-sobras_do__cotidiano_1_2018\" target=\"_blank\" rel=\"noopener noreferrer\">LINK<\/a> &#8211; Cat\u00e1logo de exposi\u00e7\u00e3o coletiva Sobras do Cotidiano e da Arte ocorrida em 2018 incluindo professores do Mestrado em Artes Visuais, alunos de gradua\u00e7\u00e3o e do Mestrado em Artes Visuais e bolsistas IC<br \/>\n<\/span><\/span><\/p>\n<p>&nbsp;<\/p>\n","protected":false},"excerpt":{"rendered":"<p>\/ Projeto de Pesquisa SOBRAS DO COTIDIANO E DA ARTE: Contextos, reaproveitamento, di\u00e1logos e documenta\u00e7\u00e3o do lixo em deslocamento entre o espa\u00e7o privado e p\u00fablico Coordenador(a): Alice Jean Monsell Grupo de Pesquisa vinculado: DESLOCC &#8211; Deslocamentos, observ\u00e2ncias e cartografias contempor\u00e2neas Ano de cria\u00e7\u00e3o do projeto: 2012 Sobre Este projeto de pesquisa na \u00e1rea de artes [&hellip;]<\/p>\n","protected":false},"author":1258,"featured_media":0,"parent":0,"menu_order":0,"comment_status":"closed","ping_status":"closed","template":"","meta":{"footnotes":""},"class_list":["post-6839","page","type-page","status-publish","hentry"],"_links":{"self":[{"href":"https:\/\/wp.ufpel.edu.br\/ppgartes\/wp-json\/wp\/v2\/pages\/6839","targetHints":{"allow":["GET"]}}],"collection":[{"href":"https:\/\/wp.ufpel.edu.br\/ppgartes\/wp-json\/wp\/v2\/pages"}],"about":[{"href":"https:\/\/wp.ufpel.edu.br\/ppgartes\/wp-json\/wp\/v2\/types\/page"}],"author":[{"embeddable":true,"href":"https:\/\/wp.ufpel.edu.br\/ppgartes\/wp-json\/wp\/v2\/users\/1258"}],"replies":[{"embeddable":true,"href":"https:\/\/wp.ufpel.edu.br\/ppgartes\/wp-json\/wp\/v2\/comments?post=6839"}],"version-history":[{"count":0,"href":"https:\/\/wp.ufpel.edu.br\/ppgartes\/wp-json\/wp\/v2\/pages\/6839\/revisions"}],"wp:attachment":[{"href":"https:\/\/wp.ufpel.edu.br\/ppgartes\/wp-json\/wp\/v2\/media?parent=6839"}],"curies":[{"name":"wp","href":"https:\/\/api.w.org\/{rel}","templated":true}]}}

<p><span style="font-family: georgia, palatino, serif;font-size: 12pt"><strong><img class="aligncenter wp-image-6869 size-full" src="https://wp.ufpel.edu.br/ppgartes/files/2021/04/logo_pp_Deslocc.png" alt="" width="1080" height="286" srcset="https://wp.ufpel.edu.br/ppgartes/files/2021/04/logo_pp_Deslocc.png 1080w, https://wp.ufpel.edu.br/ppgartes/files/2021/04/logo_pp_Deslocc-400x106.png 400w, https://wp.ufpel.edu.br/ppgartes/files/2021/04/logo_pp_Deslocc-1024x271.png 1024w, https://wp.ufpel.edu.br/ppgartes/files/2021/04/logo_pp_Deslocc-768x203.png 768w" sizes="(max-width: 1080px) 100vw, 1080px" /></strong></span></p>
<p><span style="font-family: georgia, palatino, serif;font-size: 12pt"><span style="font-size: 18pt"><strong><span style="font-family: 'trebuchet ms', geneva, sans-serif"><span style="font-family: 'trebuchet ms', geneva, sans-serif;font-size: 10pt"><span style="color: #999999">/ Projeto de Pesquisa</span></span><br />
SOBRAS DO COTIDIANO E DA ARTE: Contextos, reaproveitamento, diálogos e documentação do lixo em deslocamento entre o espaço privado e público</span></strong></span><span style="font-family: 'trebuchet ms', geneva, sans-serif;font-size: 10pt"><br />
<strong>Coordenador(a)</strong>: <a href="https://wp.ufpel.edu.br/mestradoartesvisuais/alice-jean-monsell/">Alice Jean Monsell</a><br />
</span></span><span style="font-family: georgia, palatino, serif;font-size: 12pt"><span style="font-family: 'trebuchet ms', geneva, sans-serif;font-size: 10pt"><strong>Grupo de Pesquisa vinculado</strong>: <a href="http://dgp.cnpq.br/dgp/espelhogrupo/35750" target="_blank" rel="noopener noreferrer">DESLOCC &#8211; Deslocamentos, observâncias e cartografias contemporâneas</a><br />
<strong>Ano de criação do projeto</strong>: 2012<br />
</span></span></p>
<p style="text-align: justify"><span style="font-family: georgia, palatino, serif;font-size: 12pt"><span style="font-family: 'trebuchet ms', geneva, sans-serif;font-size: 10pt"><strong>Sobre</strong><br />
Este projeto de pesquisa na área de artes visuais, realizado no Centro de Artes da Universidade Federal de Pelotas, visa a questionar e visualizar as práticas do cotidiano relacionadas à produção, transformação e deslocamento do lixo no contexto privado (a casa) e no espaço público e desenvolver procedimentos poéticos que reaproveitam o lixo como material da obra, tais como: materiais usados achados em casa, detritos urbanos e resíduos industriais. Inicialmente, uma pesquisa de campo busca dialogar com residentes e documentar (fotografar) as práticas domésticas relacionadas à produção e seleção do lixo em casas e no espaço público: visitar aterros sanitários, SANEP, Cooperativas de reciclagem para documentar processos de deslocamento, depósito, seleção e transformação do lixo. O projeto durará três anos, agregando alunos da UFPEL, bolsistas e voluntários da área de artes visuais e, também, da sociologia, antropologia, engenharia e da história em torno de um grupo de estudos. A partir de procedimentos de deslocamento na cidade e observação do lixo em casas e no espaço urbano, colaboradores desta pesquisa desenvolverão propostas coletivas e individuais relacionados ao deslocamento do lixo entre o espaço privado e público com o objetivo de conscientizar e sensibilizar o público em geral sobre este problema social. O grupo desenvolverá atividades variadas, tais como: elaborar táticas e procedimentos para reaproveitar materiais usados e achados na rua (detritos urbanos) ou em casa (sobras domésticas). O grupo também realizará leituras sobre a sustentabilidade e o lixo na área de ecologia e sobre artistas que trabalham com a questão do lixo e seu reaproveitamento com o objetivo de desenvolver obras que documentam e problematizam o tema (fotografia, desenho, vídeo, intenção urbana, performance); e também, promover e participar em debates públicos e seminários multidisciplinares, exposições e publicações que potencializam uma reflexão crítica e ética sobre as práticas cotidianas relacionadas ao lixo e às consequências para o meio ambiente, a degradação da habitabilidade urbana, buscando soluções sustentáveis. O projeto começou em 2012 e foi prorrogado duas vezes, terminando em agosto de 2018.<br />
</span></span></p>
<p><span style="font-family: georgia, palatino, serif;font-size: 12pt"><span style="font-family: 'trebuchet ms', geneva, sans-serif;font-size: 10pt"><strong>E-mail</strong>: alicemondomestico@gmail.com<br />
<strong>Website</strong>: <a href="http://alicemonsellgaragem.blogspot.com/" target="_blank" rel="noopener noreferrer">http://alicemonsellgaragem.blogspot.com/</a><br />
<strong>Redes Sociais</strong>: <a href="http://alicemonsellgaragem.blogspot.com/" target="_blank" rel="noopener noreferrer">Blog</a> / <a href="https://www.facebook.com/groups/281132931989839" target="_blank" rel="noopener noreferrer">Facebook</a><br />
</span></span></p>
<p><span style="font-family: georgia, palatino, serif;font-size: 12pt"><span style="font-family: 'trebuchet ms', geneva, sans-serif;font-size: 10pt"><strong>Outras informações</strong>:<br />
<a href="https://issuu.com/alicemon/docs/catalogo-sobras_do__cotidiano_1_2018" target="_blank" rel="noopener noreferrer">LINK</a> &#8211; Catálogo de exposição coletiva Sobras do Cotidiano e da Arte ocorrida em 2018 incluindo professores do Mestrado em Artes Visuais, alunos de graduação e do Mestrado em Artes Visuais e bolsistas IC<br />
</span></span></p>
<p>&nbsp;</p>

<p>/ Projeto de Pesquisa SOBRAS DO COTIDIANO E DA ARTE: Contextos, reaproveitamento, diálogos e documentação do lixo em deslocamento entre o espaço privado e público Coordenador(a): Alice Jean Monsell Grupo de Pesquisa vinculado: DESLOCC &#8211; Deslocamentos, observâncias e cartografias contemporâneas Ano de criação do projeto: 2012 Sobre Este projeto de pesquisa na área de artes [&hellip;]</p>
