{"id":6824,"date":"2021-04-30T20:43:07","date_gmt":"2021-04-30T23:43:07","guid":{"rendered":"https:\/\/wp.ufpel.edu.br\/mestradoartesvisuais\/?page_id=6824"},"modified":"2021-04-30T20:43:07","modified_gmt":"2021-04-30T23:43:07","slug":"projeto-de-pesquisa-visualidades-tecidas-em-corpos-poeticos-na-contemporaneidade","status":"publish","type":"page","link":"https:\/\/wp.ufpel.edu.br\/ppgartes\/projeto-de-pesquisa-visualidades-tecidas-em-corpos-poeticos-na-contemporaneidade\/","title":{"rendered":"Projeto de Pesquisa _ Visualidades tecidas em corpos po\u00e9ticos na contemporaneidade"},"content":{"rendered":"<p><span style=\"font-family: georgia, palatino, serif;font-size: 12pt\"><span style=\"font-size: 18pt\"><strong><span style=\"font-family: 'trebuchet ms', geneva, sans-serif\"><span style=\"font-family: 'trebuchet ms', geneva, sans-serif;font-size: 10pt\"><span style=\"color: #999999\">\/ Projeto de Pesquisa<\/span><\/span><br \/>\nVisualidades tecidas em corpos po\u00e9ticos na contemporaneidade<\/span><\/strong><\/span><span style=\"font-family: 'trebuchet ms', geneva, sans-serif;font-size: 10pt\"><br \/>\n<strong>Coordenador(a)<\/strong>: <a href=\"https:\/\/wp.ufpel.edu.br\/mestradoartesvisuais\/carmen-anita-hoffmann\/\">Carmen Anita Hoffmann<\/a><br \/>\n<\/span><\/span><span style=\"font-family: georgia, palatino, serif;font-size: 12pt\"><span style=\"font-family: 'trebuchet ms', geneva, sans-serif;font-size: 10pt\"><strong>Grupo de Pesquisa vinculado<\/strong>: <a href=\"http:\/\/dgp.cnpq.br\/dgp\/espelhogrupo\/43374\" target=\"_blank\" rel=\"noopener noreferrer\">OMEGA \u2013 Observat\u00f3rio de Mem\u00f3ria, Educa\u00e7\u00e3o, Gesto e Arte<\/a><br \/>\n<strong>Ano de cria\u00e7\u00e3o do projeto<\/strong>: 2019<br \/>\n<\/span><\/span><\/p>\n<p><span style=\"font-family: georgia, palatino, serif;font-size: 12pt\"><span style=\"font-family: 'trebuchet ms', geneva, sans-serif;font-size: 10pt\"><strong>Sobre<\/strong><br \/>\nEste projeto de pesquisa aborda a interdisciplinaridade entre artes visuais, dan\u00e7a, m\u00fasica, teatro, audiovisual e performance em rela\u00e7\u00e3o \u00e0 produ\u00e7\u00e3o de conhecimento e o processo de ensino e aprendizagem da arte na contemporaneidade. A pesquisa designa um corpo po\u00e9tico em um di\u00e1logo em torno dos eixos tem\u00e1ticos: corpo, espa\u00e7o e visualidades. Para isso, exige que o pesquisador e o campo de pesquisa encontrem-se, dissolvam-se, produzindo o material de pesquisa e n\u00e3o coletando, apenas. N\u00e3o se pretende validar ou reprovar determinada situa\u00e7\u00e3o e sim atentar para o que se sucede, tirando partido de tudo aquilo que causa experi\u00eancia ao pesquisador de arte.<br \/>\n<\/span><\/span><\/p>\n<p><span style=\"font-family: georgia, palatino, serif;font-size: 12pt\"><span style=\"font-family: 'trebuchet ms', geneva, sans-serif;font-size: 10pt\"><strong>E-mail<\/strong>: carminhalese@yahoo.com.br \/ omegaufpel@gmail.com<br \/>\n<strong>Website<\/strong>: <a href=\"https:\/\/wp.ufpel.edu.br\/omega\/\" target=\"_blank\" rel=\"noopener noreferrer\">https:\/\/wp.ufpel.edu.br\/omega\/<\/a><br \/>\n<\/span><\/span><\/p>\n<p>&nbsp;<\/p>\n","protected":false},"excerpt":{"rendered":"<p>\/ Projeto de Pesquisa Visualidades tecidas em corpos po\u00e9ticos na contemporaneidade Coordenador(a): Carmen Anita Hoffmann Grupo de Pesquisa vinculado: OMEGA \u2013 Observat\u00f3rio de Mem\u00f3ria, Educa\u00e7\u00e3o, Gesto e Arte Ano de cria\u00e7\u00e3o do projeto: 2019 Sobre Este projeto de pesquisa aborda a interdisciplinaridade entre artes visuais, dan\u00e7a, m\u00fasica, teatro, audiovisual e performance em rela\u00e7\u00e3o \u00e0 produ\u00e7\u00e3o [&hellip;]<\/p>\n","protected":false},"author":1258,"featured_media":0,"parent":0,"menu_order":0,"comment_status":"closed","ping_status":"closed","template":"","meta":{"footnotes":""},"class_list":["post-6824","page","type-page","status-publish","hentry"],"_links":{"self":[{"href":"https:\/\/wp.ufpel.edu.br\/ppgartes\/wp-json\/wp\/v2\/pages\/6824","targetHints":{"allow":["GET"]}}],"collection":[{"href":"https:\/\/wp.ufpel.edu.br\/ppgartes\/wp-json\/wp\/v2\/pages"}],"about":[{"href":"https:\/\/wp.ufpel.edu.br\/ppgartes\/wp-json\/wp\/v2\/types\/page"}],"author":[{"embeddable":true,"href":"https:\/\/wp.ufpel.edu.br\/ppgartes\/wp-json\/wp\/v2\/users\/1258"}],"replies":[{"embeddable":true,"href":"https:\/\/wp.ufpel.edu.br\/ppgartes\/wp-json\/wp\/v2\/comments?post=6824"}],"version-history":[{"count":0,"href":"https:\/\/wp.ufpel.edu.br\/ppgartes\/wp-json\/wp\/v2\/pages\/6824\/revisions"}],"wp:attachment":[{"href":"https:\/\/wp.ufpel.edu.br\/ppgartes\/wp-json\/wp\/v2\/media?parent=6824"}],"curies":[{"name":"wp","href":"https:\/\/api.w.org\/{rel}","templated":true}]}}