{"id":6780,"date":"2021-04-30T18:45:47","date_gmt":"2021-04-30T21:45:47","guid":{"rendered":"https:\/\/wp.ufpel.edu.br\/mestradoartesvisuais\/?page_id=6780"},"modified":"2021-04-30T18:45:47","modified_gmt":"2021-04-30T21:45:47","slug":"projeto-de-pesquisa-de-inquietacoes-e-encantamentos","status":"publish","type":"page","link":"https:\/\/wp.ufpel.edu.br\/ppgartes\/projeto-de-pesquisa-de-inquietacoes-e-encantamentos\/","title":{"rendered":"Projeto de Pesquisa _ De inquieta\u00e7\u00f5es e encantamentos"},"content":{"rendered":"<p><span style=\"font-family: georgia, palatino, serif;font-size: 12pt\"><span style=\"font-size: 18pt\"><strong><span style=\"font-family: 'trebuchet ms', geneva, sans-serif\"><span style=\"font-family: 'trebuchet ms', geneva, sans-serif;font-size: 10pt\"><span style=\"color: #999999\">\/ Projeto de Pesquisa<\/span><\/span><br \/>\nDe inquieta\u00e7\u00f5es e encantamentos: experi\u00eancias po\u00e9ticas, de ensino e forma\u00e7\u00e3o<\/span><\/strong><\/span><span style=\"font-family: 'trebuchet ms', geneva, sans-serif;font-size: 10pt\"><br \/>\n<strong>Coordenador(a)<\/strong>: <a href=\"https:\/\/wp.ufpel.edu.br\/mestradoartesvisuais\/nadia-da-cruz-senna\/\">N\u00e1dia da Cruz Senna<\/a><br \/>\n<\/span><\/span><span style=\"font-family: georgia, palatino, serif;font-size: 12pt\"><span style=\"font-family: 'trebuchet ms', geneva, sans-serif;font-size: 10pt\"><strong>Grupo de Pesquisa vinculado<\/strong>: <a href=\"http:\/\/dgp.cnpq.br\/dgp\/espelhogrupo\/6870585634065883\" target=\"_blank\" rel=\"noopener noreferrer\">Caixa de Pandora: Estudos em Arte, G\u00eanero e Mem\u00f3ria<\/a><br \/>\n<strong>Ano de cria\u00e7\u00e3o do projeto<\/strong>: 2021<br \/>\n<\/span><\/span><\/p>\n<p style=\"text-align: justify\"><span style=\"font-family: georgia, palatino, serif;font-size: 12pt\"><span style=\"font-family: 'trebuchet ms', geneva, sans-serif;font-size: 10pt\"><strong>Sobre<\/strong><br \/>\nEste projeto de pesquisa d\u00e1 seguimento a quest\u00f5es e a\u00e7\u00f5es educativas iniciadas em outras inst\u00e2ncias e junto aos grupos de pesquisa em torno de artistas\/educadores(as) para resgatar protagonismos marcantes em nossa Institui\u00e7\u00e3o, cujos processos po\u00e9ticos e metodol\u00f3gicos impactaram a forma\u00e7\u00e3o em artes, o ensino e o sistema das artes. Nesse momento, busca-se o reconhecimento desses atores atrav\u00e9s do registro das hist\u00f3rias de vida que se entremeiam com a hist\u00f3ria da pr\u00f3pria Institui\u00e7\u00e3o, dando visibilidade para as inquieta\u00e7\u00f5es e encantamentos presentes no cotidiano do ensino das artes no sul do Brasil.<br \/>\nO trabalho recupera informa\u00e7\u00f5es coletadas em outros projetos de pesquisa como: Revistando o ILA, A Escola de Belas Artes de Pelotas, As Artistas do Sul, entre outros, que buscam registrar esta hist\u00f3ria, por meio de levantamento e organiza\u00e7\u00e3o de documentos do arquivo do Centro de Artes; acervo do Museu de Artes Leopoldo Gotuzzo, entrevistas; v\u00eddeos, cat\u00e1logos e acervos pessoais. Nossa inten\u00e7\u00e3o ao dar seguimento aos estudos, busca valorar e revelar os\/as protagonistas dessa hist\u00f3ria em constante transforma\u00e7\u00e3o, junto a comunidade universit\u00e1ria, escolar e demais interessados em arte e cultura. O ponto de partida foi o antigo Departamento de Artes Visuais que congregava os\/as docentes atuantes junto aos ateli\u00eas e laborat\u00f3rios, sendo respons\u00e1veis pelo ensino, pesquisa e extens\u00e3o na \u00e1rea de artes e visualidades. Esse grupo potente constituiu um dos maiores departamentos da UFPel, contando com 33 professores vinculados. A organiza\u00e7\u00e3o do antigo Instituto como Centro de Artes (2011) imp\u00f4s a estrutura\u00e7\u00e3o do grupo junto aos colegiados de cursos de artes visuais (bacharelado e licenciatura), design gr\u00e1fico e digital, cinema e audiovisual. Vamos contar as hist\u00f3rias extraordin\u00e1rias daqueles e daquelas que constru\u00edram pontes entre tradi\u00e7\u00e3o e ruptura, para que a arte e seu ensino continuassem a trajet\u00f3ria de impacto e ascens\u00e3o em nossa cidade, reverberando em escala nacional e internacional.<br \/>\n<\/span><\/span><\/p>\n<p><span style=\"font-family: georgia, palatino, serif;font-size: 12pt\"><span style=\"font-family: 'trebuchet ms', geneva, sans-serif;font-size: 10pt\"><strong>E-mail<\/strong>: alecrins@hotmail.com<\/span><\/span><\/p>\n<p>&nbsp;<\/p>\n","protected":false},"excerpt":{"rendered":"<p>\/ Projeto de Pesquisa De inquieta\u00e7\u00f5es e encantamentos: experi\u00eancias po\u00e9ticas, de ensino e forma\u00e7\u00e3o Coordenador(a): N\u00e1dia da Cruz Senna Grupo de Pesquisa vinculado: Caixa de Pandora: Estudos em Arte, G\u00eanero e Mem\u00f3ria Ano de cria\u00e7\u00e3o do projeto: 2021 Sobre Este projeto de pesquisa d\u00e1 seguimento a quest\u00f5es e a\u00e7\u00f5es educativas iniciadas em outras inst\u00e2ncias e [&hellip;]<\/p>\n","protected":false},"author":1258,"featured_media":0,"parent":0,"menu_order":0,"comment_status":"closed","ping_status":"closed","template":"","meta":{"footnotes":""},"class_list":["post-6780","page","type-page","status-publish","hentry"],"_links":{"self":[{"href":"https:\/\/wp.ufpel.edu.br\/ppgartes\/wp-json\/wp\/v2\/pages\/6780","targetHints":{"allow":["GET"]}}],"collection":[{"href":"https:\/\/wp.ufpel.edu.br\/ppgartes\/wp-json\/wp\/v2\/pages"}],"about":[{"href":"https:\/\/wp.ufpel.edu.br\/ppgartes\/wp-json\/wp\/v2\/types\/page"}],"author":[{"embeddable":true,"href":"https:\/\/wp.ufpel.edu.br\/ppgartes\/wp-json\/wp\/v2\/users\/1258"}],"replies":[{"embeddable":true,"href":"https:\/\/wp.ufpel.edu.br\/ppgartes\/wp-json\/wp\/v2\/comments?post=6780"}],"version-history":[{"count":0,"href":"https:\/\/wp.ufpel.edu.br\/ppgartes\/wp-json\/wp\/v2\/pages\/6780\/revisions"}],"wp:attachment":[{"href":"https:\/\/wp.ufpel.edu.br\/ppgartes\/wp-json\/wp\/v2\/media?parent=6780"}],"curies":[{"name":"wp","href":"https:\/\/api.w.org\/{rel}","templated":true}]}}