{"id":5365,"date":"2021-03-25T09:59:21","date_gmt":"2021-03-25T12:59:21","guid":{"rendered":"https:\/\/wp.ufpel.edu.br\/mestradoartesvisuais\/?page_id=5365"},"modified":"2021-03-25T09:59:21","modified_gmt":"2021-03-25T12:59:21","slug":"miriam-brockmann-guimaraes","status":"publish","type":"page","link":"https:\/\/wp.ufpel.edu.br\/ppgartes\/miriam-brockmann-guimaraes\/","title":{"rendered":"Miriam Brockmann Guimar\u00e3es"},"content":{"rendered":"<p><a href=\"https:\/\/wp.ufpel.edu.br\/ppgartes\/files\/2021\/03\/turma7_Miriam-Brockmann-Guimaraes.png\"><img class=\"wp-image-5411 size-thumbnail alignleft\" src=\"https:\/\/wp.ufpel.edu.br\/ppgartes\/files\/2021\/03\/turma7_Miriam-Brockmann-Guimaraes-200x200.png\" alt=\"\" width=\"200\" height=\"200\" srcset=\"https:\/\/wp.ufpel.edu.br\/ppgartes\/files\/2021\/03\/turma7_Miriam-Brockmann-Guimaraes-200x200.png 200w, https:\/\/wp.ufpel.edu.br\/ppgartes\/files\/2021\/03\/turma7_Miriam-Brockmann-Guimaraes-400x400.png 400w, https:\/\/wp.ufpel.edu.br\/ppgartes\/files\/2021\/03\/turma7_Miriam-Brockmann-Guimaraes.png 500w\" sizes=\"(max-width: 200px) 100vw, 200px\" \/><\/a><\/p>\n<p><span style=\"font-family: georgia, palatino, serif;font-size: 12pt\"><span style=\"font-size: 18pt\"><strong><span style=\"font-family: 'trebuchet ms', geneva, sans-serif\">Miriam Brockmann Guimar\u00e3es <span style=\"font-size: 10pt;color: #999999\">\/\u00a0<\/span><\/span><\/strong><\/span><span style=\"font-family: 'trebuchet ms', geneva, sans-serif;font-size: 10pt\"><a href=\"http:\/\/lattes.cnpq.br\/2051111473769887\" target=\"_blank\" rel=\"noopener noreferrer\"><span style=\"color: #999999\">Curr\u00edculum Lattes<\/span><\/a><br \/>\n<strong>Linha de Pesquisa<\/strong>: <a href=\"https:\/\/wp.ufpel.edu.br\/mestradoartesvisuais\/linhas-de-pesquisa\/educacao-em-artes-e-processos-de-formacao-estetica\/\">Educa\u00e7\u00e3o em Artes e Processos de Forma\u00e7\u00e3o Est\u00e9tica<\/a><\/span><\/span><\/p>\n<p style=\"text-align: justify\"><span style=\"font-family: 'trebuchet ms', geneva, sans-serif;font-size: 10pt\"><strong>Texto introdut\u00f3rio:<\/strong> Possui gradua\u00e7\u00e3o em Dan\u00e7a pela Universidade Federal de Pelotas (2017). Mestra em Artes Visuais pela Universidade Federal de Pelotas (2020) Professora de dan\u00e7a contempor\u00e2nea, dan\u00e7a moderna e ritmos. T\u00e9cnicas de alongamento avan\u00e7ado e prepara\u00e7\u00e3o corporal. Experi\u00eancia em cinema como atriz e produ\u00e7\u00e3o de document\u00e1rios em v\u00eddeo dan\u00e7a. Experi\u00eancia com eventos, semin\u00e1rios, produ\u00e7\u00e3o vocal de textos, leitura em p\u00fablico, recep\u00e7\u00e3o, divulga\u00e7\u00e3o e capta\u00e7\u00e3o de mercado, marketing, seguran\u00e7a no trabalho, experi\u00eancia nas \u00e1reas da sa\u00fade do corpo, gin\u00e1stica laboral, estrat\u00e9gias com bases no pilates, biodan\u00e7a, alinhamento postural, sa\u00fade das articula\u00e7\u00f5es. Experi\u00eancia em comunica\u00e7\u00e3o visual. Experi\u00eancia na \u00e1rea comercial diversificada, desde lojistas quanto na atua\u00e7\u00e3o comercial como rela\u00e7\u00f5es p\u00fablicas em empresas industriais. Experi\u00eancia como contato comercial e na busca e prospec\u00e7\u00e3o de clientes, vendas e atendimento ao p\u00fablico. Experi\u00eancia como cheff de cozinha de restaurante. Prepara\u00e7\u00e3o de pratos, cria\u00e7\u00e3o de novos. Experi\u00eancia na \u00e1rea de Fisioterapia e Terapia Ocupacional, com \u00eanfase em m\u00e9todos som\u00e1ticos (Texto extra\u00eddo diretamente da plataforma Lattes)<\/span><\/p>\n<hr \/>\n<p><span style=\"font-family: 'trebuchet ms', geneva, sans-serif;font-size: 10pt\"><strong>T\u00edtulo da disserta\u00e7\u00e3o<br \/>\n<span style=\"font-size: 14pt\">\u201cNa presen\u00e7a dan\u00e7amos melhor com a vida\u201d: Ber\u00ea Fuhro Souto<\/span><\/strong><br \/>\n<\/span><span style=\"font-family: 'trebuchet ms', geneva, sans-serif;font-size: 10pt\"><strong>Orientador(a):<\/strong> <a href=\"https:\/\/wp.ufpel.edu.br\/mestradoartesvisuais\/carmen-anita-hoffmann\/\">Profa. Dra. Carmen Anita Hoffmann (PPGAV\/UFPel)<\/a><br \/>\n<\/span><\/p>\n<p style=\"text-align: justify\"><span style=\"font-family: 'trebuchet ms', geneva, sans-serif;font-size: 10pt\"><strong>RESUMO<br \/>\n<\/strong>A presente disserta\u00e7\u00e3o de mestrado foi desenvolvida junto ao Programa de P\u00f3s-Gradua\u00e7\u00e3o em Artes Visuais do Centro de Artes da Universidade Federal de Pelotas \u2013 UFPel, vinculada \u00e0 linha de pesquisa Processos de Cria\u00e7\u00e3o e Po\u00e9ticas do Cotidiano. O estudo buscou investigar e refletir sobre a trajet\u00f3ria de Ber\u00ea Fuhro Souto de Pelotas\/RS, pelo seu protagonismo na dan\u00e7a contempor\u00e2nea. O estudo ocorreu no per\u00edodo compreendido entre agosto de 2018 e outubro de 2020, resultando nesta produ\u00e7\u00e3o textual dissertativa e na produ\u00e7\u00e3o de uma pe\u00e7a audiovisual, buscando eternizar poeticamente as mem\u00f3rias de Ber\u00ea. O trabalho foi desenvolvido mediante uma abordagem qualitativa de pesquisa em artes, tomando como refer\u00eancias as contribui\u00e7\u00f5es te\u00f3rico-metodol\u00f3gicas da mem\u00f3ria, da cartografia, da pesquisa em dan\u00e7a e do audiovisual. Para tanto ancoramos o trabalho em diversos autores, como Hallbwacks (2013) para articular a mem\u00f3ria individual e coletiva, Rolnik (2006) para cartografar usando materiais de muitas fontes, linguagens e estilos. Barbosa (2003) focando a interdisciplinaridade e quest\u00f5es da arte-educa\u00e7\u00e3o, Louppe (2012) traz discuss\u00f5es sobre dan\u00e7a contempor\u00e2nea, Salles (2007) que pensa no trabalho art\u00edstico enquanto cria\u00e7\u00e3o como um processo constante em movimento, Ranci\u00e8re (2012) que intui que h\u00e1 uma pol\u00edtica na arte como estrutura\u00e7\u00e3o da experi\u00eancia sens\u00edvel, entre outros autores que proporcionaram reflex\u00f5es importantes. O processo foi se constituindo pelas narrativas de suas int\u00e9rpretes-criadoras desde a elabora\u00e7\u00e3o do Trabalho de Conclus\u00e3o de Gradua\u00e7\u00e3o em Dan\u00e7a-Licenciatura (2018) e de colaboradores que identificam a motiva\u00e7\u00e3o em seguir os passos, ou seja, referenciar as contribui\u00e7\u00f5es deixadas por Ber\u00ea, bem como contemplar as experi\u00eancias art\u00edsticas vividas na cena. As fontes para a constitui\u00e7\u00e3o do estudo foram diversas: acervos pessoais, fotos, v\u00eddeos, folders, arquivos e sites. Enfim, o legado de Ber\u00ea carrega marcas po\u00e9ticas singulares do seu tempo, contexto e comprometimento com a contemporaneidade diversa, carregada de afetos de v\u00e1rias vias que se desdobram, neste caso, na produ\u00e7\u00e3o de uma pe\u00e7a audiovisual.<\/span><\/p>\n<p><span style=\"font-family: 'trebuchet ms', geneva, sans-serif;font-size: 10pt\"><strong>Palavras-chave:<\/strong> Ber\u00ea Fuhro Souto. Trajet\u00f3ria. Dan\u00e7a Contempor\u00e2nea.<\/span><\/p>\n<p><span style=\"font-family: 'trebuchet ms', geneva, sans-serif;font-size: 10pt\"><strong>Banca:<br \/>\n<\/strong><\/span><span style=\"font-family: 'trebuchet ms', geneva, sans-serif;font-size: 10pt\">Prof. Dr. Thiago Silva de Amorim Jesus<br \/>\nProf. Dr. Alberto Coelho<br \/>\nProfa. Dra. Ros\u00e2ngela Fachel<\/span><\/p>\n<p><span style=\"font-family: 'trebuchet ms', geneva, sans-serif;font-size: 10pt\"><strong>Data:<\/strong> 13\/novembro\/2020<\/span><\/p>\n<h3 style=\"text-align: center\"><span style=\"font-family: 'trebuchet ms', geneva, sans-serif;font-size: 12pt\">Acompanhamento:<\/span><\/h3>\n<hr \/>\n<div class=\"layout-cell-pad-5 text-align-right\"><\/div>\n<div><\/div>\n<div><\/div>\n<div><\/div>\n<div><\/div>\n<div class=\"layout-cell layout-cell-1 text-align-right\"><\/div>\n<div class=\"ms-editor-squiggler\" style=\"color: initial;font: initial;background: initial;background-blend-mode: initial;border: initial;border-radius: initial;border-collapse: initial;caption-side: initial;clear: initial;columns: initial;column-fill: initial;column-rule: initial;column-span: initial;cursor: initial;flex: initial;flex-flow: initial;float: initial;height: 0px;letter-spacing: initial;margin: initial;max-height: initial;max-width: initial;min-height: initial;min-width: initial;overflow: initial;padding: initial;text-align: initial;text-decoration: initial;text-indent: initial;text-transform: initial;vertical-align: initial;border-spacing: initial;width: initial\"><\/div>\n<div class=\"ms-editor-squiggler\" style=\"color: initial;font: initial;background: initial;background-blend-mode: initial;border: initial;border-radius: initial;border-collapse: initial;caption-side: initial;clear: initial;columns: initial;column-fill: initial;column-rule: initial;column-span: initial;cursor: initial;flex: initial;flex-flow: initial;float: initial;height: 0px;letter-spacing: initial;margin: initial;max-height: initial;max-width: initial;min-height: initial;min-width: initial;overflow: initial;padding: initial;text-align: initial;text-decoration: initial;text-indent: initial;text-transform: initial;vertical-align: initial;border-spacing: initial;width: initial\"><\/div>\n<div class=\"ms-editor-squiggler\" style=\"color: initial;font: initial;background: initial;background-blend-mode: initial;border: initial;border-radius: initial;border-collapse: initial;caption-side: initial;clear: initial;columns: initial;column-fill: initial;column-rule: initial;column-span: initial;cursor: initial;flex: initial;flex-flow: initial;float: initial;height: 0px;letter-spacing: initial;margin: initial;max-height: initial;max-width: initial;min-height: initial;min-width: initial;overflow: initial;padding: initial;text-align: initial;text-decoration: initial;text-indent: initial;text-transform: initial;vertical-align: initial;border-spacing: initial;width: initial\"><\/div>\n<div class=\"ms-editor-squiggler\" style=\"color: initial;font: initial;background: initial;background-blend-mode: initial;border: initial;border-radius: initial;border-collapse: initial;caption-side: initial;clear: initial;columns: initial;column-fill: initial;column-rule: initial;column-span: initial;cursor: initial;flex: initial;flex-flow: initial;float: initial;height: 0px;letter-spacing: initial;margin: initial;max-height: initial;max-width: initial;min-height: initial;min-width: initial;overflow: initial;padding: initial;text-align: initial;text-decoration: initial;text-indent: initial;text-transform: initial;vertical-align: initial;border-spacing: initial;width: initial\"><\/div>\n<div class=\"ms-editor-squiggler\" style=\"color: initial;font: initial;background: initial;background-blend-mode: initial;border: initial;border-radius: initial;border-collapse: initial;caption-side: initial;clear: initial;columns: initial;column-fill: initial;column-rule: initial;column-span: initial;cursor: initial;flex: initial;flex-flow: initial;float: initial;height: 0px;letter-spacing: initial;margin: initial;max-height: initial;max-width: initial;min-height: initial;min-width: initial;overflow: initial;padding: initial;text-align: initial;text-decoration: initial;text-indent: initial;text-transform: initial;vertical-align: initial;border-spacing: initial;width: initial\"><\/div>\n<div class=\"ms-editor-squiggler\" style=\"color: initial;font: initial;background: initial;background-blend-mode: initial;border: initial;border-radius: initial;border-collapse: initial;caption-side: initial;clear: initial;columns: initial;column-fill: initial;column-rule: initial;column-span: initial;cursor: initial;flex: initial;flex-flow: initial;float: initial;height: 0px;letter-spacing: initial;margin: initial;max-height: initial;max-width: initial;min-height: initial;min-width: initial;overflow: initial;padding: initial;text-align: initial;text-decoration: initial;text-indent: initial;text-transform: initial;vertical-align: initial;border-spacing: initial;width: initial\"><\/div>\n<div class=\"ms-editor-squiggler\" style=\"color: initial;font: initial;background: initial;background-blend-mode: initial;border: initial;border-radius: initial;border-collapse: initial;caption-side: initial;clear: initial;columns: initial;column-fill: initial;column-rule: initial;column-span: initial;cursor: initial;flex: initial;flex-flow: initial;float: initial;height: 0px;letter-spacing: initial;margin: initial;max-height: initial;max-width: initial;min-height: initial;min-width: initial;overflow: initial;padding: initial;text-align: initial;text-decoration: initial;text-indent: initial;text-transform: initial;vertical-align: initial;border-spacing: initial;width: initial\"><\/div>\n<div class=\"ms-editor-squiggler\" style=\"color: initial;font: initial;background: initial;background-blend-mode: initial;border: initial;border-radius: initial;border-collapse: initial;caption-side: initial;clear: initial;columns: initial;column-fill: initial;column-rule: initial;column-span: initial;cursor: initial;flex: initial;flex-flow: initial;float: initial;height: 0px;letter-spacing: initial;margin: initial;max-height: initial;max-width: initial;min-height: initial;min-width: initial;overflow: initial;padding: initial;text-align: initial;text-decoration: initial;text-indent: initial;text-transform: initial;vertical-align: initial;border-spacing: initial;width: initial\"><\/div>\n<div class=\"ms-editor-squiggler\" style=\"color: initial;font: initial;background: initial;background-blend-mode: initial;border: initial;border-radius: initial;border-collapse: initial;caption-side: initial;clear: initial;columns: initial;column-fill: initial;column-rule: initial;column-span: initial;cursor: initial;flex: initial;flex-flow: initial;float: initial;height: 0px;letter-spacing: initial;margin: initial;max-height: initial;max-width: initial;min-height: initial;min-width: initial;overflow: initial;padding: initial;text-align: initial;text-decoration: initial;text-indent: initial;text-transform: initial;vertical-align: initial;border-spacing: initial;width: initial\"><\/div>\n","protected":false},"excerpt":{"rendered":"<p>Miriam Brockmann Guimar\u00e3es \/\u00a0Curr\u00edculum Lattes Linha de Pesquisa: Educa\u00e7\u00e3o em Artes e Processos de Forma\u00e7\u00e3o Est\u00e9tica Texto introdut\u00f3rio: Possui gradua\u00e7\u00e3o em Dan\u00e7a pela Universidade Federal de Pelotas (2017). Mestra em Artes Visuais pela Universidade Federal de Pelotas (2020) Professora de dan\u00e7a contempor\u00e2nea, dan\u00e7a moderna e ritmos. T\u00e9cnicas de alongamento avan\u00e7ado e prepara\u00e7\u00e3o corporal. Experi\u00eancia em [&hellip;]<\/p>\n","protected":false},"author":1258,"featured_media":0,"parent":0,"menu_order":0,"comment_status":"closed","ping_status":"closed","template":"","meta":{"footnotes":""},"class_list":["post-5365","page","type-page","status-publish","hentry"],"_links":{"self":[{"href":"https:\/\/wp.ufpel.edu.br\/ppgartes\/wp-json\/wp\/v2\/pages\/5365","targetHints":{"allow":["GET"]}}],"collection":[{"href":"https:\/\/wp.ufpel.edu.br\/ppgartes\/wp-json\/wp\/v2\/pages"}],"about":[{"href":"https:\/\/wp.ufpel.edu.br\/ppgartes\/wp-json\/wp\/v2\/types\/page"}],"author":[{"embeddable":true,"href":"https:\/\/wp.ufpel.edu.br\/ppgartes\/wp-json\/wp\/v2\/users\/1258"}],"replies":[{"embeddable":true,"href":"https:\/\/wp.ufpel.edu.br\/ppgartes\/wp-json\/wp\/v2\/comments?post=5365"}],"version-history":[{"count":0,"href":"https:\/\/wp.ufpel.edu.br\/ppgartes\/wp-json\/wp\/v2\/pages\/5365\/revisions"}],"wp:attachment":[{"href":"https:\/\/wp.ufpel.edu.br\/ppgartes\/wp-json\/wp\/v2\/media?parent=5365"}],"curies":[{"name":"wp","href":"https:\/\/api.w.org\/{rel}","templated":true}]}}