{"id":5340,"date":"2021-03-25T09:31:27","date_gmt":"2021-03-25T12:31:27","guid":{"rendered":"https:\/\/wp.ufpel.edu.br\/mestradoartesvisuais\/?page_id=5340"},"modified":"2021-03-25T09:31:27","modified_gmt":"2021-03-25T12:31:27","slug":"fernanda-fedrizzi-loureiro-de-lima","status":"publish","type":"page","link":"https:\/\/wp.ufpel.edu.br\/ppgartes\/fernanda-fedrizzi-loureiro-de-lima\/","title":{"rendered":"Fernanda Fedrizzi Loureiro de Lima"},"content":{"rendered":"<p><a href=\"https:\/\/wp.ufpel.edu.br\/ppgartes\/files\/2021\/03\/turma7_Fernanda-Fedrizzi-Loureiro-de-Lima.png\"><img class=\"wp-image-5419 size-thumbnail alignleft\" src=\"https:\/\/wp.ufpel.edu.br\/ppgartes\/files\/2021\/03\/turma7_Fernanda-Fedrizzi-Loureiro-de-Lima-200x200.png\" alt=\"\" width=\"200\" height=\"200\" srcset=\"https:\/\/wp.ufpel.edu.br\/ppgartes\/files\/2021\/03\/turma7_Fernanda-Fedrizzi-Loureiro-de-Lima-200x200.png 200w, https:\/\/wp.ufpel.edu.br\/ppgartes\/files\/2021\/03\/turma7_Fernanda-Fedrizzi-Loureiro-de-Lima-400x400.png 400w, https:\/\/wp.ufpel.edu.br\/ppgartes\/files\/2021\/03\/turma7_Fernanda-Fedrizzi-Loureiro-de-Lima.png 500w\" sizes=\"(max-width: 200px) 100vw, 200px\" \/><\/a><\/p>\n<p><span style=\"font-family: georgia, palatino, serif;font-size: 12pt\"><span style=\"font-size: 18pt\"><strong><span style=\"font-family: 'trebuchet ms', geneva, sans-serif\">Fernanda Fedrizzi Loureiro de Lima <span style=\"font-size: 10pt;color: #999999\">\/\u00a0<\/span><\/span><\/strong><\/span><span style=\"font-family: 'trebuchet ms', geneva, sans-serif;font-size: 10pt\"><a href=\"http:\/\/lattes.cnpq.br\/8362399008203203\" target=\"_blank\" rel=\"noopener noreferrer\"><span style=\"color: #999999\">Curr\u00edculum Lattes<\/span><\/a><br \/>\n<strong>Linha de Pesquisa<\/strong>: <a href=\"https:\/\/wp.ufpel.edu.br\/mestradoartesvisuais\/linhas-de-pesquisa\/processos-de-criacao-e-poeticas-do-cotidiano\/\">Processos de Cria\u00e7\u00e3o e Po\u00e9ticas do Cotidiano<\/a><\/span><\/span><\/p>\n<p style=\"text-align: justify\"><span style=\"font-family: 'trebuchet ms', geneva, sans-serif;font-size: 10pt\"><strong>Texto introdut\u00f3rio:<\/strong> Mestra em Artes Visuais (2020), na linha de pesquisa Processos de Cria\u00e7\u00e3o e Po\u00e9ticas do Cotidiano, pela Universidade Federal de Pelotas (PPGAV\/UFPel), com bolsa Capes, e graduanda em Hist\u00f3ria da Arte na Universidade Federal do Rio Grande do Sul (UFRGS). Especialista em Design Estrat\u00e9gico (2016) e bacharela em Arquitetura e Urbanismo (2013) pela Universidade do Vale do Rio dos Sinos (UNISINOS). Foi bolsista pelo programa UNIBRAL II\/CAPES\/DAAD estudando Arquitetura e Urbanismo na Detmolder Schule f\u00fcr Architektur und Innenarchitektur, da Ostwestfalen-Lippe University of Applied Sciences (HS-OWL), em Detmold, na Alemanha (2012) e tamb\u00e9m na Sungkyunkwan University, em Seul, na Coreia do Sul, onde cursou Architectural Design and the Natural Environment, com bolsa cedida pela UNISINOS (2013). Na UFPEL, participa do projeto de pesquisa &#8220;Lugares-Livro: dimens\u00f5es materiais e po\u00e9ticas&#8221;, que estabelece reflex\u00f5es acerca do livro de artista e construindo rela\u00e7\u00f5es com a comunidade, instaurando debates e promovendo, assim, um interc\u00e2mbio entre pesquisas art\u00edsticas, corpo docente e discente e p\u00fablico de modo geral, projeto de pesquisa &#8220;Po\u00e9ticas NO Espa\u00e7o: investiga\u00e7\u00f5es, proposi\u00e7\u00f5es de formas de presen\u00e7a&#8221;, que busca pensar as formas poss\u00edveis de proposi\u00e7\u00f5es de outros espa\u00e7os para arte. e &#8220;DESLOCC: Deslocamentos, Observ\u00e2ncias e Cartografias Contempor\u00e2neas&#8221;, que atua e investiga as rela\u00e7\u00f5es entre arte e cotidiano, a cartografia de artistas, processos de compartilhamentos, o deslocamento como ato est\u00e9tico, os espa\u00e7os de apresenta\u00e7\u00e3o da paisagem cotidiana na arte contempor\u00e2nea. Atua tamb\u00e9m na Corp\u00f3rea, uma organiza\u00e7\u00e3o art\u00edstica voltada para a produ\u00e7\u00e3o cultural. (Texto extra\u00eddo diretamente da plataforma Lattes)<\/span><\/p>\n<hr \/>\n<p><span style=\"font-family: 'trebuchet ms', geneva, sans-serif;font-size: 10pt\"><strong>T\u00edtulo da disserta\u00e7\u00e3o<br \/>\n<a href=\"http:\/\/guaiaca.ufpel.edu.br:8080\/handle\/prefix\/6867\"><span style=\"font-size: 14pt\">TOPOFAGIAS: po\u00e9ticas arquitetadas entre cidade, palavra e as artes visuais<\/span><\/a><\/strong><br \/>\n<\/span><span style=\"font-family: 'trebuchet ms', geneva, sans-serif;font-size: 10pt\"><strong>Orientador(a):<\/strong> <a href=\"https:\/\/wp.ufpel.edu.br\/mestradoartesvisuais\/helene-gomes-sacco\/\">Profa. Dra. Helene Gomes Sacco (PPGAV\/UFPel)<\/a><br \/>\n<\/span><\/p>\n<p style=\"text-align: justify\"><span style=\"font-family: 'trebuchet ms', geneva, sans-serif;font-size: 10pt\"><strong>RESUMO<br \/>\n<\/strong>A disserta\u00e7\u00e3o apresenta uma produ\u00e7\u00e3o po\u00e9tica que se estrutura a partir do macro, na cidade, e se encaminha para o micro, a palavra \u2013 mas em movimento, permitindo que os pensamentos fluam entre os assuntos. Inicio o texto realizando um estudo preliminar da minha trajet\u00f3ria por meio dos lugares por onde passei, abordando a tem\u00e1tica das cidades, como elas s\u00e3o representadas, os mal-estares urbanos e a necessidade de se entender de onde percebemos o mundo. Em um segundo momento, fa\u00e7o um mergulho em dire\u00e7\u00e3o ao que se d\u00e1 entre cidade e palavra, apresentando o principal conceito deste trabalho, topofagia, refletindo sobre o que ocorre quando nos alimentamos dos lugares, pensando as rela\u00e7\u00f5es que podem surgir entre lugares reais e imaginados. Por fim, escrevo sobre a palavra, como e por que escrevo, sobre as publica\u00e7\u00f5es e impressos, meio que acolhe minha po\u00e9tica e a materializa no mundo. Abordo tamb\u00e9m trabalhos que surgiram dos gritos mudos do isolamento social fruto da epidemia de COVID-19 e a arte como estrat\u00e9gia de sobreviv\u00eancia. Os trabalhos a serem apresentados ganharam corpo entre Porto Alegre e Pelotas, mas t\u00eam origem em experi\u00eancias vividas em muitas outras cidades que se acumularam em mim e deixaram marcas. Estas se traduzem entre cartografias, fotografias, desenhos, escritos e neologismos, onde a rela\u00e7\u00e3o entre impressos, m\u00faltiplos e mapas, a cria\u00e7\u00e3o de lugares nos pap\u00e9is, apresenta a busca pela cidade desejo, a Outra Cidade. Dialogo com refer\u00eancias te\u00f3ricas que circulam, principalmente, entre as \u00e1reas de artes visuais, arquitetura e urbanismo e psican\u00e1lise. Ao longo da conversa, apresento produ\u00e7\u00f5es das artistas Paola Monzillo, Let\u00edcia Lampert e Marina Camargo, entre outras, para refletir quest\u00f5es pontuais do meu trabalho.<\/span><\/p>\n<p><span style=\"font-family: 'trebuchet ms', geneva, sans-serif;font-size: 10pt\"><strong>Palavras-chave:<\/strong> Topofagia; Cidade; Palavra; Artes visuais; Arquitetura e urbanismo.<\/span><\/p>\n<p><span style=\"font-family: 'trebuchet ms', geneva, sans-serif;font-size: 10pt\"><strong>Banca:<br \/>\n<\/strong><\/span><span style=\"font-family: 'trebuchet ms', geneva, sans-serif;font-size: 10pt\">Profa. Dra. Renata Azevedo Requi\u00e3o<br \/>\nProfa. Dra. Gabriela Motta<br \/>\nProfa. Dra. Eduarda Azevedo Gon\u00e7alves<\/span><\/p>\n<p><span style=\"font-family: 'trebuchet ms', geneva, sans-serif;font-size: 10pt\"><strong>Data:<\/strong> 13\/outubro\/2020<\/span><\/p>\n<h3 style=\"text-align: center\"><span style=\"font-family: 'trebuchet ms', geneva, sans-serif;font-size: 12pt\">Acompanhamento:<\/span><\/h3>\n<hr \/>\n<div class=\"layout-cell-pad-5 text-align-right\"><\/div>\n<div><\/div>\n<div><\/div>\n<div><\/div>\n<div><\/div>\n<div class=\"layout-cell layout-cell-1 text-align-right\"><\/div>\n<div class=\"ms-editor-squiggler\" style=\"color: initial;font: initial;background: initial;background-blend-mode: initial;border: initial;border-radius: initial;border-collapse: initial;caption-side: initial;clear: initial;columns: initial;column-fill: initial;column-rule: initial;column-span: initial;cursor: initial;flex: initial;flex-flow: initial;float: initial;height: 0px;letter-spacing: initial;margin: initial;max-height: initial;max-width: initial;min-height: initial;min-width: initial;overflow: initial;padding: initial;text-align: initial;text-decoration: initial;text-indent: initial;text-transform: initial;vertical-align: initial;border-spacing: initial;width: initial\"><\/div>\n<div class=\"ms-editor-squiggler\" style=\"color: initial;font: initial;background: initial;background-blend-mode: initial;border: initial;border-radius: initial;border-collapse: initial;caption-side: initial;clear: initial;columns: initial;column-fill: initial;column-rule: initial;column-span: initial;cursor: initial;flex: initial;flex-flow: initial;float: initial;height: 0px;letter-spacing: initial;margin: initial;max-height: initial;max-width: initial;min-height: initial;min-width: initial;overflow: initial;padding: initial;text-align: initial;text-decoration: initial;text-indent: initial;text-transform: initial;vertical-align: initial;border-spacing: initial;width: initial\"><\/div>\n<div class=\"ms-editor-squiggler\" style=\"color: initial;font: initial;background: initial;background-blend-mode: initial;border: initial;border-radius: initial;border-collapse: initial;caption-side: initial;clear: initial;columns: initial;column-fill: initial;column-rule: initial;column-span: initial;cursor: initial;flex: initial;flex-flow: initial;float: initial;height: 0px;letter-spacing: initial;margin: initial;max-height: initial;max-width: initial;min-height: initial;min-width: initial;overflow: initial;padding: initial;text-align: initial;text-decoration: initial;text-indent: initial;text-transform: initial;vertical-align: initial;border-spacing: initial;width: initial\"><\/div>\n<div class=\"ms-editor-squiggler\" style=\"color: initial;font: initial;background: initial;background-blend-mode: initial;border: initial;border-radius: initial;border-collapse: initial;caption-side: initial;clear: initial;columns: initial;column-fill: initial;column-rule: initial;column-span: initial;cursor: initial;flex: initial;flex-flow: initial;float: initial;height: 0px;letter-spacing: initial;margin: initial;max-height: initial;max-width: initial;min-height: initial;min-width: initial;overflow: initial;padding: initial;text-align: initial;text-decoration: initial;text-indent: initial;text-transform: initial;vertical-align: initial;border-spacing: initial;width: initial\"><\/div>\n<div class=\"ms-editor-squiggler\" style=\"color: initial;font: initial;background: initial;background-blend-mode: initial;border: initial;border-radius: initial;border-collapse: initial;caption-side: initial;clear: initial;columns: initial;column-fill: initial;column-rule: initial;column-span: initial;cursor: initial;flex: initial;flex-flow: initial;float: initial;height: 0px;letter-spacing: initial;margin: initial;max-height: initial;max-width: initial;min-height: initial;min-width: initial;overflow: initial;padding: initial;text-align: initial;text-decoration: initial;text-indent: initial;text-transform: initial;vertical-align: initial;border-spacing: initial;width: initial\"><\/div>\n<div class=\"ms-editor-squiggler\" style=\"color: initial;font: initial;background: initial;background-blend-mode: initial;border: initial;border-radius: initial;border-collapse: initial;caption-side: initial;clear: initial;columns: initial;column-fill: initial;column-rule: initial;column-span: initial;cursor: initial;flex: initial;flex-flow: initial;float: initial;height: 0px;letter-spacing: initial;margin: initial;max-height: initial;max-width: initial;min-height: initial;min-width: initial;overflow: initial;padding: initial;text-align: initial;text-decoration: initial;text-indent: initial;text-transform: initial;vertical-align: initial;border-spacing: initial;width: initial\"><\/div>\n<div class=\"ms-editor-squiggler\" style=\"color: initial;font: initial;background: initial;background-blend-mode: initial;border: initial;border-radius: initial;border-collapse: initial;caption-side: initial;clear: initial;columns: initial;column-fill: initial;column-rule: initial;column-span: initial;cursor: initial;flex: initial;flex-flow: initial;float: initial;height: 0px;letter-spacing: initial;margin: initial;max-height: initial;max-width: initial;min-height: initial;min-width: initial;overflow: initial;padding: initial;text-align: initial;text-decoration: initial;text-indent: initial;text-transform: initial;vertical-align: initial;border-spacing: initial;width: initial\"><\/div>\n<div class=\"ms-editor-squiggler\" style=\"color: initial;font: initial;background: initial;background-blend-mode: initial;border: initial;border-radius: initial;border-collapse: initial;caption-side: initial;clear: initial;columns: initial;column-fill: initial;column-rule: initial;column-span: initial;cursor: initial;flex: initial;flex-flow: initial;float: initial;height: 0px;letter-spacing: initial;margin: initial;max-height: initial;max-width: initial;min-height: initial;min-width: initial;overflow: initial;padding: initial;text-align: initial;text-decoration: initial;text-indent: initial;text-transform: initial;vertical-align: initial;border-spacing: initial;width: initial\"><\/div>\n<div class=\"ms-editor-squiggler\" style=\"color: initial;font: initial;background: initial;background-blend-mode: initial;border: initial;border-radius: initial;border-collapse: initial;caption-side: initial;clear: initial;columns: initial;column-fill: initial;column-rule: initial;column-span: initial;cursor: initial;flex: initial;flex-flow: initial;float: initial;height: 0px;letter-spacing: initial;margin: initial;max-height: initial;max-width: initial;min-height: initial;min-width: initial;overflow: initial;padding: initial;text-align: initial;text-decoration: initial;text-indent: initial;text-transform: initial;vertical-align: initial;border-spacing: initial;width: initial\"><\/div>\n","protected":false},"excerpt":{"rendered":"<p>Fernanda Fedrizzi Loureiro de Lima \/\u00a0Curr\u00edculum Lattes Linha de Pesquisa: Processos de Cria\u00e7\u00e3o e Po\u00e9ticas do Cotidiano Texto introdut\u00f3rio: Mestra em Artes Visuais (2020), na linha de pesquisa Processos de Cria\u00e7\u00e3o e Po\u00e9ticas do Cotidiano, pela Universidade Federal de Pelotas (PPGAV\/UFPel), com bolsa Capes, e graduanda em Hist\u00f3ria da Arte na Universidade Federal do Rio [&hellip;]<\/p>\n","protected":false},"author":1258,"featured_media":0,"parent":0,"menu_order":0,"comment_status":"closed","ping_status":"closed","template":"","meta":{"footnotes":""},"class_list":["post-5340","page","type-page","status-publish","hentry"],"_links":{"self":[{"href":"https:\/\/wp.ufpel.edu.br\/ppgartes\/wp-json\/wp\/v2\/pages\/5340","targetHints":{"allow":["GET"]}}],"collection":[{"href":"https:\/\/wp.ufpel.edu.br\/ppgartes\/wp-json\/wp\/v2\/pages"}],"about":[{"href":"https:\/\/wp.ufpel.edu.br\/ppgartes\/wp-json\/wp\/v2\/types\/page"}],"author":[{"embeddable":true,"href":"https:\/\/wp.ufpel.edu.br\/ppgartes\/wp-json\/wp\/v2\/users\/1258"}],"replies":[{"embeddable":true,"href":"https:\/\/wp.ufpel.edu.br\/ppgartes\/wp-json\/wp\/v2\/comments?post=5340"}],"version-history":[{"count":0,"href":"https:\/\/wp.ufpel.edu.br\/ppgartes\/wp-json\/wp\/v2\/pages\/5340\/revisions"}],"wp:attachment":[{"href":"https:\/\/wp.ufpel.edu.br\/ppgartes\/wp-json\/wp\/v2\/media?parent=5340"}],"curies":[{"name":"wp","href":"https:\/\/api.w.org\/{rel}","templated":true}]}}