{"id":5331,"date":"2021-03-25T09:17:46","date_gmt":"2021-03-25T12:17:46","guid":{"rendered":"https:\/\/wp.ufpel.edu.br\/mestradoartesvisuais\/?page_id=5331"},"modified":"2021-03-25T09:17:46","modified_gmt":"2021-03-25T12:17:46","slug":"caroline-ribeiro-paz","status":"publish","type":"page","link":"https:\/\/wp.ufpel.edu.br\/ppgartes\/caroline-ribeiro-paz\/","title":{"rendered":"Caroline Ribeiro Paz"},"content":{"rendered":"<p><a href=\"https:\/\/wp.ufpel.edu.br\/ppgartes\/files\/2021\/03\/turma7_Caroline-Ribeiro-Paz.png\"><img class=\"wp-image-5422 size-thumbnail alignleft\" src=\"https:\/\/wp.ufpel.edu.br\/ppgartes\/files\/2021\/03\/turma7_Caroline-Ribeiro-Paz-200x200.png\" alt=\"\" width=\"200\" height=\"200\" srcset=\"https:\/\/wp.ufpel.edu.br\/ppgartes\/files\/2021\/03\/turma7_Caroline-Ribeiro-Paz-200x200.png 200w, https:\/\/wp.ufpel.edu.br\/ppgartes\/files\/2021\/03\/turma7_Caroline-Ribeiro-Paz-400x400.png 400w, https:\/\/wp.ufpel.edu.br\/ppgartes\/files\/2021\/03\/turma7_Caroline-Ribeiro-Paz.png 500w\" sizes=\"(max-width: 200px) 100vw, 200px\" \/><\/a><\/p>\n<p><span style=\"font-family: georgia, palatino, serif;font-size: 12pt\"><span style=\"font-size: 18pt\"><strong><span style=\"font-family: 'trebuchet ms', geneva, sans-serif\">Caroline Ribeiro Paz <span style=\"font-size: 10pt;color: #999999\">\/\u00a0<\/span><\/span><\/strong><\/span><span style=\"font-family: 'trebuchet ms', geneva, sans-serif;font-size: 10pt\"><a href=\"http:\/\/lattes.cnpq.br\/4085199786588020\" target=\"_blank\" rel=\"noopener noreferrer\"><span style=\"color: #999999\">Curr\u00edculum Lattes<\/span><\/a><br \/>\n<strong>Linha de Pesquisa<\/strong>: <a href=\"https:\/\/wp.ufpel.edu.br\/mestradoartesvisuais\/linhas-de-pesquisa\/processos-de-criacao-e-poeticas-do-cotidiano\/\">Processos de Cria\u00e7\u00e3o e Po\u00e9ticas do Cotidiano<\/a><\/span><\/span><\/p>\n<p style=\"text-align: justify\"><span style=\"font-family: 'trebuchet ms', geneva, sans-serif;font-size: 10pt\"><strong>Texto introdut\u00f3rio:<\/strong> Licenciada em Dan\u00e7a pela Universidade Federal de Pelotas (UFPEL); Mestranda em Artes Visuais no PPGAV &#8211; Programa de P\u00f3s-gradua\u00e7\u00e3o em Artes Visuais, UFPEL; Bolsista da PRPPGI (Pr\u00f3-Reitoria de Pesquisa, P\u00f3s-Gradua\u00e7\u00e3o e Inova\u00e7\u00e3o; Integrante do Grupo de Pesquisa OMEGA ? Observat\u00f3rio de Mem\u00f3ria, Educa\u00e7\u00e3o, Gesto e Arte (UFPEL); Bailarina da Abamba\u00e9 Companhia de Dan\u00e7as Brasileiras. Artista e pesquisadora ligada as tem\u00e1ticas da cultura e religiosidade afro-brasileiras e folcl\u00f3ricas. Atuante tamb\u00e9m como professora, bailarina, core\u00f3grafa, preparadora corporal. (Texto extra\u00eddo diretamente da plataforma Lattes)<\/span><\/p>\n<hr \/>\n<p><span style=\"font-family: 'trebuchet ms', geneva, sans-serif;font-size: 10pt\"><strong>T\u00edtulo da disserta\u00e7\u00e3o<br \/>\n<a href=\"http:\/\/guaiaca.ufpel.edu.br:8080\/handle\/prefix\/7886\"><span style=\"font-size: 14pt\">Entre as palhas de Xapan\u00e3: sentidos e conex\u00f5es para a cria\u00e7\u00e3o etno-performativa<\/span><\/a><br \/>\nOrientador(a): <\/strong><a href=\"https:\/\/wp.ufpel.edu.br\/mestradoartesvisuais\/thiago-silva-de-amorim-jesus\/\">Prof. Dr. Thiago Silva de Amorim Jesus<\/a><\/span><\/p>\n<p style=\"text-align: justify\"><span style=\"font-family: 'trebuchet ms', geneva, sans-serif;font-size: 10pt\"><strong>RESUMO<br \/>\n<\/strong><\/span><span style=\"font-family: 'trebuchet ms', geneva, sans-serif;font-size: 10pt\">A pesquisa apresentada refere-se a disserta\u00e7\u00e3o de mestrado desenvolvida junto ao <\/span><span style=\"font-family: 'trebuchet ms', geneva, sans-serif;font-size: 10pt\">Programa de P\u00f3s-Gradua\u00e7\u00e3o em Artes Visuais do Centro de Artes da Universidade <\/span><span style=\"font-family: 'trebuchet ms', geneva, sans-serif;font-size: 10pt\">Federal de Pelotas \u2013 UFPel, vinculada \u00e0 linha de pesquisa Processos de Cria\u00e7\u00e3o e <\/span><span style=\"font-family: 'trebuchet ms', geneva, sans-serif;font-size: 10pt\">Po\u00e9ticas do Cotidiano. O objetivo principal foi compor uma obra art\u00edstica de car\u00e1ter <\/span><span style=\"font-family: 'trebuchet ms', geneva, sans-serif;font-size: 10pt\">etnoperformativo e problematiz\u00e1-la a partir da experimenta\u00e7\u00e3o e cria\u00e7\u00e3o de um novo <\/span><span style=\"font-family: 'trebuchet ms', geneva, sans-serif;font-size: 10pt\">olhar sobre os gestos e sentidos inspirados no Orix\u00e1 Xapan\u00e3, por meio de uma <\/span><span style=\"font-family: 'trebuchet ms', geneva, sans-serif;font-size: 10pt\">v\u00eddeodan\u00e7a. Tem-se como objetivos espec\u00edficos: produzir um material em <\/span><span style=\"font-family: 'trebuchet ms', geneva, sans-serif;font-size: 10pt\">v\u00eddeodan\u00e7a como forma de valoriza\u00e7\u00e3o e divulga\u00e7\u00e3o da tem\u00e1tica negra; refletir <\/span><span style=\"font-family: 'trebuchet ms', geneva, sans-serif;font-size: 10pt\">sobre o processo criativo em dan\u00e7a em torno do universo do Orix\u00e1 Xapan\u00e3; <\/span><span style=\"font-family: 'trebuchet ms', geneva, sans-serif;font-size: 10pt\">contribuir para a divulga\u00e7\u00e3o das artes negras atrav\u00e9s de uma obra de v\u00eddeodan\u00e7a <\/span><span style=\"font-family: 'trebuchet ms', geneva, sans-serif;font-size: 10pt\">afroreferenciada. O estudo, que adotou como linha te\u00f3rico-metodol\u00f3gica a <\/span><span style=\"font-family: 'trebuchet ms', geneva, sans-serif;font-size: 10pt\">etnografia performativa, aborda um processo de cria\u00e7\u00e3o art\u00edstica inspirado no Orix\u00e1 <\/span><span style=\"font-family: 'trebuchet ms', geneva, sans-serif;font-size: 10pt\">Xapan\u00e3 e em seus signos, no qual busquei, atrav\u00e9s de experimenta\u00e7\u00f5es que <\/span><span style=\"font-family: 'trebuchet ms', geneva, sans-serif;font-size: 10pt\">emergiram do meu corpo em movimento, a constru\u00e7\u00e3o de uma obra audiovisual em <\/span><span style=\"font-family: 'trebuchet ms', geneva, sans-serif;font-size: 10pt\">performance que resultou na cria\u00e7\u00e3o da obra em v\u00eddeo \u2015Atoto\u00f3 \u2013 interditos e <\/span><span style=\"font-family: 'trebuchet ms', geneva, sans-serif;font-size: 10pt\">mist\u00e9rios do negrocorpo\u2016, em parceria com a artista B\u00e1rbara Cezano. Foram <\/span><span style=\"font-family: 'trebuchet ms', geneva, sans-serif;font-size: 10pt\">adotados como principais referenciais te\u00f3ricos: (SILVA,2014); (RIBEIRO, 2019); <\/span><span style=\"font-family: 'trebuchet ms', geneva, sans-serif;font-size: 10pt\">(DUMAS, 2019); (CORR\u00caA, 1992); (DANTAS, 2016); (SAMPAIO, 2012); (COELHO, <\/span><span style=\"font-family: 'trebuchet ms', geneva, sans-serif;font-size: 10pt\">2019); (OSTROWER, 1981); (NETO, 2019); (MUNANGA,2005); (C\u00d4RTEZ,2013); <\/span><span style=\"font-family: 'trebuchet ms', geneva, sans-serif;font-size: 10pt\">(PRANDI, 2005; 2001);(GUIMAR\u00c3ES, 2017); (FERREIRA, 2011), entre outros que <\/span><span style=\"font-family: 'trebuchet ms', geneva, sans-serif;font-size: 10pt\">tamb\u00e9m colaboraram para o desenvolvimento dessa escrita. Procurou-se explorar <\/span><span style=\"font-family: 'trebuchet ms', geneva, sans-serif;font-size: 10pt\">elementos associados ao universo afrorreligioso mediante uma visualidade <\/span><span style=\"font-family: 'trebuchet ms', geneva, sans-serif;font-size: 10pt\">contempor\u00e2nea, evitando o distanciamento de aspectos ancestrais da cultura negra <\/span><span style=\"font-family: 'trebuchet ms', geneva, sans-serif;font-size: 10pt\">que se articulam com o Batuque no Rio Grande do Sul, tomando por base minha <\/span><span style=\"font-family: 'trebuchet ms', geneva, sans-serif;font-size: 10pt\">experi\u00eancia como praticante e frequentadora de um Terreiro. A pesquisa se\u00a0<\/span><span style=\"font-family: 'trebuchet ms', geneva, sans-serif;font-size: 10pt\">conduziu por uma linha narrativa que teve como ponto central a rela\u00e7\u00e3o indiv\u00edduo-<\/span><span style=\"font-family: 'trebuchet ms', geneva, sans-serif;font-size: 10pt\">orix\u00e1-religiosidade, traduzindo e relendo para a cena em v\u00eddeo alguns dos\u00a0<\/span><span style=\"font-family: 'trebuchet ms', geneva, sans-serif;font-size: 10pt\">elementos que representassem ou fizerem refer\u00eancia a essa divindade, tais como a <\/span><span style=\"font-family: 'trebuchet ms', geneva, sans-serif;font-size: 10pt\">pipoca, a palha, o fogo. Em suma, o foco esteve voltado para a explora\u00e7\u00e3o de <\/span><span style=\"font-family: 'trebuchet ms', geneva, sans-serif;font-size: 10pt\">caracter\u00edsticas em sua dan\u00e7a, de forma direta e indireta, o movimento e o n\u00e3o <\/span><span style=\"font-family: 'trebuchet ms', geneva, sans-serif;font-size: 10pt\">movimento, orientando-se pela energia e for\u00e7a que s\u00e3o marcas de Xapan\u00e3, <\/span><span style=\"font-family: 'trebuchet ms', geneva, sans-serif;font-size: 10pt\">mantendo, como caracter\u00edstica essencial, o mist\u00e9rio que envolve a mitologia <\/span><span style=\"font-family: 'trebuchet ms', geneva, sans-serif;font-size: 10pt\">associada a este Orix\u00e1 que tematiza a obra.<\/span><\/p>\n<p><span style=\"font-family: 'trebuchet ms', geneva, sans-serif;font-size: 10pt\"><strong>Palavras-chave:<\/strong> Orix\u00e1 Xapan\u00e3. V\u00eddeo-Dan\u00e7a. Negritude. Etnografia Performativa.<\/span><\/p>\n<p><span style=\"font-family: 'trebuchet ms', geneva, sans-serif;font-size: 10pt\"><strong>Banca:<br \/>\n<\/strong>Profa. Dra. Am\u00e9lia Vit\u00f3ria Conrado<br \/>\nProfa. Dra. Ros\u00e2ngela Fachel de Medeiros<strong><br \/>\n<\/strong><\/span><\/p>\n<p><span style=\"font-family: 'trebuchet ms', geneva, sans-serif;font-size: 10pt\"><strong>Data:<\/strong> 28\/abril\/2021<\/span><\/p>\n<h3 style=\"text-align: center\"><span style=\"font-family: 'trebuchet ms', geneva, sans-serif;font-size: 12pt\">Acompanhamento:<\/span><\/h3>\n<hr \/>\n<div class=\"layout-cell-pad-5 text-align-right\"><\/div>\n<div><\/div>\n<div><\/div>\n<div><\/div>\n<div><\/div>\n<div class=\"layout-cell layout-cell-1 text-align-right\"><\/div>\n<div class=\"ms-editor-squiggler\" style=\"color: initial;font: initial;background: initial;background-blend-mode: initial;border: initial;border-radius: initial;border-collapse: initial;caption-side: initial;clear: initial;columns: initial;column-fill: initial;column-rule: initial;column-span: initial;cursor: initial;flex: initial;flex-flow: initial;float: initial;height: 0px;letter-spacing: initial;margin: initial;max-height: initial;max-width: initial;min-height: initial;min-width: initial;overflow: initial;padding: initial;text-align: initial;text-decoration: initial;text-indent: initial;text-transform: initial;vertical-align: initial;border-spacing: initial;width: initial\"><\/div>\n<div class=\"ms-editor-squiggler\" style=\"color: initial;font: initial;background: initial;background-blend-mode: initial;border: initial;border-radius: initial;border-collapse: initial;caption-side: initial;clear: initial;columns: initial;column-fill: initial;column-rule: initial;column-span: initial;cursor: initial;flex: initial;flex-flow: initial;float: initial;height: 0px;letter-spacing: initial;margin: initial;max-height: initial;max-width: initial;min-height: initial;min-width: initial;overflow: initial;padding: initial;text-align: initial;text-decoration: initial;text-indent: initial;text-transform: initial;vertical-align: initial;border-spacing: initial;width: initial\"><\/div>\n<div class=\"ms-editor-squiggler\" style=\"color: initial;font: initial;background: initial;background-blend-mode: initial;border: initial;border-radius: initial;border-collapse: initial;caption-side: initial;clear: initial;columns: initial;column-fill: initial;column-rule: initial;column-span: initial;cursor: initial;flex: initial;flex-flow: initial;float: initial;height: 0px;letter-spacing: initial;margin: initial;max-height: initial;max-width: initial;min-height: initial;min-width: initial;overflow: initial;padding: initial;text-align: initial;text-decoration: initial;text-indent: initial;text-transform: initial;vertical-align: initial;border-spacing: initial;width: initial\"><\/div>\n<div class=\"ms-editor-squiggler\" style=\"color: initial;font: initial;background: initial;background-blend-mode: initial;border: initial;border-radius: initial;border-collapse: initial;caption-side: initial;clear: initial;columns: initial;column-fill: initial;column-rule: initial;column-span: initial;cursor: initial;flex: initial;flex-flow: initial;float: initial;height: 0px;letter-spacing: initial;margin: initial;max-height: initial;max-width: initial;min-height: initial;min-width: initial;overflow: initial;padding: initial;text-align: initial;text-decoration: initial;text-indent: initial;text-transform: initial;vertical-align: initial;border-spacing: initial;width: initial\"><\/div>\n<div class=\"ms-editor-squiggler\" style=\"color: initial;font: initial;background: initial;background-blend-mode: initial;border: initial;border-radius: initial;border-collapse: initial;caption-side: initial;clear: initial;columns: initial;column-fill: initial;column-rule: initial;column-span: initial;cursor: initial;flex: initial;flex-flow: initial;float: initial;height: 0px;letter-spacing: initial;margin: initial;max-height: initial;max-width: initial;min-height: initial;min-width: initial;overflow: initial;padding: initial;text-align: initial;text-decoration: initial;text-indent: initial;text-transform: initial;vertical-align: initial;border-spacing: initial;width: initial\"><\/div>\n<div class=\"ms-editor-squiggler\" style=\"color: initial;font: initial;background: initial;background-blend-mode: initial;border: initial;border-radius: initial;border-collapse: initial;caption-side: initial;clear: initial;columns: initial;column-fill: initial;column-rule: initial;column-span: initial;cursor: initial;flex: initial;flex-flow: initial;float: initial;height: 0px;letter-spacing: initial;margin: initial;max-height: initial;max-width: initial;min-height: initial;min-width: initial;overflow: initial;padding: initial;text-align: initial;text-decoration: initial;text-indent: initial;text-transform: initial;vertical-align: initial;border-spacing: initial;width: initial\"><\/div>\n<div class=\"ms-editor-squiggler\" style=\"color: initial;font: initial;background: initial;background-blend-mode: initial;border: initial;border-radius: initial;border-collapse: initial;caption-side: initial;clear: initial;columns: initial;column-fill: initial;column-rule: initial;column-span: initial;cursor: initial;flex: initial;flex-flow: initial;float: initial;height: 0px;letter-spacing: initial;margin: initial;max-height: initial;max-width: initial;min-height: initial;min-width: initial;overflow: initial;padding: initial;text-align: initial;text-decoration: initial;text-indent: initial;text-transform: initial;vertical-align: initial;border-spacing: initial;width: initial\"><\/div>\n<div class=\"ms-editor-squiggler\" style=\"color: initial;font: initial;background: initial;background-blend-mode: initial;border: initial;border-radius: initial;border-collapse: initial;caption-side: initial;clear: initial;columns: initial;column-fill: initial;column-rule: initial;column-span: initial;cursor: initial;flex: initial;flex-flow: initial;float: initial;height: 0px;letter-spacing: initial;margin: initial;max-height: initial;max-width: initial;min-height: initial;min-width: initial;overflow: initial;padding: initial;text-align: initial;text-decoration: initial;text-indent: initial;text-transform: initial;vertical-align: initial;border-spacing: initial;width: initial\"><\/div>\n<div class=\"ms-editor-squiggler\" style=\"color: initial;font: initial;background: initial;background-blend-mode: initial;border: initial;border-radius: initial;border-collapse: initial;caption-side: initial;clear: initial;columns: initial;column-fill: initial;column-rule: initial;column-span: initial;cursor: initial;flex: initial;flex-flow: initial;float: initial;height: 0px;letter-spacing: initial;margin: initial;max-height: initial;max-width: initial;min-height: initial;min-width: initial;overflow: initial;padding: initial;text-align: initial;text-decoration: initial;text-indent: initial;text-transform: initial;vertical-align: initial;border-spacing: initial;width: initial\"><\/div>\n","protected":false},"excerpt":{"rendered":"<p>Caroline Ribeiro Paz \/\u00a0Curr\u00edculum Lattes Linha de Pesquisa: Processos de Cria\u00e7\u00e3o e Po\u00e9ticas do Cotidiano Texto introdut\u00f3rio: Licenciada em Dan\u00e7a pela Universidade Federal de Pelotas (UFPEL); Mestranda em Artes Visuais no PPGAV &#8211; Programa de P\u00f3s-gradua\u00e7\u00e3o em Artes Visuais, UFPEL; Bolsista da PRPPGI (Pr\u00f3-Reitoria de Pesquisa, P\u00f3s-Gradua\u00e7\u00e3o e Inova\u00e7\u00e3o; Integrante do Grupo de Pesquisa OMEGA [&hellip;]<\/p>\n","protected":false},"author":1258,"featured_media":0,"parent":0,"menu_order":0,"comment_status":"closed","ping_status":"closed","template":"","meta":{"footnotes":""},"class_list":["post-5331","page","type-page","status-publish","hentry"],"_links":{"self":[{"href":"https:\/\/wp.ufpel.edu.br\/ppgartes\/wp-json\/wp\/v2\/pages\/5331","targetHints":{"allow":["GET"]}}],"collection":[{"href":"https:\/\/wp.ufpel.edu.br\/ppgartes\/wp-json\/wp\/v2\/pages"}],"about":[{"href":"https:\/\/wp.ufpel.edu.br\/ppgartes\/wp-json\/wp\/v2\/types\/page"}],"author":[{"embeddable":true,"href":"https:\/\/wp.ufpel.edu.br\/ppgartes\/wp-json\/wp\/v2\/users\/1258"}],"replies":[{"embeddable":true,"href":"https:\/\/wp.ufpel.edu.br\/ppgartes\/wp-json\/wp\/v2\/comments?post=5331"}],"version-history":[{"count":0,"href":"https:\/\/wp.ufpel.edu.br\/ppgartes\/wp-json\/wp\/v2\/pages\/5331\/revisions"}],"wp:attachment":[{"href":"https:\/\/wp.ufpel.edu.br\/ppgartes\/wp-json\/wp\/v2\/media?parent=5331"}],"curies":[{"name":"wp","href":"https:\/\/api.w.org\/{rel}","templated":true}]}}