{"id":5328,"date":"2021-03-25T09:12:51","date_gmt":"2021-03-25T12:12:51","guid":{"rendered":"https:\/\/wp.ufpel.edu.br\/mestradoartesvisuais\/?page_id=5328"},"modified":"2021-03-25T09:12:51","modified_gmt":"2021-03-25T12:12:51","slug":"barbara-cezano-rody","status":"publish","type":"page","link":"https:\/\/wp.ufpel.edu.br\/ppgartes\/barbara-cezano-rody\/","title":{"rendered":"B\u00e1rbara Cezano Rody"},"content":{"rendered":"<p><a href=\"https:\/\/wp.ufpel.edu.br\/ppgartes\/files\/2021\/03\/turma7_Barbara-Cezano-Rody.png\"><img class=\"wp-image-5423 size-thumbnail alignleft\" src=\"https:\/\/wp.ufpel.edu.br\/ppgartes\/files\/2021\/03\/turma7_Barbara-Cezano-Rody-200x200.png\" alt=\"\" width=\"200\" height=\"200\" srcset=\"https:\/\/wp.ufpel.edu.br\/ppgartes\/files\/2021\/03\/turma7_Barbara-Cezano-Rody-200x200.png 200w, https:\/\/wp.ufpel.edu.br\/ppgartes\/files\/2021\/03\/turma7_Barbara-Cezano-Rody-400x400.png 400w, https:\/\/wp.ufpel.edu.br\/ppgartes\/files\/2021\/03\/turma7_Barbara-Cezano-Rody.png 500w\" sizes=\"(max-width: 200px) 100vw, 200px\" \/><\/a><\/p>\n<p>&nbsp;<\/p>\n<p>&nbsp;<\/p>\n<p>&nbsp;<\/p>\n<p><span style=\"font-family: georgia, palatino, serif;font-size: 12pt\"><span style=\"font-size: 18pt\"><strong><span style=\"font-family: 'trebuchet ms', geneva, sans-serif\">B\u00e1rbara Cezano Rody <span style=\"font-size: 10pt;color: #999999\">\/\u00a0<\/span><\/span><\/strong><\/span><span style=\"font-family: 'trebuchet ms', geneva, sans-serif;font-size: 10pt\"><a href=\"http:\/\/lattes.cnpq.br\/5206612386075236\" target=\"_blank\" rel=\"noopener noreferrer\"><span style=\"color: #999999\">Curr\u00edculum Lattes<\/span><\/a><br \/>\n<strong>Linha de Pesquisa<\/strong>: <a href=\"https:\/\/wp.ufpel.edu.br\/mestradoartesvisuais\/linhas-de-pesquisa\/educacao-em-artes-e-processos-de-formacao-estetica\/\">Educa\u00e7\u00e3o em Artes e Processos de Forma\u00e7\u00e3o Est\u00e9tica<\/a><br \/>\n<\/span><\/span><span style=\"font-family: georgia, palatino, serif;font-size: 12pt\"><span style=\"font-family: 'trebuchet ms', geneva, sans-serif;font-size: 10pt\"><strong>Data de nascimento:\u00a0<\/strong><\/span><\/span><\/p>\n<p style=\"text-align: justify\"><span style=\"font-family: 'trebuchet ms', geneva, sans-serif;font-size: 10pt\"><strong>Texto introdut\u00f3rio:<\/strong> \u00c9 artista, arte-educadora, produtora cultural e pesquisadora. Integra o Negada Produ\u00e7\u00f5es como diretora de fotografia e produtora. Lan\u00e7ou, em 2020 o curta-metragem PREL\u00daDIO, no concurso Impulso Cultural ? WAWA ABA, da Mostra Itinerante de Cinemas Negros Mahomed Bamba e participou da III Mostra Clandestina. Atuou como produtora e montadora no Programa Conex\u00f5es, 2020, transmitido pelo canal comunit\u00e1rio TV Kirimur\u00ea, em Salvador &#8211; BA e produtora e diretora de fotografia da webs\u00e9rie Lute como umx artista, na plataforma Youtube, em 2019-2020. Ingressou no mestrado em Artes Visuais UFPEL, em 2018, e conquistou a bolsa do programa de Capacita\u00e7\u00e3o de Aperfei\u00e7oamento de Pessoal de N\u00edvel Superior (Capes) entre os anos de 2019 e 2020. Produziu o v\u00eddeo-performance Corpos Vibr\u00e1teis, apresentado na Exposi\u00e7\u00e3o ANTE\/VER\/TER no Museu Leopoldo Gotuzzo, em Pelotas &#8211; RS, em 2019. Fez est\u00e1gio doc\u00eancia na disciplina de Fotografia no curso de Artes Visuais &#8211; modalidade Licenciatura da UFPel. Colaborou em 2018, como assistente de dire\u00e7\u00e3o do clipe ?Por que N\u00e3o??, do rapper Mano Rick. Fez parte da produ\u00e7\u00e3o do Agosto Negro de 2016 e 2017, organizou atividades para escolas perif\u00e9ricas de Pelotas. Co-fundadora do Centro Cultural Marrabenta, em 2016, desenvolveu atividades de rap, blues, bailes charme e cineclubes voltado para o protagonismo negro, chamado The Blackcine. O cineclube conseguiu ser contemplado em 2017, pelo Procultura de Pelotas, a partir da Lei de Incentivo e Fundo de Apoio \u00e0 Cultura. Organizando o The Blackcine na Perifa, Mostra de Cinema Itinerante por bairros e escolas perif\u00e9ricas de Pelotas. Na gradua\u00e7\u00e3o participou das atividades de pesquisa te\u00f3ricas e pr\u00e1ticas do Photographein &#8211; N\u00facleo de Pesquisa em Fotografia e Educa\u00e7\u00e3o (UFPel\/CNPq), com o foco na fotografia e o corpo, ministrou oficinas de c\u00e2mera pinhole, no ano de 2014, em turmas de ensino fundamental e m\u00e9dio, al\u00e9m de atividades na rua com dispositivos fotogr\u00e1ficos. (Texto extra\u00eddo diretamente da plataforma Lattes)<span class=\"texto\">.<\/span><\/span><\/p>\n<hr \/>\n<p><span style=\"font-family: 'trebuchet ms', geneva, sans-serif;font-size: 10pt\"><strong>T\u00edtulo da disserta\u00e7\u00e3o<br \/>\n<span style=\"font-size: 14pt\">CINEGRAS: Gri\u00f4s de audiovisualidades afroc\u00eantricas do Cinema Negro no Brasil<\/span><\/strong><br \/>\n<\/span><span style=\"font-family: 'trebuchet ms', geneva, sans-serif;font-size: 10pt\"><strong>Orientador(a):<\/strong> Profa. Dra. Larissa Patron Chaves (PPGAV\/UFPel)<br \/>\n<\/span><\/p>\n<p style=\"text-align: justify\"><span style=\"font-family: 'trebuchet ms', geneva, sans-serif;font-size: 10pt\"><strong>RESUMO<\/strong><\/span><\/p>\n<p>&nbsp;<\/p>\n<p><span style=\"font-family: 'trebuchet ms', geneva, sans-serif;font-size: 10pt\"><strong>Palavras-chave:<\/strong>\u00a0<\/span><\/p>\n<p><span style=\"font-family: 'trebuchet ms', geneva, sans-serif;font-size: 10pt\"><strong>Banca:<br \/>\n<\/strong><\/span><span style=\"font-family: 'trebuchet ms', geneva, sans-serif;font-size: 10pt\">Profa. Dra. Loredana Ribeiro<br \/>\nProf. Dr. Felipe Merker Castellani<br \/>\nProfa. Dra. Jana\u00edna Oliveira<\/span><\/p>\n<p><span style=\"font-family: 'trebuchet ms', geneva, sans-serif;font-size: 10pt\"><strong>Data:<\/strong> 04\/fevereiro\/2021<\/span><\/p>\n<p>&nbsp;<\/p>\n<p>&nbsp;<\/p>\n<h3 style=\"text-align: center\"><span style=\"font-family: 'trebuchet ms', geneva, sans-serif;font-size: 12pt\">Acompanhamento:<\/span><\/h3>\n<hr \/>\n<div class=\"layout-cell-pad-5 text-align-right\"><\/div>\n<div><\/div>\n<div><\/div>\n<div><\/div>\n<div><\/div>\n<div class=\"layout-cell layout-cell-1 text-align-right\"><\/div>\n<p>&nbsp;<\/p>\n<p>&nbsp;<\/p>\n<p>&nbsp;<\/p>\n<p>&nbsp;<\/p>\n<p>&nbsp;<\/p>\n<p>&nbsp;<\/p>\n<p>&nbsp;<\/p>\n<div class=\"ms-editor-squiggler\" style=\"color: initial;font: initial;background: initial;background-blend-mode: initial;border: initial;border-radius: initial;border-collapse: initial;caption-side: initial;clear: initial;columns: initial;column-fill: initial;column-rule: initial;column-span: initial;cursor: initial;flex: initial;flex-flow: initial;float: initial;height: 0px;letter-spacing: initial;margin: initial;max-height: initial;max-width: initial;min-height: initial;min-width: initial;overflow: initial;padding: initial;text-align: initial;text-decoration: initial;text-indent: initial;text-transform: initial;vertical-align: initial;border-spacing: initial;width: initial\"><\/div>\n<div class=\"ms-editor-squiggler\" style=\"color: initial;font: initial;background: initial;background-blend-mode: initial;border: initial;border-radius: initial;border-collapse: initial;caption-side: initial;clear: initial;columns: initial;column-fill: initial;column-rule: initial;column-span: initial;cursor: initial;flex: initial;flex-flow: initial;float: initial;height: 0px;letter-spacing: initial;margin: initial;max-height: initial;max-width: initial;min-height: initial;min-width: initial;overflow: initial;padding: initial;text-align: initial;text-decoration: initial;text-indent: initial;text-transform: initial;vertical-align: initial;border-spacing: initial;width: initial\"><\/div>\n<div class=\"ms-editor-squiggler\" style=\"color: initial;font: initial;background: initial;background-blend-mode: initial;border: initial;border-radius: initial;border-collapse: initial;caption-side: initial;clear: initial;columns: initial;column-fill: initial;column-rule: initial;column-span: initial;cursor: initial;flex: initial;flex-flow: initial;float: initial;height: 0px;letter-spacing: initial;margin: initial;max-height: initial;max-width: initial;min-height: initial;min-width: initial;overflow: initial;padding: initial;text-align: initial;text-decoration: initial;text-indent: initial;text-transform: initial;vertical-align: initial;border-spacing: initial;width: initial\"><\/div>\n<div class=\"ms-editor-squiggler\" style=\"color: initial;font: initial;background: initial;background-blend-mode: initial;border: initial;border-radius: initial;border-collapse: initial;caption-side: initial;clear: initial;columns: initial;column-fill: initial;column-rule: initial;column-span: initial;cursor: initial;flex: initial;flex-flow: initial;float: initial;height: 0px;letter-spacing: initial;margin: initial;max-height: initial;max-width: initial;min-height: initial;min-width: initial;overflow: initial;padding: initial;text-align: initial;text-decoration: initial;text-indent: initial;text-transform: initial;vertical-align: initial;border-spacing: initial;width: initial\"><\/div>\n<div class=\"ms-editor-squiggler\" style=\"color: initial;font: initial;background: initial;background-blend-mode: initial;border: initial;border-radius: initial;border-collapse: initial;caption-side: initial;clear: initial;columns: initial;column-fill: initial;column-rule: initial;column-span: initial;cursor: initial;flex: initial;flex-flow: initial;float: initial;height: 0px;letter-spacing: initial;margin: initial;max-height: initial;max-width: initial;min-height: initial;min-width: initial;overflow: initial;padding: initial;text-align: initial;text-decoration: initial;text-indent: initial;text-transform: initial;vertical-align: initial;border-spacing: initial;width: initial\"><\/div>\n<div class=\"ms-editor-squiggler\" style=\"color: initial;font: initial;background: initial;background-blend-mode: initial;border: initial;border-radius: initial;border-collapse: initial;caption-side: initial;clear: initial;columns: initial;column-fill: initial;column-rule: initial;column-span: initial;cursor: initial;flex: initial;flex-flow: initial;float: initial;height: 0px;letter-spacing: initial;margin: initial;max-height: initial;max-width: initial;min-height: initial;min-width: initial;overflow: initial;padding: initial;text-align: initial;text-decoration: initial;text-indent: initial;text-transform: initial;vertical-align: initial;border-spacing: initial;width: initial\"><\/div>\n<div class=\"ms-editor-squiggler\" style=\"color: initial;font: initial;background: initial;background-blend-mode: initial;border: initial;border-radius: initial;border-collapse: initial;caption-side: initial;clear: initial;columns: initial;column-fill: initial;column-rule: initial;column-span: initial;cursor: initial;flex: initial;flex-flow: initial;float: initial;height: 0px;letter-spacing: initial;margin: initial;max-height: initial;max-width: initial;min-height: initial;min-width: initial;overflow: initial;padding: initial;text-align: initial;text-decoration: initial;text-indent: initial;text-transform: initial;vertical-align: initial;border-spacing: initial;width: initial\"><\/div>\n<div class=\"ms-editor-squiggler\" style=\"color: initial;font: initial;background: initial;background-blend-mode: initial;border: initial;border-radius: initial;border-collapse: initial;caption-side: initial;clear: initial;columns: initial;column-fill: initial;column-rule: initial;column-span: initial;cursor: initial;flex: initial;flex-flow: initial;float: initial;height: 0px;letter-spacing: initial;margin: initial;max-height: initial;max-width: initial;min-height: initial;min-width: initial;overflow: initial;padding: initial;text-align: initial;text-decoration: initial;text-indent: initial;text-transform: initial;vertical-align: initial;border-spacing: initial;width: initial\"><\/div>\n<div class=\"ms-editor-squiggler\" style=\"color: initial;font: initial;background: initial;background-blend-mode: initial;border: initial;border-radius: initial;border-collapse: initial;caption-side: initial;clear: initial;columns: initial;column-fill: initial;column-rule: initial;column-span: initial;cursor: initial;flex: initial;flex-flow: initial;float: initial;height: 0px;letter-spacing: initial;margin: initial;max-height: initial;max-width: initial;min-height: initial;min-width: initial;overflow: initial;padding: initial;text-align: initial;text-decoration: initial;text-indent: initial;text-transform: initial;vertical-align: initial;border-spacing: initial;width: initial\"><\/div>\n","protected":false},"excerpt":{"rendered":"<p>&nbsp; &nbsp; &nbsp; B\u00e1rbara Cezano Rody \/\u00a0Curr\u00edculum Lattes Linha de Pesquisa: Educa\u00e7\u00e3o em Artes e Processos de Forma\u00e7\u00e3o Est\u00e9tica Data de nascimento:\u00a0 Texto introdut\u00f3rio: \u00c9 artista, arte-educadora, produtora cultural e pesquisadora. Integra o Negada Produ\u00e7\u00f5es como diretora de fotografia e produtora. Lan\u00e7ou, em 2020 o curta-metragem PREL\u00daDIO, no concurso Impulso Cultural ? WAWA ABA, da [&hellip;]<\/p>\n","protected":false},"author":1258,"featured_media":0,"parent":0,"menu_order":0,"comment_status":"closed","ping_status":"closed","template":"","meta":{"footnotes":""},"class_list":["post-5328","page","type-page","status-publish","hentry"],"_links":{"self":[{"href":"https:\/\/wp.ufpel.edu.br\/ppgartes\/wp-json\/wp\/v2\/pages\/5328","targetHints":{"allow":["GET"]}}],"collection":[{"href":"https:\/\/wp.ufpel.edu.br\/ppgartes\/wp-json\/wp\/v2\/pages"}],"about":[{"href":"https:\/\/wp.ufpel.edu.br\/ppgartes\/wp-json\/wp\/v2\/types\/page"}],"author":[{"embeddable":true,"href":"https:\/\/wp.ufpel.edu.br\/ppgartes\/wp-json\/wp\/v2\/users\/1258"}],"replies":[{"embeddable":true,"href":"https:\/\/wp.ufpel.edu.br\/ppgartes\/wp-json\/wp\/v2\/comments?post=5328"}],"version-history":[{"count":0,"href":"https:\/\/wp.ufpel.edu.br\/ppgartes\/wp-json\/wp\/v2\/pages\/5328\/revisions"}],"wp:attachment":[{"href":"https:\/\/wp.ufpel.edu.br\/ppgartes\/wp-json\/wp\/v2\/media?parent=5328"}],"curies":[{"name":"wp","href":"https:\/\/api.w.org\/{rel}","templated":true}]}}

Bárbara Cezano Rody

<p><a href="https://wp.ufpel.edu.br/ppgartes/files/2021/03/turma7_Barbara-Cezano-Rody.png"><img class="wp-image-5423 size-thumbnail alignleft" src="https://wp.ufpel.edu.br/ppgartes/files/2021/03/turma7_Barbara-Cezano-Rody-200x200.png" alt="" width="200" height="200" srcset="https://wp.ufpel.edu.br/ppgartes/files/2021/03/turma7_Barbara-Cezano-Rody-200x200.png 200w, https://wp.ufpel.edu.br/ppgartes/files/2021/03/turma7_Barbara-Cezano-Rody-400x400.png 400w, https://wp.ufpel.edu.br/ppgartes/files/2021/03/turma7_Barbara-Cezano-Rody.png 500w" sizes="(max-width: 200px) 100vw, 200px" /></a></p>
<p>&nbsp;</p>
<p>&nbsp;</p>
<p>&nbsp;</p>
<p><span style="font-family: georgia, palatino, serif;font-size: 12pt"><span style="font-size: 18pt"><strong><span style="font-family: 'trebuchet ms', geneva, sans-serif">Bárbara Cezano Rody <span style="font-size: 10pt;color: #999999">/ </span></span></strong></span><span style="font-family: 'trebuchet ms', geneva, sans-serif;font-size: 10pt"><a href="http://lattes.cnpq.br/5206612386075236" target="_blank" rel="noopener noreferrer"><span style="color: #999999">Currículum Lattes</span></a><br />
<strong>Linha de Pesquisa</strong>: <a href="https://wp.ufpel.edu.br/mestradoartesvisuais/linhas-de-pesquisa/educacao-em-artes-e-processos-de-formacao-estetica/">Educação em Artes e Processos de Formação Estética</a><br />
</span></span><span style="font-family: georgia, palatino, serif;font-size: 12pt"><span style="font-family: 'trebuchet ms', geneva, sans-serif;font-size: 10pt"><strong>Data de nascimento: </strong></span></span></p>
<p style="text-align: justify"><span style="font-family: 'trebuchet ms', geneva, sans-serif;font-size: 10pt"><strong>Texto introdutório:</strong> É artista, arte-educadora, produtora cultural e pesquisadora. Integra o Negada Produções como diretora de fotografia e produtora. Lançou, em 2020 o curta-metragem PRELÚDIO, no concurso Impulso Cultural ? WAWA ABA, da Mostra Itinerante de Cinemas Negros Mahomed Bamba e participou da III Mostra Clandestina. Atuou como produtora e montadora no Programa Conexões, 2020, transmitido pelo canal comunitário TV Kirimurê, em Salvador &#8211; BA e produtora e diretora de fotografia da websérie Lute como umx artista, na plataforma Youtube, em 2019-2020. Ingressou no mestrado em Artes Visuais UFPEL, em 2018, e conquistou a bolsa do programa de Capacitação de Aperfeiçoamento de Pessoal de Nível Superior (Capes) entre os anos de 2019 e 2020. Produziu o vídeo-performance Corpos Vibráteis, apresentado na Exposição ANTE/VER/TER no Museu Leopoldo Gotuzzo, em Pelotas &#8211; RS, em 2019. Fez estágio docência na disciplina de Fotografia no curso de Artes Visuais &#8211; modalidade Licenciatura da UFPel. Colaborou em 2018, como assistente de direção do clipe ?Por que Não??, do rapper Mano Rick. Fez parte da produção do Agosto Negro de 2016 e 2017, organizou atividades para escolas periféricas de Pelotas. Co-fundadora do Centro Cultural Marrabenta, em 2016, desenvolveu atividades de rap, blues, bailes charme e cineclubes voltado para o protagonismo negro, chamado The Blackcine. O cineclube conseguiu ser contemplado em 2017, pelo Procultura de Pelotas, a partir da Lei de Incentivo e Fundo de Apoio à Cultura. Organizando o The Blackcine na Perifa, Mostra de Cinema Itinerante por bairros e escolas periféricas de Pelotas. Na graduação participou das atividades de pesquisa teóricas e práticas do Photographein &#8211; Núcleo de Pesquisa em Fotografia e Educação (UFPel/CNPq), com o foco na fotografia e o corpo, ministrou oficinas de câmera pinhole, no ano de 2014, em turmas de ensino fundamental e médio, além de atividades na rua com dispositivos fotográficos. (Texto extraído diretamente da plataforma Lattes)<span class="texto">.</span></span></p>
<hr />
<p><span style="font-family: 'trebuchet ms', geneva, sans-serif;font-size: 10pt"><strong>Título da dissertação<br />
<span style="font-size: 14pt">CINEGRAS: Griôs de audiovisualidades afrocêntricas do Cinema Negro no Brasil</span></strong><br />
</span><span style="font-family: 'trebuchet ms', geneva, sans-serif;font-size: 10pt"><strong>Orientador(a):</strong> Profa. Dra. Larissa Patron Chaves (PPGAV/UFPel)<br />
</span></p>
<p style="text-align: justify"><span style="font-family: 'trebuchet ms', geneva, sans-serif;font-size: 10pt"><strong>RESUMO</strong></span></p>
<p>&nbsp;</p>
<p><span style="font-family: 'trebuchet ms', geneva, sans-serif;font-size: 10pt"><strong>Palavras-chave:</strong> </span></p>
<p><span style="font-family: 'trebuchet ms', geneva, sans-serif;font-size: 10pt"><strong>Banca:<br />
</strong></span><span style="font-family: 'trebuchet ms', geneva, sans-serif;font-size: 10pt">Profa. Dra. Loredana Ribeiro<br />
Prof. Dr. Felipe Merker Castellani<br />
Profa. Dra. Janaína Oliveira</span></p>
<p><span style="font-family: 'trebuchet ms', geneva, sans-serif;font-size: 10pt"><strong>Data:</strong> 04/fevereiro/2021</span></p>
<p>&nbsp;</p>
<p>&nbsp;</p>
<h3 style="text-align: center"><span style="font-family: 'trebuchet ms', geneva, sans-serif;font-size: 12pt">Acompanhamento:</span></h3>
<hr />
<div class="layout-cell-pad-5 text-align-right"></div>
<div></div>
<div></div>
<div></div>
<div></div>
<div class="layout-cell layout-cell-1 text-align-right"></div>
<p>&nbsp;</p>
<p>&nbsp;</p>
<p>&nbsp;</p>
<p>&nbsp;</p>
<p>&nbsp;</p>
<p>&nbsp;</p>
<p>&nbsp;</p>
<div class="ms-editor-squiggler" style="color: initial;font: initial;background: initial;background-blend-mode: initial;border: initial;border-radius: initial;border-collapse: initial;caption-side: initial;clear: initial;columns: initial;column-fill: initial;column-rule: initial;column-span: initial;cursor: initial;flex: initial;flex-flow: initial;float: initial;height: 0px;letter-spacing: initial;margin: initial;max-height: initial;max-width: initial;min-height: initial;min-width: initial;overflow: initial;padding: initial;text-align: initial;text-decoration: initial;text-indent: initial;text-transform: initial;vertical-align: initial;border-spacing: initial;width: initial"></div>
<div class="ms-editor-squiggler" style="color: initial;font: initial;background: initial;background-blend-mode: initial;border: initial;border-radius: initial;border-collapse: initial;caption-side: initial;clear: initial;columns: initial;column-fill: initial;column-rule: initial;column-span: initial;cursor: initial;flex: initial;flex-flow: initial;float: initial;height: 0px;letter-spacing: initial;margin: initial;max-height: initial;max-width: initial;min-height: initial;min-width: initial;overflow: initial;padding: initial;text-align: initial;text-decoration: initial;text-indent: initial;text-transform: initial;vertical-align: initial;border-spacing: initial;width: initial"></div>
<div class="ms-editor-squiggler" style="color: initial;font: initial;background: initial;background-blend-mode: initial;border: initial;border-radius: initial;border-collapse: initial;caption-side: initial;clear: initial;columns: initial;column-fill: initial;column-rule: initial;column-span: initial;cursor: initial;flex: initial;flex-flow: initial;float: initial;height: 0px;letter-spacing: initial;margin: initial;max-height: initial;max-width: initial;min-height: initial;min-width: initial;overflow: initial;padding: initial;text-align: initial;text-decoration: initial;text-indent: initial;text-transform: initial;vertical-align: initial;border-spacing: initial;width: initial"></div>
<div class="ms-editor-squiggler" style="color: initial;font: initial;background: initial;background-blend-mode: initial;border: initial;border-radius: initial;border-collapse: initial;caption-side: initial;clear: initial;columns: initial;column-fill: initial;column-rule: initial;column-span: initial;cursor: initial;flex: initial;flex-flow: initial;float: initial;height: 0px;letter-spacing: initial;margin: initial;max-height: initial;max-width: initial;min-height: initial;min-width: initial;overflow: initial;padding: initial;text-align: initial;text-decoration: initial;text-indent: initial;text-transform: initial;vertical-align: initial;border-spacing: initial;width: initial"></div>
<div class="ms-editor-squiggler" style="color: initial;font: initial;background: initial;background-blend-mode: initial;border: initial;border-radius: initial;border-collapse: initial;caption-side: initial;clear: initial;columns: initial;column-fill: initial;column-rule: initial;column-span: initial;cursor: initial;flex: initial;flex-flow: initial;float: initial;height: 0px;letter-spacing: initial;margin: initial;max-height: initial;max-width: initial;min-height: initial;min-width: initial;overflow: initial;padding: initial;text-align: initial;text-decoration: initial;text-indent: initial;text-transform: initial;vertical-align: initial;border-spacing: initial;width: initial"></div>
<div class="ms-editor-squiggler" style="color: initial;font: initial;background: initial;background-blend-mode: initial;border: initial;border-radius: initial;border-collapse: initial;caption-side: initial;clear: initial;columns: initial;column-fill: initial;column-rule: initial;column-span: initial;cursor: initial;flex: initial;flex-flow: initial;float: initial;height: 0px;letter-spacing: initial;margin: initial;max-height: initial;max-width: initial;min-height: initial;min-width: initial;overflow: initial;padding: initial;text-align: initial;text-decoration: initial;text-indent: initial;text-transform: initial;vertical-align: initial;border-spacing: initial;width: initial"></div>
<div class="ms-editor-squiggler" style="color: initial;font: initial;background: initial;background-blend-mode: initial;border: initial;border-radius: initial;border-collapse: initial;caption-side: initial;clear: initial;columns: initial;column-fill: initial;column-rule: initial;column-span: initial;cursor: initial;flex: initial;flex-flow: initial;float: initial;height: 0px;letter-spacing: initial;margin: initial;max-height: initial;max-width: initial;min-height: initial;min-width: initial;overflow: initial;padding: initial;text-align: initial;text-decoration: initial;text-indent: initial;text-transform: initial;vertical-align: initial;border-spacing: initial;width: initial"></div>
<div class="ms-editor-squiggler" style="color: initial;font: initial;background: initial;background-blend-mode: initial;border: initial;border-radius: initial;border-collapse: initial;caption-side: initial;clear: initial;columns: initial;column-fill: initial;column-rule: initial;column-span: initial;cursor: initial;flex: initial;flex-flow: initial;float: initial;height: 0px;letter-spacing: initial;margin: initial;max-height: initial;max-width: initial;min-height: initial;min-width: initial;overflow: initial;padding: initial;text-align: initial;text-decoration: initial;text-indent: initial;text-transform: initial;vertical-align: initial;border-spacing: initial;width: initial"></div>
<div class="ms-editor-squiggler" style="color: initial;font: initial;background: initial;background-blend-mode: initial;border: initial;border-radius: initial;border-collapse: initial;caption-side: initial;clear: initial;columns: initial;column-fill: initial;column-rule: initial;column-span: initial;cursor: initial;flex: initial;flex-flow: initial;float: initial;height: 0px;letter-spacing: initial;margin: initial;max-height: initial;max-width: initial;min-height: initial;min-width: initial;overflow: initial;padding: initial;text-align: initial;text-decoration: initial;text-indent: initial;text-transform: initial;vertical-align: initial;border-spacing: initial;width: initial"></div>

<p>&nbsp; &nbsp; &nbsp; Bárbara Cezano Rody / Currículum Lattes Linha de Pesquisa: Educação em Artes e Processos de Formação Estética Data de nascimento:  Texto introdutório: É artista, arte-educadora, produtora cultural e pesquisadora. Integra o Negada Produções como diretora de fotografia e produtora. Lançou, em 2020 o curta-metragem PRELÚDIO, no concurso Impulso Cultural ? WAWA ABA, da [&hellip;]</p>
