{"id":5324,"date":"2021-03-25T08:56:21","date_gmt":"2021-03-25T11:56:21","guid":{"rendered":"https:\/\/wp.ufpel.edu.br\/mestradoartesvisuais\/?page_id=5324"},"modified":"2021-03-25T08:56:21","modified_gmt":"2021-03-25T11:56:21","slug":"ana-paula-siga-langone","status":"publish","type":"page","link":"https:\/\/wp.ufpel.edu.br\/ppgartes\/ana-paula-siga-langone\/","title":{"rendered":"Ana Paula Siga Langone"},"content":{"rendered":"<p><a href=\"https:\/\/wp.ufpel.edu.br\/ppgartes\/files\/2021\/03\/turma7_Ana-Paula-Siga-Langone.png\"><img class=\"wp-image-5424 size-thumbnail alignleft\" src=\"https:\/\/wp.ufpel.edu.br\/ppgartes\/files\/2021\/03\/turma7_Ana-Paula-Siga-Langone-200x200.png\" alt=\"\" width=\"200\" height=\"200\" srcset=\"https:\/\/wp.ufpel.edu.br\/ppgartes\/files\/2021\/03\/turma7_Ana-Paula-Siga-Langone-200x200.png 200w, https:\/\/wp.ufpel.edu.br\/ppgartes\/files\/2021\/03\/turma7_Ana-Paula-Siga-Langone-400x400.png 400w, https:\/\/wp.ufpel.edu.br\/ppgartes\/files\/2021\/03\/turma7_Ana-Paula-Siga-Langone.png 500w\" sizes=\"(max-width: 200px) 100vw, 200px\" \/><\/a><\/p>\n<p>&nbsp;<\/p>\n<p>&nbsp;<\/p>\n<p>&nbsp;<\/p>\n<p><span style=\"font-family: georgia, palatino, serif;font-size: 12pt\"><span style=\"font-size: 18pt\"><strong><span style=\"font-family: 'trebuchet ms', geneva, sans-serif\">Ana Paula Siga Langone <span style=\"font-size: 10pt;color: #999999\">\/\u00a0<\/span><\/span><\/strong><\/span><span style=\"font-family: 'trebuchet ms', geneva, sans-serif;font-size: 10pt\"><a href=\"http:\/\/lattes.cnpq.br\/3281956825812097\" target=\"_blank\" rel=\"noopener noreferrer\"><span style=\"color: #999999\">Curr\u00edculum Lattes<\/span><\/a><br \/>\n<strong>Linha de Pesquisa<\/strong>: <a href=\"https:\/\/wp.ufpel.edu.br\/mestradoartesvisuais\/linhas-de-pesquisa\/processos-de-criacao-e-poeticas-do-cotidiano\/\">Processos de Cria\u00e7\u00e3o e Po\u00e9ticas do Cotidiano<\/a><br \/>\n<\/span><\/span><span style=\"font-family: georgia, palatino, serif;font-size: 12pt\"><span style=\"font-family: 'trebuchet ms', geneva, sans-serif;font-size: 10pt\"><strong>Data de nascimento:\u00a0<\/strong><\/span><\/span><\/p>\n<p style=\"text-align: justify\"><span style=\"font-family: 'trebuchet ms', geneva, sans-serif;font-size: 10pt\"><strong>Texto introdut\u00f3rio:<\/strong> Estudante do Programa de P\u00f3s-Gradua\u00e7\u00e3o no Mestrado em Artes Visuais (PPGAV) da Universidade Federal de Pelotas (UFPel) com previs\u00e3o de t\u00e9rmino para mar\u00e7o de 2021, tamb\u00e9m cursa gradua\u00e7\u00e3o em Antropologia na mesma institui\u00e7\u00e3o. Durante a vida acad\u00eamica foi pesquisadora inicialmente pela Fapergs e depois CNPq com v\u00ednculo ao laborat\u00f3rio de fotografia do atual Centro Artes, UFPel. Neste per\u00edodo 2002 at\u00e9 2005, orientada por Francisca Michelon, come\u00e7a as investiga\u00e7\u00f5es com tem\u00e1ticas de g\u00eanero atrav\u00e9s da an\u00e1lise das fotografias contidas nas revistas ilustra\u00e7\u00e3o Pelotense do in\u00edcio do s\u00e9culo XX, na cidade de Pelotas-RS-Brasil. A pesquisa \u00e9 ampliada ao evidenciar a presen\u00e7a de mulheres negras nestas mesmas fotografias. Para disserta\u00e7\u00e3o final em 2005, na gradua\u00e7\u00e3o em Artes-Visuais hab. em Design Gr\u00e1fico &#8211; UFPel, orientada por Eliane Nunes, cria-se uma cole\u00e7\u00e3o de estampas inspiradas nos grafismos t\u00eaxteis produzidos pelos povos de Kuba, Congo &#8211; Africa. Enquanto Bacharel em Design Gr\u00e1fico fica vinculada dez anos (2005\/2015) com a ind\u00fastria no mercado da moda, em \u00e1reas do design de estampa, design gr\u00e1fico, design de produto e fashion design contratada por ind\u00fastrias licenciadas por marcas multinacionais. Sendo freelancer (2015\/2018) trabalhou entre social media, diretora de arte e designer gr\u00e1fico para setores diversos como: Confraria dos Org\u00e2nicos (Grupo do Movimento de Trabalhadores Desempregados &#8211; Caxias dos Sul) e o Mississippi Delta Blues Bar &amp; Mississippi Delta Blues Festival de Caxias do Sul e do Rio de Janeiro. Neste mesmo festival atuo tamb\u00e9m como produtora cultural, atividade que iniciou com as viv\u00eancias em coletivos em Pelotas (2002\/2004) e em Caxias dos Sul (2009-2014) e depois no curso de agentes culturais, da Teia Cultural. No teatro atuou em algumas pe\u00e7as e performances com grupos de teatro independentes e por contrato. Um dos trabalhos mais significativos foi a personagem de uma mulher negra doceira e contadora de hist\u00f3ria, inspirada na mestra Gri\u00f4 Sirlei Amaro, no Espa\u00e7o Arte do Doce na Fenadoce criado pelo artista Madu Lopes, em Pelotas-RS durante as edi\u00e7\u00f5es de 2017 e 2018. Atualmente a pesquisa est\u00e1 voltada no projeto de mestrado (2018\/2021) com vinculo na linha de pesquisa em Po\u00e9ticas do Cotidiano e Processos Criativos, financiado pela (CAPES) na qual produzo uma narrativa transm\u00eddia com a proposta de compartilhar as minhas viv\u00eancias de forma sens\u00edvel sobre um lugar chamado de Passo dos Negros, em Pelotas -RS. Regi\u00e3o na qual as pessoas que ali habitam lutam pela sua perman\u00eancia e trazem a tona hist\u00f3rias da antiga Pelotas, dos bar\u00f5es do charque aos grandes empres\u00e1rios. As narrativas que transcorrem sobre o local torna-o importante tanto para as comunidades negras como para a pr\u00f3pria cidade de Pelotas, atrav\u00e9s do reconhecimento do local como um patrim\u00f4nio cultural pelotense. Nesta conjuntura produzo uma narrativa po\u00e9tica propondo atrav\u00e9s das minhas ?artescreviv\u00eancia? que se misturam entre escrita, artes gr\u00e1ficas (camisetas-cartazes-postais), audiovisual, performance, para denunciar o processo de gentrifica\u00e7\u00e3o na regi\u00e3o. Nesta comunica\u00e7\u00e3o transmidi\u00e1tica narro uma hist\u00f3ria que amplia-se com ades\u00e3o de outras narrativas e outros co-autores. Nesses tr\u00e2nsitos, para tamb\u00e9m dialogar com outras \u00e1reas que atuam no P.N., participei entre os anos de (2018\/2020) do Grupo de Estudos de Etnografias Urbanas da Antropologia, UFPel . Enquanto feminista come\u00e7o a milit\u00e2ncia na Marcha Mundial das Mulheres a partir de 2009. No ano de 2019 juntamente com outras mulheres fundamos a ONG Usina Feminista na cidade de Pelotas, como objetivo gerar renda para as mulheres atrav\u00e9s da moda. Durante a pandemia da Covid 19 surge a Organiza\u00e7\u00e3o Corp\u00f3rea, uma iniciativa de mulheres na qual fui uma das idealizadoras, que tem como proposta exposi\u00e7\u00f5es virtuais para viabilizar outros espa\u00e7os expositivos durante o isolamento social. (Texto extra\u00eddo diretamente da plataforma Lattes)<\/span><\/p>\n<hr \/>\n<p><span style=\"font-family: 'trebuchet ms', geneva, sans-serif;font-size: 10pt\"><strong>T\u00edtulo da disserta\u00e7\u00e3o<br \/>\n<\/strong><br \/>\n<\/span><span style=\"font-family: 'trebuchet ms', geneva, sans-serif;font-size: 10pt\"><strong>Orientador(a):<\/strong><br \/>\n<\/span><\/p>\n<p style=\"text-align: justify\"><span style=\"font-family: 'trebuchet ms', geneva, sans-serif;font-size: 10pt\"><strong>RESUMO<\/strong><\/span><\/p>\n<p>&nbsp;<\/p>\n<p><span style=\"font-family: 'trebuchet ms', geneva, sans-serif;font-size: 10pt\"><strong>Palavras-chave:<\/strong>\u00a0<\/span><\/p>\n<p><span style=\"font-family: 'trebuchet ms', geneva, sans-serif;font-size: 10pt\"><strong>Banca:<br \/>\n<\/strong><\/span><\/p>\n<p><span style=\"font-family: 'trebuchet ms', geneva, sans-serif;font-size: 10pt\"><strong>Data:<\/strong>\u00a0<\/span><\/p>\n<p>&nbsp;<\/p>\n<p>&nbsp;<\/p>\n<h3 style=\"text-align: center\"><span style=\"font-family: 'trebuchet ms', geneva, sans-serif;font-size: 12pt\">Acompanhamento:<\/span><\/h3>\n<hr \/>\n<div class=\"layout-cell-pad-5 text-align-right\"><\/div>\n<div><\/div>\n<div><\/div>\n<div><\/div>\n<div><\/div>\n<div class=\"layout-cell layout-cell-1 text-align-right\"><\/div>\n<p>&nbsp;<\/p>\n<p>&nbsp;<\/p>\n<p>&nbsp;<\/p>\n<p>&nbsp;<\/p>\n<p>&nbsp;<\/p>\n<p>&nbsp;<\/p>\n<p>&nbsp;<\/p>\n<div class=\"ms-editor-squiggler\" style=\"color: initial;font: initial;background: initial;background-blend-mode: initial;border: initial;border-radius: initial;border-collapse: initial;caption-side: initial;clear: initial;columns: initial;column-fill: initial;column-rule: initial;column-span: initial;cursor: initial;flex: initial;flex-flow: initial;float: initial;height: 0px;letter-spacing: initial;margin: initial;max-height: initial;max-width: initial;min-height: initial;min-width: initial;overflow: initial;padding: initial;text-align: initial;text-decoration: initial;text-indent: initial;text-transform: initial;vertical-align: initial;border-spacing: initial;width: initial\"><\/div>\n<div class=\"ms-editor-squiggler\" style=\"color: initial;font: initial;background: initial;background-blend-mode: initial;border: initial;border-radius: initial;border-collapse: initial;caption-side: initial;clear: initial;columns: initial;column-fill: initial;column-rule: initial;column-span: initial;cursor: initial;flex: initial;flex-flow: initial;float: initial;height: 0px;letter-spacing: initial;margin: initial;max-height: initial;max-width: initial;min-height: initial;min-width: initial;overflow: initial;padding: initial;text-align: initial;text-decoration: initial;text-indent: initial;text-transform: initial;vertical-align: initial;border-spacing: initial;width: initial\"><\/div>\n<div class=\"ms-editor-squiggler\" style=\"color: initial;font: initial;background: initial;background-blend-mode: initial;border: initial;border-radius: initial;border-collapse: initial;caption-side: initial;clear: initial;columns: initial;column-fill: initial;column-rule: initial;column-span: initial;cursor: initial;flex: initial;flex-flow: initial;float: initial;height: 0px;letter-spacing: initial;margin: initial;max-height: initial;max-width: initial;min-height: initial;min-width: initial;overflow: initial;padding: initial;text-align: initial;text-decoration: initial;text-indent: initial;text-transform: initial;vertical-align: initial;border-spacing: initial;width: initial\"><\/div>\n<div class=\"ms-editor-squiggler\" style=\"color: initial;font: initial;background: initial;background-blend-mode: initial;border: initial;border-radius: initial;border-collapse: initial;caption-side: initial;clear: initial;columns: initial;column-fill: initial;column-rule: initial;column-span: initial;cursor: initial;flex: initial;flex-flow: initial;float: initial;height: 0px;letter-spacing: initial;margin: initial;max-height: initial;max-width: initial;min-height: initial;min-width: initial;overflow: initial;padding: initial;text-align: initial;text-decoration: initial;text-indent: initial;text-transform: initial;vertical-align: initial;border-spacing: initial;width: initial\"><\/div>\n<div class=\"ms-editor-squiggler\" style=\"color: initial;font: initial;background: initial;background-blend-mode: initial;border: initial;border-radius: initial;border-collapse: initial;caption-side: initial;clear: initial;columns: initial;column-fill: initial;column-rule: initial;column-span: initial;cursor: initial;flex: initial;flex-flow: initial;float: initial;height: 0px;letter-spacing: initial;margin: initial;max-height: initial;max-width: initial;min-height: initial;min-width: initial;overflow: initial;padding: initial;text-align: initial;text-decoration: initial;text-indent: initial;text-transform: initial;vertical-align: initial;border-spacing: initial;width: initial\"><\/div>\n<div class=\"ms-editor-squiggler\" style=\"color: initial;font: initial;background: initial;background-blend-mode: initial;border: initial;border-radius: initial;border-collapse: initial;caption-side: initial;clear: initial;columns: initial;column-fill: initial;column-rule: initial;column-span: initial;cursor: initial;flex: initial;flex-flow: initial;float: initial;height: 0px;letter-spacing: initial;margin: initial;max-height: initial;max-width: initial;min-height: initial;min-width: initial;overflow: initial;padding: initial;text-align: initial;text-decoration: initial;text-indent: initial;text-transform: initial;vertical-align: initial;border-spacing: initial;width: initial\"><\/div>\n<div class=\"ms-editor-squiggler\" style=\"color: initial;font: initial;background: initial;background-blend-mode: initial;border: initial;border-radius: initial;border-collapse: initial;caption-side: initial;clear: initial;columns: initial;column-fill: initial;column-rule: initial;column-span: initial;cursor: initial;flex: initial;flex-flow: initial;float: initial;height: 0px;letter-spacing: initial;margin: initial;max-height: initial;max-width: initial;min-height: initial;min-width: initial;overflow: initial;padding: initial;text-align: initial;text-decoration: initial;text-indent: initial;text-transform: initial;vertical-align: initial;border-spacing: initial;width: initial\"><\/div>\n<div class=\"ms-editor-squiggler\" style=\"color: initial;font: initial;background: initial;background-blend-mode: initial;border: initial;border-radius: initial;border-collapse: initial;caption-side: initial;clear: initial;columns: initial;column-fill: initial;column-rule: initial;column-span: initial;cursor: initial;flex: initial;flex-flow: initial;float: initial;height: 0px;letter-spacing: initial;margin: initial;max-height: initial;max-width: initial;min-height: initial;min-width: initial;overflow: initial;padding: initial;text-align: initial;text-decoration: initial;text-indent: initial;text-transform: initial;vertical-align: initial;border-spacing: initial;width: initial\"><\/div>\n<div class=\"ms-editor-squiggler\" style=\"color: initial;font: initial;background: initial;background-blend-mode: initial;border: initial;border-radius: initial;border-collapse: initial;caption-side: initial;clear: initial;columns: initial;column-fill: initial;column-rule: initial;column-span: initial;cursor: initial;flex: initial;flex-flow: initial;float: initial;height: 0px;letter-spacing: initial;margin: initial;max-height: initial;max-width: initial;min-height: initial;min-width: initial;overflow: initial;padding: initial;text-align: initial;text-decoration: initial;text-indent: initial;text-transform: initial;vertical-align: initial;border-spacing: initial;width: initial\"><\/div>\n","protected":false},"excerpt":{"rendered":"<p>&nbsp; &nbsp; &nbsp; Ana Paula Siga Langone \/\u00a0Curr\u00edculum Lattes Linha de Pesquisa: Processos de Cria\u00e7\u00e3o e Po\u00e9ticas do Cotidiano Data de nascimento:\u00a0 Texto introdut\u00f3rio: Estudante do Programa de P\u00f3s-Gradua\u00e7\u00e3o no Mestrado em Artes Visuais (PPGAV) da Universidade Federal de Pelotas (UFPel) com previs\u00e3o de t\u00e9rmino para mar\u00e7o de 2021, tamb\u00e9m cursa gradua\u00e7\u00e3o em Antropologia na [&hellip;]<\/p>\n","protected":false},"author":1258,"featured_media":0,"parent":0,"menu_order":0,"comment_status":"closed","ping_status":"closed","template":"","meta":{"footnotes":""},"class_list":["post-5324","page","type-page","status-publish","hentry"],"_links":{"self":[{"href":"https:\/\/wp.ufpel.edu.br\/ppgartes\/wp-json\/wp\/v2\/pages\/5324","targetHints":{"allow":["GET"]}}],"collection":[{"href":"https:\/\/wp.ufpel.edu.br\/ppgartes\/wp-json\/wp\/v2\/pages"}],"about":[{"href":"https:\/\/wp.ufpel.edu.br\/ppgartes\/wp-json\/wp\/v2\/types\/page"}],"author":[{"embeddable":true,"href":"https:\/\/wp.ufpel.edu.br\/ppgartes\/wp-json\/wp\/v2\/users\/1258"}],"replies":[{"embeddable":true,"href":"https:\/\/wp.ufpel.edu.br\/ppgartes\/wp-json\/wp\/v2\/comments?post=5324"}],"version-history":[{"count":0,"href":"https:\/\/wp.ufpel.edu.br\/ppgartes\/wp-json\/wp\/v2\/pages\/5324\/revisions"}],"wp:attachment":[{"href":"https:\/\/wp.ufpel.edu.br\/ppgartes\/wp-json\/wp\/v2\/media?parent=5324"}],"curies":[{"name":"wp","href":"https:\/\/api.w.org\/{rel}","templated":true}]}}

<p><a href="https://wp.ufpel.edu.br/ppgartes/files/2021/03/turma7_Ana-Paula-Siga-Langone.png"><img class="wp-image-5424 size-thumbnail alignleft" src="https://wp.ufpel.edu.br/ppgartes/files/2021/03/turma7_Ana-Paula-Siga-Langone-200x200.png" alt="" width="200" height="200" srcset="https://wp.ufpel.edu.br/ppgartes/files/2021/03/turma7_Ana-Paula-Siga-Langone-200x200.png 200w, https://wp.ufpel.edu.br/ppgartes/files/2021/03/turma7_Ana-Paula-Siga-Langone-400x400.png 400w, https://wp.ufpel.edu.br/ppgartes/files/2021/03/turma7_Ana-Paula-Siga-Langone.png 500w" sizes="(max-width: 200px) 100vw, 200px" /></a></p>
<p>&nbsp;</p>
<p>&nbsp;</p>
<p>&nbsp;</p>
<p><span style="font-family: georgia, palatino, serif;font-size: 12pt"><span style="font-size: 18pt"><strong><span style="font-family: 'trebuchet ms', geneva, sans-serif">Ana Paula Siga Langone <span style="font-size: 10pt;color: #999999">/ </span></span></strong></span><span style="font-family: 'trebuchet ms', geneva, sans-serif;font-size: 10pt"><a href="http://lattes.cnpq.br/3281956825812097" target="_blank" rel="noopener noreferrer"><span style="color: #999999">Currículum Lattes</span></a><br />
<strong>Linha de Pesquisa</strong>: <a href="https://wp.ufpel.edu.br/mestradoartesvisuais/linhas-de-pesquisa/processos-de-criacao-e-poeticas-do-cotidiano/">Processos de Criação e Poéticas do Cotidiano</a><br />
</span></span><span style="font-family: georgia, palatino, serif;font-size: 12pt"><span style="font-family: 'trebuchet ms', geneva, sans-serif;font-size: 10pt"><strong>Data de nascimento: </strong></span></span></p>
<p style="text-align: justify"><span style="font-family: 'trebuchet ms', geneva, sans-serif;font-size: 10pt"><strong>Texto introdutório:</strong> Estudante do Programa de Pós-Graduação no Mestrado em Artes Visuais (PPGAV) da Universidade Federal de Pelotas (UFPel) com previsão de término para março de 2021, também cursa graduação em Antropologia na mesma instituição. Durante a vida acadêmica foi pesquisadora inicialmente pela Fapergs e depois CNPq com vínculo ao laboratório de fotografia do atual Centro Artes, UFPel. Neste período 2002 até 2005, orientada por Francisca Michelon, começa as investigações com temáticas de gênero através da análise das fotografias contidas nas revistas ilustração Pelotense do início do século XX, na cidade de Pelotas-RS-Brasil. A pesquisa é ampliada ao evidenciar a presença de mulheres negras nestas mesmas fotografias. Para dissertação final em 2005, na graduação em Artes-Visuais hab. em Design Gráfico &#8211; UFPel, orientada por Eliane Nunes, cria-se uma coleção de estampas inspiradas nos grafismos têxteis produzidos pelos povos de Kuba, Congo &#8211; Africa. Enquanto Bacharel em Design Gráfico fica vinculada dez anos (2005/2015) com a indústria no mercado da moda, em áreas do design de estampa, design gráfico, design de produto e fashion design contratada por indústrias licenciadas por marcas multinacionais. Sendo freelancer (2015/2018) trabalhou entre social media, diretora de arte e designer gráfico para setores diversos como: Confraria dos Orgânicos (Grupo do Movimento de Trabalhadores Desempregados &#8211; Caxias dos Sul) e o Mississippi Delta Blues Bar &amp; Mississippi Delta Blues Festival de Caxias do Sul e do Rio de Janeiro. Neste mesmo festival atuo também como produtora cultural, atividade que iniciou com as vivências em coletivos em Pelotas (2002/2004) e em Caxias dos Sul (2009-2014) e depois no curso de agentes culturais, da Teia Cultural. No teatro atuou em algumas peças e performances com grupos de teatro independentes e por contrato. Um dos trabalhos mais significativos foi a personagem de uma mulher negra doceira e contadora de história, inspirada na mestra Griô Sirlei Amaro, no Espaço Arte do Doce na Fenadoce criado pelo artista Madu Lopes, em Pelotas-RS durante as edições de 2017 e 2018. Atualmente a pesquisa está voltada no projeto de mestrado (2018/2021) com vinculo na linha de pesquisa em Poéticas do Cotidiano e Processos Criativos, financiado pela (CAPES) na qual produzo uma narrativa transmídia com a proposta de compartilhar as minhas vivências de forma sensível sobre um lugar chamado de Passo dos Negros, em Pelotas -RS. Região na qual as pessoas que ali habitam lutam pela sua permanência e trazem a tona histórias da antiga Pelotas, dos barões do charque aos grandes empresários. As narrativas que transcorrem sobre o local torna-o importante tanto para as comunidades negras como para a própria cidade de Pelotas, através do reconhecimento do local como um patrimônio cultural pelotense. Nesta conjuntura produzo uma narrativa poética propondo através das minhas ?artescrevivência? que se misturam entre escrita, artes gráficas (camisetas-cartazes-postais), audiovisual, performance, para denunciar o processo de gentrificação na região. Nesta comunicação transmidiática narro uma história que amplia-se com adesão de outras narrativas e outros co-autores. Nesses trânsitos, para também dialogar com outras áreas que atuam no P.N., participei entre os anos de (2018/2020) do Grupo de Estudos de Etnografias Urbanas da Antropologia, UFPel . Enquanto feminista começo a militância na Marcha Mundial das Mulheres a partir de 2009. No ano de 2019 juntamente com outras mulheres fundamos a ONG Usina Feminista na cidade de Pelotas, como objetivo gerar renda para as mulheres através da moda. Durante a pandemia da Covid 19 surge a Organização Corpórea, uma iniciativa de mulheres na qual fui uma das idealizadoras, que tem como proposta exposições virtuais para viabilizar outros espaços expositivos durante o isolamento social. (Texto extraído diretamente da plataforma Lattes)</span></p>
<hr />
<p><span style="font-family: 'trebuchet ms', geneva, sans-serif;font-size: 10pt"><strong>Título da dissertação<br />
</strong><br />
</span><span style="font-family: 'trebuchet ms', geneva, sans-serif;font-size: 10pt"><strong>Orientador(a):</strong><br />
</span></p>
<p style="text-align: justify"><span style="font-family: 'trebuchet ms', geneva, sans-serif;font-size: 10pt"><strong>RESUMO</strong></span></p>
<p>&nbsp;</p>
<p><span style="font-family: 'trebuchet ms', geneva, sans-serif;font-size: 10pt"><strong>Palavras-chave:</strong> </span></p>
<p><span style="font-family: 'trebuchet ms', geneva, sans-serif;font-size: 10pt"><strong>Banca:<br />
</strong></span></p>
<p><span style="font-family: 'trebuchet ms', geneva, sans-serif;font-size: 10pt"><strong>Data:</strong> </span></p>
<p>&nbsp;</p>
<p>&nbsp;</p>
<h3 style="text-align: center"><span style="font-family: 'trebuchet ms', geneva, sans-serif;font-size: 12pt">Acompanhamento:</span></h3>
<hr />
<div class="layout-cell-pad-5 text-align-right"></div>
<div></div>
<div></div>
<div></div>
<div></div>
<div class="layout-cell layout-cell-1 text-align-right"></div>
<p>&nbsp;</p>
<p>&nbsp;</p>
<p>&nbsp;</p>
<p>&nbsp;</p>
<p>&nbsp;</p>
<p>&nbsp;</p>
<p>&nbsp;</p>
<div class="ms-editor-squiggler" style="color: initial;font: initial;background: initial;background-blend-mode: initial;border: initial;border-radius: initial;border-collapse: initial;caption-side: initial;clear: initial;columns: initial;column-fill: initial;column-rule: initial;column-span: initial;cursor: initial;flex: initial;flex-flow: initial;float: initial;height: 0px;letter-spacing: initial;margin: initial;max-height: initial;max-width: initial;min-height: initial;min-width: initial;overflow: initial;padding: initial;text-align: initial;text-decoration: initial;text-indent: initial;text-transform: initial;vertical-align: initial;border-spacing: initial;width: initial"></div>
<div class="ms-editor-squiggler" style="color: initial;font: initial;background: initial;background-blend-mode: initial;border: initial;border-radius: initial;border-collapse: initial;caption-side: initial;clear: initial;columns: initial;column-fill: initial;column-rule: initial;column-span: initial;cursor: initial;flex: initial;flex-flow: initial;float: initial;height: 0px;letter-spacing: initial;margin: initial;max-height: initial;max-width: initial;min-height: initial;min-width: initial;overflow: initial;padding: initial;text-align: initial;text-decoration: initial;text-indent: initial;text-transform: initial;vertical-align: initial;border-spacing: initial;width: initial"></div>
<div class="ms-editor-squiggler" style="color: initial;font: initial;background: initial;background-blend-mode: initial;border: initial;border-radius: initial;border-collapse: initial;caption-side: initial;clear: initial;columns: initial;column-fill: initial;column-rule: initial;column-span: initial;cursor: initial;flex: initial;flex-flow: initial;float: initial;height: 0px;letter-spacing: initial;margin: initial;max-height: initial;max-width: initial;min-height: initial;min-width: initial;overflow: initial;padding: initial;text-align: initial;text-decoration: initial;text-indent: initial;text-transform: initial;vertical-align: initial;border-spacing: initial;width: initial"></div>
<div class="ms-editor-squiggler" style="color: initial;font: initial;background: initial;background-blend-mode: initial;border: initial;border-radius: initial;border-collapse: initial;caption-side: initial;clear: initial;columns: initial;column-fill: initial;column-rule: initial;column-span: initial;cursor: initial;flex: initial;flex-flow: initial;float: initial;height: 0px;letter-spacing: initial;margin: initial;max-height: initial;max-width: initial;min-height: initial;min-width: initial;overflow: initial;padding: initial;text-align: initial;text-decoration: initial;text-indent: initial;text-transform: initial;vertical-align: initial;border-spacing: initial;width: initial"></div>
<div class="ms-editor-squiggler" style="color: initial;font: initial;background: initial;background-blend-mode: initial;border: initial;border-radius: initial;border-collapse: initial;caption-side: initial;clear: initial;columns: initial;column-fill: initial;column-rule: initial;column-span: initial;cursor: initial;flex: initial;flex-flow: initial;float: initial;height: 0px;letter-spacing: initial;margin: initial;max-height: initial;max-width: initial;min-height: initial;min-width: initial;overflow: initial;padding: initial;text-align: initial;text-decoration: initial;text-indent: initial;text-transform: initial;vertical-align: initial;border-spacing: initial;width: initial"></div>
<div class="ms-editor-squiggler" style="color: initial;font: initial;background: initial;background-blend-mode: initial;border: initial;border-radius: initial;border-collapse: initial;caption-side: initial;clear: initial;columns: initial;column-fill: initial;column-rule: initial;column-span: initial;cursor: initial;flex: initial;flex-flow: initial;float: initial;height: 0px;letter-spacing: initial;margin: initial;max-height: initial;max-width: initial;min-height: initial;min-width: initial;overflow: initial;padding: initial;text-align: initial;text-decoration: initial;text-indent: initial;text-transform: initial;vertical-align: initial;border-spacing: initial;width: initial"></div>
<div class="ms-editor-squiggler" style="color: initial;font: initial;background: initial;background-blend-mode: initial;border: initial;border-radius: initial;border-collapse: initial;caption-side: initial;clear: initial;columns: initial;column-fill: initial;column-rule: initial;column-span: initial;cursor: initial;flex: initial;flex-flow: initial;float: initial;height: 0px;letter-spacing: initial;margin: initial;max-height: initial;max-width: initial;min-height: initial;min-width: initial;overflow: initial;padding: initial;text-align: initial;text-decoration: initial;text-indent: initial;text-transform: initial;vertical-align: initial;border-spacing: initial;width: initial"></div>
<div class="ms-editor-squiggler" style="color: initial;font: initial;background: initial;background-blend-mode: initial;border: initial;border-radius: initial;border-collapse: initial;caption-side: initial;clear: initial;columns: initial;column-fill: initial;column-rule: initial;column-span: initial;cursor: initial;flex: initial;flex-flow: initial;float: initial;height: 0px;letter-spacing: initial;margin: initial;max-height: initial;max-width: initial;min-height: initial;min-width: initial;overflow: initial;padding: initial;text-align: initial;text-decoration: initial;text-indent: initial;text-transform: initial;vertical-align: initial;border-spacing: initial;width: initial"></div>
<div class="ms-editor-squiggler" style="color: initial;font: initial;background: initial;background-blend-mode: initial;border: initial;border-radius: initial;border-collapse: initial;caption-side: initial;clear: initial;columns: initial;column-fill: initial;column-rule: initial;column-span: initial;cursor: initial;flex: initial;flex-flow: initial;float: initial;height: 0px;letter-spacing: initial;margin: initial;max-height: initial;max-width: initial;min-height: initial;min-width: initial;overflow: initial;padding: initial;text-align: initial;text-decoration: initial;text-indent: initial;text-transform: initial;vertical-align: initial;border-spacing: initial;width: initial"></div>

<p>&nbsp; &nbsp; &nbsp; Ana Paula Siga Langone / Currículum Lattes Linha de Pesquisa: Processos de Criação e Poéticas do Cotidiano Data de nascimento:  Texto introdutório: Estudante do Programa de Pós-Graduação no Mestrado em Artes Visuais (PPGAV) da Universidade Federal de Pelotas (UFPel) com previsão de término para março de 2021, também cursa graduação em Antropologia na [&hellip;]</p>
