{"id":5242,"date":"2021-03-24T17:50:16","date_gmt":"2021-03-24T20:50:16","guid":{"rendered":"https:\/\/wp.ufpel.edu.br\/mestradoartesvisuais\/?page_id=5242"},"modified":"2021-03-24T17:50:16","modified_gmt":"2021-03-24T20:50:16","slug":"raquel-casanova-dos-santos-wrege","status":"publish","type":"page","link":"https:\/\/wp.ufpel.edu.br\/ppgartes\/raquel-casanova-dos-santos-wrege\/","title":{"rendered":"Raquel Casanova dos Santos Wrege"},"content":{"rendered":"<p><a href=\"https:\/\/wp.ufpel.edu.br\/ppgartes\/files\/2021\/03\/turma5_Raquel-Casanova-dos-Santos-Wrege.png\"><img class=\"wp-image-5854 size-thumbnail alignleft\" src=\"https:\/\/wp.ufpel.edu.br\/ppgartes\/files\/2021\/03\/turma5_Raquel-Casanova-dos-Santos-Wrege-200x200.png\" alt=\"\" width=\"200\" height=\"200\" srcset=\"https:\/\/wp.ufpel.edu.br\/ppgartes\/files\/2021\/03\/turma5_Raquel-Casanova-dos-Santos-Wrege-200x200.png 200w, https:\/\/wp.ufpel.edu.br\/ppgartes\/files\/2021\/03\/turma5_Raquel-Casanova-dos-Santos-Wrege-400x400.png 400w, https:\/\/wp.ufpel.edu.br\/ppgartes\/files\/2021\/03\/turma5_Raquel-Casanova-dos-Santos-Wrege.png 500w\" sizes=\"(max-width: 200px) 100vw, 200px\" \/><\/a><\/p>\n<p>&nbsp;<\/p>\n<p>&nbsp;<\/p>\n<p>&nbsp;<\/p>\n<p><span style=\"font-family: georgia, palatino, serif;font-size: 12pt\"><span style=\"font-size: 18pt\"><strong><span style=\"font-family: 'trebuchet ms', geneva, sans-serif\">Raquel Casanova dos Santos Wrege <span style=\"font-size: 10pt;color: #999999\">\/\u00a0<\/span><\/span><\/strong><\/span><span style=\"font-family: 'trebuchet ms', geneva, sans-serif;font-size: 10pt\"><a href=\"http:\/\/lattes.cnpq.br\/1073913955949931\" target=\"_blank\" rel=\"noopener noreferrer\"><span style=\"color: #999999\">Curr\u00edculum Lattes<\/span><\/a><br \/>\n<strong>Linha de Pesquisa<\/strong>: <a href=\"https:\/\/wp.ufpel.edu.br\/mestradoartesvisuais\/linhas-de-pesquisa\/educacao-em-artes-e-processos-de-formacao-estetica\/\">Educa\u00e7\u00e3o em Artes e Processos de Forma\u00e7\u00e3o Est\u00e9tica<\/a><br \/>\n<\/span><\/span><span style=\"font-family: georgia, palatino, serif;font-size: 12pt\"><span style=\"font-family: 'trebuchet ms', geneva, sans-serif;font-size: 10pt\"><strong>Data de nascimento:\u00a0<\/strong><\/span><\/span><\/p>\n<p style=\"text-align: justify\"><span style=\"font-family: 'trebuchet ms', geneva, sans-serif;font-size: 10pt\"><strong>Texto introdut\u00f3rio:<\/strong> Mestre (2018) em Artes Visuais pelo Programa de P\u00f3s-Gradua\u00e7\u00e3o em Artes Visuais da Universidade Federal de Pelotas (linha de pesquisa: Educa\u00e7\u00e3o em Artes e Processos de Forma\u00e7\u00e3o Est\u00e9tica). Durante o mestrado foi bolsista CAPES e integrou o Grupo de pesquisa ?Caixa de Pandora: mulheres artistas e fil\u00f3sofas do s\u00e9culo XX? liderado pela Dr\u00aa \u00darsula Rosa da Silva. Especialista (2018) em Educa\u00e7\u00e3o pelo Programa de P\u00f3s-gradua\u00e7\u00e3o em Educa\u00e7\u00e3o da Universidade Federal de Pelotas. Graduada (2020) no Curso de Pedagogia, pela UNINTER. Graduada (2015) no Curso de Licenciatura em Artes Visuais pela Universidade Federal de Pelotas. Atualmente professora na Rede Municipal de Ensino em Pelotas\/RS. (Texto extra\u00eddo diretamente da plataforma Lattes)<\/span><\/p>\n<hr \/>\n<p><span style=\"font-family: 'trebuchet ms', geneva, sans-serif;font-size: 10pt\"><strong>T\u00edtulo da disserta\u00e7\u00e3o<br \/>\n<a href=\"http:\/\/guaiaca.ufpel.edu.br:8080\/bitstream\/prefix\/3920\/1\/Raquel%20Casanova%20do%20santos%20Wrege_Disserta%c3%a7%c3%a3o.pdf\" target=\"_blank\" rel=\"noopener noreferrer\"><span style=\"font-size: 14pt\">Reflexus: o pensamento reflexivo e a experi\u00eancia est\u00e9tica na forma\u00e7\u00e3o docente em artes visuais da UFPEL\/RS<\/span><\/a><\/strong><br \/>\n<\/span><span style=\"font-family: 'trebuchet ms', geneva, sans-serif;font-size: 10pt\"><strong>Orientador(a):<\/strong> <a href=\"https:\/\/wp.ufpel.edu.br\/mestradoartesvisuais\/ursula-rosa-da-silva\/\">Profa. Dra. Ursula Rosa da Silva (PPGAV\/UFPel)<\/a><br \/>\n<\/span><\/p>\n<p style=\"text-align: justify\"><span style=\"font-family: 'trebuchet ms', geneva, sans-serif;font-size: 10pt\"><strong>RESUMO<\/strong><br \/>\nEsta disserta\u00e7\u00e3o prop\u00f5e um pensar sobre o processo de forma\u00e7\u00e3o inicial docente em Artes Visuais, a partir do conceito de a\u00e7\u00e3o-reflexiva embasado no ato perceptivo do sujeito para o mundo ao seu redor. Compreende-se que durante a gradua\u00e7\u00e3o, no Curso de Artes Visuais Licenciatura, \u00e9 necess\u00e1rio que o futuro educador de Artes Visuais possa experienciar esteticamente os aspectos formativos. Desse modo, trata-se a experi\u00eancia est\u00e9tica como meio de despertar uma postura mais ativa do discente para sua forma\u00e7\u00e3o inicial. O estudo parte de abordagem qualitativa e se d\u00e1 atrav\u00e9s de pesquisa-a\u00e7\u00e3o tendo como p\u00fablico-alvo discentes do Curso de Artes Visuais modalidade Licenciatura da UFPel. Fundamenta-se teoricamente no pensamento fenomenol\u00f3gico de Merleau-Ponty (1990, 1992, 1999), na concep\u00e7\u00e3o de profissional reflexivo de Sch\u00f6n (2000) e de pr\u00e1tica reflexiva de Perrenoud (2002).<br \/>\n<\/span><\/p>\n<p><span style=\"font-family: 'trebuchet ms', geneva, sans-serif;font-size: 10pt\"><strong>Palavras-chave:<\/strong> artes visuais; experi\u00eancia est\u00e9tica; professor reflexivo; forma\u00e7\u00e3o docente<\/span><\/p>\n<p><span style=\"font-family: 'trebuchet ms', geneva, sans-serif;font-size: 10pt\"><strong>Banca:<br \/>\n<\/strong><\/span><span style=\"font-family: 'trebuchet ms', geneva, sans-serif;font-size: 10pt\">Profa. Dra. Larissa Patron Chaves Spieker (PPGAV\/UFPel)<br \/>\nProfa. Dra. Luciana Gruppelli Loponte (UFRGS)<br \/>\nProfa. Dra. Profa. Dra. Helene Gomes Sacco (PPGAV\/UFPel)<\/span><\/p>\n<p><span style=\"font-family: 'trebuchet ms', geneva, sans-serif;font-size: 10pt\"><strong>Data:<\/strong> 20\/fevereiro\/2018<\/span><\/p>\n<p>&nbsp;<\/p>\n<p>&nbsp;<\/p>\n<h3 style=\"text-align: center\"><span style=\"font-family: 'trebuchet ms', geneva, sans-serif;font-size: 12pt\">Acompanhamento Egresso:<\/span><\/h3>\n<hr \/>\n<div class=\"layout-cell-pad-5 text-align-right\"><\/div>\n<div><\/div>\n<div><\/div>\n<div><\/div>\n<div><\/div>\n<div class=\"layout-cell layout-cell-1 text-align-right\"><\/div>\n<p>&nbsp;<\/p>\n<p>&nbsp;<\/p>\n<p>&nbsp;<\/p>\n<p>&nbsp;<\/p>\n<p>&nbsp;<\/p>\n<p>&nbsp;<\/p>\n<p>&nbsp;<\/p>\n<div class=\"ms-editor-squiggler\" style=\"color: initial;font: initial;background: initial;background-blend-mode: initial;border: initial;border-radius: initial;border-collapse: initial;caption-side: initial;clear: initial;columns: initial;column-fill: initial;column-rule: initial;column-span: initial;cursor: initial;flex: initial;flex-flow: initial;float: initial;height: 0px;letter-spacing: initial;margin: initial;max-height: initial;max-width: initial;min-height: initial;min-width: initial;overflow: initial;padding: initial;text-align: initial;text-decoration: initial;text-indent: initial;text-transform: initial;vertical-align: initial;border-spacing: initial;width: initial\"><\/div>\n<div class=\"ms-editor-squiggler\" style=\"color: initial;font: initial;background: initial;background-blend-mode: initial;border: initial;border-radius: initial;border-collapse: initial;caption-side: initial;clear: initial;columns: initial;column-fill: initial;column-rule: initial;column-span: initial;cursor: initial;flex: initial;flex-flow: initial;float: initial;height: 0px;letter-spacing: initial;margin: initial;max-height: initial;max-width: initial;min-height: initial;min-width: initial;overflow: initial;padding: initial;text-align: initial;text-decoration: initial;text-indent: initial;text-transform: initial;vertical-align: initial;border-spacing: initial;width: initial\"><\/div>\n<div class=\"ms-editor-squiggler\" style=\"color: initial;font: initial;background: initial;background-blend-mode: initial;border: initial;border-radius: initial;border-collapse: initial;caption-side: initial;clear: initial;columns: initial;column-fill: initial;column-rule: initial;column-span: initial;cursor: initial;flex: initial;flex-flow: initial;float: initial;height: 0px;letter-spacing: initial;margin: initial;max-height: initial;max-width: initial;min-height: initial;min-width: initial;overflow: initial;padding: initial;text-align: initial;text-decoration: initial;text-indent: initial;text-transform: initial;vertical-align: initial;border-spacing: initial;width: initial\"><\/div>\n<div class=\"ms-editor-squiggler\" style=\"color: initial;font: initial;background: initial;background-blend-mode: initial;border: initial;border-radius: initial;border-collapse: initial;caption-side: initial;clear: initial;columns: initial;column-fill: initial;column-rule: initial;column-span: initial;cursor: initial;flex: initial;flex-flow: initial;float: initial;height: 0px;letter-spacing: initial;margin: initial;max-height: initial;max-width: initial;min-height: initial;min-width: initial;overflow: initial;padding: initial;text-align: initial;text-decoration: initial;text-indent: initial;text-transform: initial;vertical-align: initial;border-spacing: initial;width: initial\"><\/div>\n<div class=\"ms-editor-squiggler\" style=\"color: initial;font: initial;background: initial;background-blend-mode: initial;border: initial;border-radius: initial;border-collapse: initial;caption-side: initial;clear: initial;columns: initial;column-fill: initial;column-rule: initial;column-span: initial;cursor: initial;flex: initial;flex-flow: initial;float: initial;height: 0px;letter-spacing: initial;margin: initial;max-height: initial;max-width: initial;min-height: initial;min-width: initial;overflow: initial;padding: initial;text-align: initial;text-decoration: initial;text-indent: initial;text-transform: initial;vertical-align: initial;border-spacing: initial;width: initial\"><\/div>\n<div class=\"ms-editor-squiggler\" style=\"color: initial;font: initial;background: initial;background-blend-mode: initial;border: initial;border-radius: initial;border-collapse: initial;caption-side: initial;clear: initial;columns: initial;column-fill: initial;column-rule: initial;column-span: initial;cursor: initial;flex: initial;flex-flow: initial;float: initial;height: 0px;letter-spacing: initial;margin: initial;max-height: initial;max-width: initial;min-height: initial;min-width: initial;overflow: initial;padding: initial;text-align: initial;text-decoration: initial;text-indent: initial;text-transform: initial;vertical-align: initial;border-spacing: initial;width: initial\"><\/div>\n<div class=\"ms-editor-squiggler\" style=\"color: initial;font: initial;background: initial;background-blend-mode: initial;border: initial;border-radius: initial;border-collapse: initial;caption-side: initial;clear: initial;columns: initial;column-fill: initial;column-rule: initial;column-span: initial;cursor: initial;flex: initial;flex-flow: initial;float: initial;height: 0px;letter-spacing: initial;margin: initial;max-height: initial;max-width: initial;min-height: initial;min-width: initial;overflow: initial;padding: initial;text-align: initial;text-decoration: initial;text-indent: initial;text-transform: initial;vertical-align: initial;border-spacing: initial;width: initial\"><\/div>\n<div class=\"ms-editor-squiggler\" style=\"color: initial;font: initial;background: initial;background-blend-mode: initial;border: initial;border-radius: initial;border-collapse: initial;caption-side: initial;clear: initial;columns: initial;column-fill: initial;column-rule: initial;column-span: initial;cursor: initial;flex: initial;flex-flow: initial;float: initial;height: 0px;letter-spacing: initial;margin: initial;max-height: initial;max-width: initial;min-height: initial;min-width: initial;overflow: initial;padding: initial;text-align: initial;text-decoration: initial;text-indent: initial;text-transform: initial;vertical-align: initial;border-spacing: initial;width: initial\"><\/div>\n","protected":false},"excerpt":{"rendered":"<p>&nbsp; &nbsp; &nbsp; Raquel Casanova dos Santos Wrege \/\u00a0Curr\u00edculum Lattes Linha de Pesquisa: Educa\u00e7\u00e3o em Artes e Processos de Forma\u00e7\u00e3o Est\u00e9tica Data de nascimento:\u00a0 Texto introdut\u00f3rio: Mestre (2018) em Artes Visuais pelo Programa de P\u00f3s-Gradua\u00e7\u00e3o em Artes Visuais da Universidade Federal de Pelotas (linha de pesquisa: Educa\u00e7\u00e3o em Artes e Processos de Forma\u00e7\u00e3o Est\u00e9tica). Durante [&hellip;]<\/p>\n","protected":false},"author":1258,"featured_media":0,"parent":0,"menu_order":0,"comment_status":"closed","ping_status":"closed","template":"","meta":{"footnotes":""},"class_list":["post-5242","page","type-page","status-publish","hentry"],"_links":{"self":[{"href":"https:\/\/wp.ufpel.edu.br\/ppgartes\/wp-json\/wp\/v2\/pages\/5242","targetHints":{"allow":["GET"]}}],"collection":[{"href":"https:\/\/wp.ufpel.edu.br\/ppgartes\/wp-json\/wp\/v2\/pages"}],"about":[{"href":"https:\/\/wp.ufpel.edu.br\/ppgartes\/wp-json\/wp\/v2\/types\/page"}],"author":[{"embeddable":true,"href":"https:\/\/wp.ufpel.edu.br\/ppgartes\/wp-json\/wp\/v2\/users\/1258"}],"replies":[{"embeddable":true,"href":"https:\/\/wp.ufpel.edu.br\/ppgartes\/wp-json\/wp\/v2\/comments?post=5242"}],"version-history":[{"count":0,"href":"https:\/\/wp.ufpel.edu.br\/ppgartes\/wp-json\/wp\/v2\/pages\/5242\/revisions"}],"wp:attachment":[{"href":"https:\/\/wp.ufpel.edu.br\/ppgartes\/wp-json\/wp\/v2\/media?parent=5242"}],"curies":[{"name":"wp","href":"https:\/\/api.w.org\/{rel}","templated":true}]}}

<p><a href="https://wp.ufpel.edu.br/ppgartes/files/2021/03/turma5_Raquel-Casanova-dos-Santos-Wrege.png"><img class="wp-image-5854 size-thumbnail alignleft" src="https://wp.ufpel.edu.br/ppgartes/files/2021/03/turma5_Raquel-Casanova-dos-Santos-Wrege-200x200.png" alt="" width="200" height="200" srcset="https://wp.ufpel.edu.br/ppgartes/files/2021/03/turma5_Raquel-Casanova-dos-Santos-Wrege-200x200.png 200w, https://wp.ufpel.edu.br/ppgartes/files/2021/03/turma5_Raquel-Casanova-dos-Santos-Wrege-400x400.png 400w, https://wp.ufpel.edu.br/ppgartes/files/2021/03/turma5_Raquel-Casanova-dos-Santos-Wrege.png 500w" sizes="(max-width: 200px) 100vw, 200px" /></a></p>
<p>&nbsp;</p>
<p>&nbsp;</p>
<p>&nbsp;</p>
<p><span style="font-family: georgia, palatino, serif;font-size: 12pt"><span style="font-size: 18pt"><strong><span style="font-family: 'trebuchet ms', geneva, sans-serif">Raquel Casanova dos Santos Wrege <span style="font-size: 10pt;color: #999999">/ </span></span></strong></span><span style="font-family: 'trebuchet ms', geneva, sans-serif;font-size: 10pt"><a href="http://lattes.cnpq.br/1073913955949931" target="_blank" rel="noopener noreferrer"><span style="color: #999999">Currículum Lattes</span></a><br />
<strong>Linha de Pesquisa</strong>: <a href="https://wp.ufpel.edu.br/mestradoartesvisuais/linhas-de-pesquisa/educacao-em-artes-e-processos-de-formacao-estetica/">Educação em Artes e Processos de Formação Estética</a><br />
</span></span><span style="font-family: georgia, palatino, serif;font-size: 12pt"><span style="font-family: 'trebuchet ms', geneva, sans-serif;font-size: 10pt"><strong>Data de nascimento: </strong></span></span></p>
<p style="text-align: justify"><span style="font-family: 'trebuchet ms', geneva, sans-serif;font-size: 10pt"><strong>Texto introdutório:</strong> Mestre (2018) em Artes Visuais pelo Programa de Pós-Graduação em Artes Visuais da Universidade Federal de Pelotas (linha de pesquisa: Educação em Artes e Processos de Formação Estética). Durante o mestrado foi bolsista CAPES e integrou o Grupo de pesquisa ?Caixa de Pandora: mulheres artistas e filósofas do século XX? liderado pela Drª Úrsula Rosa da Silva. Especialista (2018) em Educação pelo Programa de Pós-graduação em Educação da Universidade Federal de Pelotas. Graduada (2020) no Curso de Pedagogia, pela UNINTER. Graduada (2015) no Curso de Licenciatura em Artes Visuais pela Universidade Federal de Pelotas. Atualmente professora na Rede Municipal de Ensino em Pelotas/RS. (Texto extraído diretamente da plataforma Lattes)</span></p>
<hr />
<p><span style="font-family: 'trebuchet ms', geneva, sans-serif;font-size: 10pt"><strong>Título da dissertação<br />
<a href="http://guaiaca.ufpel.edu.br:8080/bitstream/prefix/3920/1/Raquel%20Casanova%20do%20santos%20Wrege_Disserta%c3%a7%c3%a3o.pdf" target="_blank" rel="noopener noreferrer"><span style="font-size: 14pt">Reflexus: o pensamento reflexivo e a experiência estética na formação docente em artes visuais da UFPEL/RS</span></a></strong><br />
</span><span style="font-family: 'trebuchet ms', geneva, sans-serif;font-size: 10pt"><strong>Orientador(a):</strong> <a href="https://wp.ufpel.edu.br/mestradoartesvisuais/ursula-rosa-da-silva/">Profa. Dra. Ursula Rosa da Silva (PPGAV/UFPel)</a><br />
</span></p>
<p style="text-align: justify"><span style="font-family: 'trebuchet ms', geneva, sans-serif;font-size: 10pt"><strong>RESUMO</strong><br />
Esta dissertação propõe um pensar sobre o processo de formação inicial docente em Artes Visuais, a partir do conceito de ação-reflexiva embasado no ato perceptivo do sujeito para o mundo ao seu redor. Compreende-se que durante a graduação, no Curso de Artes Visuais Licenciatura, é necessário que o futuro educador de Artes Visuais possa experienciar esteticamente os aspectos formativos. Desse modo, trata-se a experiência estética como meio de despertar uma postura mais ativa do discente para sua formação inicial. O estudo parte de abordagem qualitativa e se dá através de pesquisa-ação tendo como público-alvo discentes do Curso de Artes Visuais modalidade Licenciatura da UFPel. Fundamenta-se teoricamente no pensamento fenomenológico de Merleau-Ponty (1990, 1992, 1999), na concepção de profissional reflexivo de Schön (2000) e de prática reflexiva de Perrenoud (2002).<br />
</span></p>
<p><span style="font-family: 'trebuchet ms', geneva, sans-serif;font-size: 10pt"><strong>Palavras-chave:</strong> artes visuais; experiência estética; professor reflexivo; formação docente</span></p>
<p><span style="font-family: 'trebuchet ms', geneva, sans-serif;font-size: 10pt"><strong>Banca:<br />
</strong></span><span style="font-family: 'trebuchet ms', geneva, sans-serif;font-size: 10pt">Profa. Dra. Larissa Patron Chaves Spieker (PPGAV/UFPel)<br />
Profa. Dra. Luciana Gruppelli Loponte (UFRGS)<br />
Profa. Dra. Profa. Dra. Helene Gomes Sacco (PPGAV/UFPel)</span></p>
<p><span style="font-family: 'trebuchet ms', geneva, sans-serif;font-size: 10pt"><strong>Data:</strong> 20/fevereiro/2018</span></p>
<p>&nbsp;</p>
<p>&nbsp;</p>
<h3 style="text-align: center"><span style="font-family: 'trebuchet ms', geneva, sans-serif;font-size: 12pt">Acompanhamento Egresso:</span></h3>
<hr />
<div class="layout-cell-pad-5 text-align-right"></div>
<div></div>
<div></div>
<div></div>
<div></div>
<div class="layout-cell layout-cell-1 text-align-right"></div>
<p>&nbsp;</p>
<p>&nbsp;</p>
<p>&nbsp;</p>
<p>&nbsp;</p>
<p>&nbsp;</p>
<p>&nbsp;</p>
<p>&nbsp;</p>
<div class="ms-editor-squiggler" style="color: initial;font: initial;background: initial;background-blend-mode: initial;border: initial;border-radius: initial;border-collapse: initial;caption-side: initial;clear: initial;columns: initial;column-fill: initial;column-rule: initial;column-span: initial;cursor: initial;flex: initial;flex-flow: initial;float: initial;height: 0px;letter-spacing: initial;margin: initial;max-height: initial;max-width: initial;min-height: initial;min-width: initial;overflow: initial;padding: initial;text-align: initial;text-decoration: initial;text-indent: initial;text-transform: initial;vertical-align: initial;border-spacing: initial;width: initial"></div>
<div class="ms-editor-squiggler" style="color: initial;font: initial;background: initial;background-blend-mode: initial;border: initial;border-radius: initial;border-collapse: initial;caption-side: initial;clear: initial;columns: initial;column-fill: initial;column-rule: initial;column-span: initial;cursor: initial;flex: initial;flex-flow: initial;float: initial;height: 0px;letter-spacing: initial;margin: initial;max-height: initial;max-width: initial;min-height: initial;min-width: initial;overflow: initial;padding: initial;text-align: initial;text-decoration: initial;text-indent: initial;text-transform: initial;vertical-align: initial;border-spacing: initial;width: initial"></div>
<div class="ms-editor-squiggler" style="color: initial;font: initial;background: initial;background-blend-mode: initial;border: initial;border-radius: initial;border-collapse: initial;caption-side: initial;clear: initial;columns: initial;column-fill: initial;column-rule: initial;column-span: initial;cursor: initial;flex: initial;flex-flow: initial;float: initial;height: 0px;letter-spacing: initial;margin: initial;max-height: initial;max-width: initial;min-height: initial;min-width: initial;overflow: initial;padding: initial;text-align: initial;text-decoration: initial;text-indent: initial;text-transform: initial;vertical-align: initial;border-spacing: initial;width: initial"></div>
<div class="ms-editor-squiggler" style="color: initial;font: initial;background: initial;background-blend-mode: initial;border: initial;border-radius: initial;border-collapse: initial;caption-side: initial;clear: initial;columns: initial;column-fill: initial;column-rule: initial;column-span: initial;cursor: initial;flex: initial;flex-flow: initial;float: initial;height: 0px;letter-spacing: initial;margin: initial;max-height: initial;max-width: initial;min-height: initial;min-width: initial;overflow: initial;padding: initial;text-align: initial;text-decoration: initial;text-indent: initial;text-transform: initial;vertical-align: initial;border-spacing: initial;width: initial"></div>
<div class="ms-editor-squiggler" style="color: initial;font: initial;background: initial;background-blend-mode: initial;border: initial;border-radius: initial;border-collapse: initial;caption-side: initial;clear: initial;columns: initial;column-fill: initial;column-rule: initial;column-span: initial;cursor: initial;flex: initial;flex-flow: initial;float: initial;height: 0px;letter-spacing: initial;margin: initial;max-height: initial;max-width: initial;min-height: initial;min-width: initial;overflow: initial;padding: initial;text-align: initial;text-decoration: initial;text-indent: initial;text-transform: initial;vertical-align: initial;border-spacing: initial;width: initial"></div>
<div class="ms-editor-squiggler" style="color: initial;font: initial;background: initial;background-blend-mode: initial;border: initial;border-radius: initial;border-collapse: initial;caption-side: initial;clear: initial;columns: initial;column-fill: initial;column-rule: initial;column-span: initial;cursor: initial;flex: initial;flex-flow: initial;float: initial;height: 0px;letter-spacing: initial;margin: initial;max-height: initial;max-width: initial;min-height: initial;min-width: initial;overflow: initial;padding: initial;text-align: initial;text-decoration: initial;text-indent: initial;text-transform: initial;vertical-align: initial;border-spacing: initial;width: initial"></div>
<div class="ms-editor-squiggler" style="color: initial;font: initial;background: initial;background-blend-mode: initial;border: initial;border-radius: initial;border-collapse: initial;caption-side: initial;clear: initial;columns: initial;column-fill: initial;column-rule: initial;column-span: initial;cursor: initial;flex: initial;flex-flow: initial;float: initial;height: 0px;letter-spacing: initial;margin: initial;max-height: initial;max-width: initial;min-height: initial;min-width: initial;overflow: initial;padding: initial;text-align: initial;text-decoration: initial;text-indent: initial;text-transform: initial;vertical-align: initial;border-spacing: initial;width: initial"></div>
<div class="ms-editor-squiggler" style="color: initial;font: initial;background: initial;background-blend-mode: initial;border: initial;border-radius: initial;border-collapse: initial;caption-side: initial;clear: initial;columns: initial;column-fill: initial;column-rule: initial;column-span: initial;cursor: initial;flex: initial;flex-flow: initial;float: initial;height: 0px;letter-spacing: initial;margin: initial;max-height: initial;max-width: initial;min-height: initial;min-width: initial;overflow: initial;padding: initial;text-align: initial;text-decoration: initial;text-indent: initial;text-transform: initial;vertical-align: initial;border-spacing: initial;width: initial"></div>

<p>&nbsp; &nbsp; &nbsp; Raquel Casanova dos Santos Wrege / Currículum Lattes Linha de Pesquisa: Educação em Artes e Processos de Formação Estética Data de nascimento:  Texto introdutório: Mestre (2018) em Artes Visuais pelo Programa de Pós-Graduação em Artes Visuais da Universidade Federal de Pelotas (linha de pesquisa: Educação em Artes e Processos de Formação Estética). Durante [&hellip;]</p>
