{"id":5140,"date":"2021-03-24T16:25:42","date_gmt":"2021-03-24T19:25:42","guid":{"rendered":"https:\/\/wp.ufpel.edu.br\/mestradoartesvisuais\/?page_id=5140"},"modified":"2021-03-24T16:25:42","modified_gmt":"2021-03-24T19:25:42","slug":"carla-borin-moura","status":"publish","type":"page","link":"https:\/\/wp.ufpel.edu.br\/ppgartes\/carla-borin-moura\/","title":{"rendered":"Carla Borin Moura"},"content":{"rendered":"<p><a href=\"https:\/\/wp.ufpel.edu.br\/ppgartes\/files\/2021\/03\/foto-serv-1.png\"><img class=\"wp-image-5054 size-thumbnail alignleft\" src=\"https:\/\/wp.ufpel.edu.br\/ppgartes\/files\/2021\/03\/foto-serv-1-200x200.png\" alt=\"\" width=\"200\" height=\"200\" srcset=\"https:\/\/wp.ufpel.edu.br\/ppgartes\/files\/2021\/03\/foto-serv-1-200x200.png 200w, https:\/\/wp.ufpel.edu.br\/ppgartes\/files\/2021\/03\/foto-serv-1-400x400.png 400w, https:\/\/wp.ufpel.edu.br\/ppgartes\/files\/2021\/03\/foto-serv-1.png 500w\" sizes=\"(max-width: 200px) 100vw, 200px\" \/><\/a><\/p>\n<p>&nbsp;<\/p>\n<p>&nbsp;<\/p>\n<p>&nbsp;<\/p>\n<p><span style=\"font-family: georgia, palatino, serif;font-size: 12pt\"><span style=\"font-size: 18pt\"><strong><span style=\"font-family: 'trebuchet ms', geneva, sans-serif\">Carla Borin Moura <span style=\"font-size: 10pt;color: #999999\">\/\u00a0<\/span><\/span><\/strong><\/span><span style=\"font-family: 'trebuchet ms', geneva, sans-serif;font-size: 10pt\"><a href=\"http:\/\/lattes.cnpq.br\/7803752527378763\" target=\"_blank\" rel=\"noopener noreferrer\"><span style=\"color: #999999\">Curr\u00edculum Lattes<\/span><\/a><br \/>\n<strong>Linha de Pesquisa<\/strong>: <a href=\"https:\/\/wp.ufpel.edu.br\/mestradoartesvisuais\/linhas-de-pesquisa\/processos-de-criacao-e-poeticas-do-cotidiano\/\">Processos de Cria\u00e7\u00e3o e Po\u00e9ticas do Cotidiano<\/a><br \/>\n<\/span><\/span><span style=\"font-family: georgia, palatino, serif;font-size: 12pt\"><span style=\"font-family: 'trebuchet ms', geneva, sans-serif;font-size: 10pt\"><strong>Data de nascimento:\u00a0<\/strong><\/span><\/span><\/p>\n<p style=\"text-align: justify\"><span style=\"font-family: 'trebuchet ms', geneva, sans-serif;font-size: 10pt\"><strong>Texto introdut\u00f3rio:<\/strong> Bacharel em Letras, especialista em Literatura Brasileira, especialista em Artes na terminologia de Ensino e Percursos Po\u00e9ticos. Mestranda em Processos de cria\u00e7\u00e3o e po\u00e9ticas do cotidiano UFPel. Desenvolve, temas sobre tr\u00eas tipos de peles: da cidade, da casa e do corpo. Integrante do coletivo Grupo Superf\u00edcie e do Grupo de Pesquisa: DESLOCC &#8211; &#8220;Deslocamentos, observ\u00e2ncias e cartografias contempor\u00e2neas&#8221;, sob a coordena\u00e7\u00e3o da prof\u00aa Dr\u00aa Eduarda Azevedo Gon\u00e7alves- UFPel\/CAPES. Bolsista CAPES\/CNpq. (Texto extra\u00eddo diretamente da plataforma Lattes)<\/span><\/p>\n<hr \/>\n<p><span style=\"font-family: 'trebuchet ms', geneva, sans-serif;font-size: 10pt\"><strong>T\u00edtulo da disserta\u00e7\u00e3o<br \/>\n<a href=\"http:\/\/guaiaca.ufpel.edu.br\/bitstream\/prefix\/3917\/1\/Carla%20Borin%20Moura_Disserta%c3%a7%c3%a3o.pdf\" target=\"_blank\" rel=\"noopener noreferrer\"><span style=\"font-size: 14pt\">Um estudo po\u00e9tico-cartogr\u00e1fico dos <em>maparedes<\/em> da cidade de Pelotas<\/span><\/a><\/strong><br \/>\n<\/span><span style=\"font-family: 'trebuchet ms', geneva, sans-serif;font-size: 10pt\"><strong>Orientador(a):<\/strong> <a href=\"https:\/\/wp.ufpel.edu.br\/mestradoartesvisuais\/eduarda-azevedo-goncalves\/\">Profa. Dra. Eduarda Azevedo Gon\u00e7alves (PPGAV\/UFPel)<\/a><br \/>\n<\/span><\/p>\n<p style=\"text-align: justify\"><span style=\"font-family: 'trebuchet ms', geneva, sans-serif;font-size: 10pt\"><strong>RESUMO<\/strong><br \/>\nEsta pesquisa foi desenvolvida no curso de Mestrado em Artes Visuais, na linha de Pesquisa: Processos de Cria\u00e7\u00e3o e Po\u00e9ticas do Cotidiano. Evidencia uma cartografia po\u00e9tica, constru\u00edda a partir da a\u00e7\u00e3o de caminhar pela cidade de Pelotas e seus arredores. Apresento uma s\u00e9rie de fotografias, paredes\/peles e algumas reflex\u00f5es sobre o espa\u00e7o referentes \u00e0s transforma\u00e7\u00f5es que ocorrem com a paisagem, promovidas pela umidade caracter\u00edstica das regi\u00e3o Sul. Ancorada no pensamento de alguns autores, como Michel De Certeau, Henry Thoreau, Hundertwasser e Ricardo Terra, entre outros, desenvolvo as no\u00e7\u00f5es do andarap\u00e9 e dos maparedes. E, tamb\u00e9m aproximo os trabalhos que venho produzindo com os trabalhos de algumas artistas: Marina Polidoro, Manoela Medeiros e Gra\u00e7a Marques.\u00a0<\/span><\/p>\n<p><span style=\"font-family: 'trebuchet ms', geneva, sans-serif;font-size: 10pt\"><strong>Palavras-chave:<\/strong> po\u00e9ticas visuais; cartografia po\u00e9tica; andarap\u00e9; maparedes<\/span><\/p>\n<p><span style=\"font-family: 'trebuchet ms', geneva, sans-serif;font-size: 10pt\"><strong>Banca:<br \/>\n<\/strong><\/span><span style=\"font-family: 'trebuchet ms', geneva, sans-serif;font-size: 10pt\">Profa. Dra. Eduarda Azevedo Gon\u00e7alves (PPGAV\/UFPel)<br \/>\nBANCA: Profa. Dra. Angela Raffin Pohlmann (PPGAV\/UFPel)<br \/>\nProfa. Dra. Adriane Hernandez (UFRGS)<br \/>\nProfa. Dra. Cynthia Farina (IFSul)<\/span><\/p>\n<p><span style=\"font-family: 'trebuchet ms', geneva, sans-serif;font-size: 10pt\"><strong>Data:<\/strong> 05\/maio\/2017<\/span><\/p>\n<p>&nbsp;<\/p>\n<p>&nbsp;<\/p>\n<h3 style=\"text-align: center\"><span style=\"font-family: 'trebuchet ms', geneva, sans-serif;font-size: 12pt\">Acompanhamento Egresso:<\/span><\/h3>\n<hr \/>\n<div class=\"layout-cell-pad-5 text-align-right\"><\/div>\n<div><\/div>\n<div><\/div>\n<div><\/div>\n<div><\/div>\n<div class=\"layout-cell layout-cell-1 text-align-right\"><\/div>\n<p>&nbsp;<\/p>\n<p>&nbsp;<\/p>\n<p>&nbsp;<\/p>\n<p>&nbsp;<\/p>\n<p>&nbsp;<\/p>\n<p>&nbsp;<\/p>\n<p>&nbsp;<\/p>\n<div class=\"ms-editor-squiggler\" style=\"color: initial;font: initial;background: initial;background-blend-mode: initial;border: initial;border-radius: initial;border-collapse: initial;caption-side: initial;clear: initial;columns: initial;column-fill: initial;column-rule: initial;column-span: initial;cursor: initial;flex: initial;flex-flow: initial;float: initial;height: 0px;letter-spacing: initial;margin: initial;max-height: initial;max-width: initial;min-height: initial;min-width: initial;overflow: initial;padding: initial;text-align: initial;text-decoration: initial;text-indent: initial;text-transform: initial;vertical-align: initial;border-spacing: initial;width: initial\"><\/div>\n<div class=\"ms-editor-squiggler\" style=\"color: initial;font: initial;background: initial;background-blend-mode: initial;border: initial;border-radius: initial;border-collapse: initial;caption-side: initial;clear: initial;columns: initial;column-fill: initial;column-rule: initial;column-span: initial;cursor: initial;flex: initial;flex-flow: initial;float: initial;height: 0px;letter-spacing: initial;margin: initial;max-height: initial;max-width: initial;min-height: initial;min-width: initial;overflow: initial;padding: initial;text-align: initial;text-decoration: initial;text-indent: initial;text-transform: initial;vertical-align: initial;border-spacing: initial;width: initial\"><\/div>\n<div class=\"ms-editor-squiggler\" style=\"color: initial;font: initial;background: initial;background-blend-mode: initial;border: initial;border-radius: initial;border-collapse: initial;caption-side: initial;clear: initial;columns: initial;column-fill: initial;column-rule: initial;column-span: initial;cursor: initial;flex: initial;flex-flow: initial;float: initial;height: 0px;letter-spacing: initial;margin: initial;max-height: initial;max-width: initial;min-height: initial;min-width: initial;overflow: initial;padding: initial;text-align: initial;text-decoration: initial;text-indent: initial;text-transform: initial;vertical-align: initial;border-spacing: initial;width: initial\"><\/div>\n<div class=\"ms-editor-squiggler\" style=\"color: initial;font: initial;background: initial;background-blend-mode: initial;border: initial;border-radius: initial;border-collapse: initial;caption-side: initial;clear: initial;columns: initial;column-fill: initial;column-rule: initial;column-span: initial;cursor: initial;flex: initial;flex-flow: initial;float: initial;height: 0px;letter-spacing: initial;margin: initial;max-height: initial;max-width: initial;min-height: initial;min-width: initial;overflow: initial;padding: initial;text-align: initial;text-decoration: initial;text-indent: initial;text-transform: initial;vertical-align: initial;border-spacing: initial;width: initial\"><\/div>\n<div class=\"ms-editor-squiggler\" style=\"color: initial;font: initial;background: initial;background-blend-mode: initial;border: initial;border-radius: initial;border-collapse: initial;caption-side: initial;clear: initial;columns: initial;column-fill: initial;column-rule: initial;column-span: initial;cursor: initial;flex: initial;flex-flow: initial;float: initial;height: 0px;letter-spacing: initial;margin: initial;max-height: initial;max-width: initial;min-height: initial;min-width: initial;overflow: initial;padding: initial;text-align: initial;text-decoration: initial;text-indent: initial;text-transform: initial;vertical-align: initial;border-spacing: initial;width: initial\"><\/div>\n<div class=\"ms-editor-squiggler\" style=\"color: initial;font: initial;background: initial;background-blend-mode: initial;border: initial;border-radius: initial;border-collapse: initial;caption-side: initial;clear: initial;columns: initial;column-fill: initial;column-rule: initial;column-span: initial;cursor: initial;flex: initial;flex-flow: initial;float: initial;height: 0px;letter-spacing: initial;margin: initial;max-height: initial;max-width: initial;min-height: initial;min-width: initial;overflow: initial;padding: initial;text-align: initial;text-decoration: initial;text-indent: initial;text-transform: initial;vertical-align: initial;border-spacing: initial;width: initial\"><\/div>\n<div class=\"ms-editor-squiggler\" style=\"color: initial;font: initial;background: initial;background-blend-mode: initial;border: initial;border-radius: initial;border-collapse: initial;caption-side: initial;clear: initial;columns: initial;column-fill: initial;column-rule: initial;column-span: initial;cursor: initial;flex: initial;flex-flow: initial;float: initial;height: 0px;letter-spacing: initial;margin: initial;max-height: initial;max-width: initial;min-height: initial;min-width: initial;overflow: initial;padding: initial;text-align: initial;text-decoration: initial;text-indent: initial;text-transform: initial;vertical-align: initial;border-spacing: initial;width: initial\"><\/div>\n<div class=\"ms-editor-squiggler\" style=\"color: initial;font: initial;background: initial;background-blend-mode: initial;border: initial;border-radius: initial;border-collapse: initial;caption-side: initial;clear: initial;columns: initial;column-fill: initial;column-rule: initial;column-span: initial;cursor: initial;flex: initial;flex-flow: initial;float: initial;height: 0px;letter-spacing: initial;margin: initial;max-height: initial;max-width: initial;min-height: initial;min-width: initial;overflow: initial;padding: initial;text-align: initial;text-decoration: initial;text-indent: initial;text-transform: initial;vertical-align: initial;border-spacing: initial;width: initial\"><\/div>\n<div class=\"ms-editor-squiggler\" style=\"color: initial;font: initial;background: initial;background-blend-mode: initial;border: initial;border-radius: initial;border-collapse: initial;caption-side: initial;clear: initial;columns: initial;column-fill: initial;column-rule: initial;column-span: initial;cursor: initial;flex: initial;flex-flow: initial;float: initial;height: 0px;letter-spacing: initial;margin: initial;max-height: initial;max-width: initial;min-height: initial;min-width: initial;overflow: initial;padding: initial;text-align: initial;text-decoration: initial;text-indent: initial;text-transform: initial;vertical-align: initial;border-spacing: initial;width: initial\"><\/div>\n","protected":false},"excerpt":{"rendered":"<p>&nbsp; &nbsp; &nbsp; Carla Borin Moura \/\u00a0Curr\u00edculum Lattes Linha de Pesquisa: Processos de Cria\u00e7\u00e3o e Po\u00e9ticas do Cotidiano Data de nascimento:\u00a0 Texto introdut\u00f3rio: Bacharel em Letras, especialista em Literatura Brasileira, especialista em Artes na terminologia de Ensino e Percursos Po\u00e9ticos. Mestranda em Processos de cria\u00e7\u00e3o e po\u00e9ticas do cotidiano UFPel. Desenvolve, temas sobre tr\u00eas tipos [&hellip;]<\/p>\n","protected":false},"author":1258,"featured_media":0,"parent":0,"menu_order":0,"comment_status":"closed","ping_status":"closed","template":"","meta":{"footnotes":""},"class_list":["post-5140","page","type-page","status-publish","hentry"],"_links":{"self":[{"href":"https:\/\/wp.ufpel.edu.br\/ppgartes\/wp-json\/wp\/v2\/pages\/5140","targetHints":{"allow":["GET"]}}],"collection":[{"href":"https:\/\/wp.ufpel.edu.br\/ppgartes\/wp-json\/wp\/v2\/pages"}],"about":[{"href":"https:\/\/wp.ufpel.edu.br\/ppgartes\/wp-json\/wp\/v2\/types\/page"}],"author":[{"embeddable":true,"href":"https:\/\/wp.ufpel.edu.br\/ppgartes\/wp-json\/wp\/v2\/users\/1258"}],"replies":[{"embeddable":true,"href":"https:\/\/wp.ufpel.edu.br\/ppgartes\/wp-json\/wp\/v2\/comments?post=5140"}],"version-history":[{"count":0,"href":"https:\/\/wp.ufpel.edu.br\/ppgartes\/wp-json\/wp\/v2\/pages\/5140\/revisions"}],"wp:attachment":[{"href":"https:\/\/wp.ufpel.edu.br\/ppgartes\/wp-json\/wp\/v2\/media?parent=5140"}],"curies":[{"name":"wp","href":"https:\/\/api.w.org\/{rel}","templated":true}]}}

<p><a href="https://wp.ufpel.edu.br/ppgartes/files/2021/03/foto-serv-1.png"><img class="wp-image-5054 size-thumbnail alignleft" src="https://wp.ufpel.edu.br/ppgartes/files/2021/03/foto-serv-1-200x200.png" alt="" width="200" height="200" srcset="https://wp.ufpel.edu.br/ppgartes/files/2021/03/foto-serv-1-200x200.png 200w, https://wp.ufpel.edu.br/ppgartes/files/2021/03/foto-serv-1-400x400.png 400w, https://wp.ufpel.edu.br/ppgartes/files/2021/03/foto-serv-1.png 500w" sizes="(max-width: 200px) 100vw, 200px" /></a></p>
<p>&nbsp;</p>
<p>&nbsp;</p>
<p>&nbsp;</p>
<p><span style="font-family: georgia, palatino, serif;font-size: 12pt"><span style="font-size: 18pt"><strong><span style="font-family: 'trebuchet ms', geneva, sans-serif">Carla Borin Moura <span style="font-size: 10pt;color: #999999">/ </span></span></strong></span><span style="font-family: 'trebuchet ms', geneva, sans-serif;font-size: 10pt"><a href="http://lattes.cnpq.br/7803752527378763" target="_blank" rel="noopener noreferrer"><span style="color: #999999">Currículum Lattes</span></a><br />
<strong>Linha de Pesquisa</strong>: <a href="https://wp.ufpel.edu.br/mestradoartesvisuais/linhas-de-pesquisa/processos-de-criacao-e-poeticas-do-cotidiano/">Processos de Criação e Poéticas do Cotidiano</a><br />
</span></span><span style="font-family: georgia, palatino, serif;font-size: 12pt"><span style="font-family: 'trebuchet ms', geneva, sans-serif;font-size: 10pt"><strong>Data de nascimento: </strong></span></span></p>
<p style="text-align: justify"><span style="font-family: 'trebuchet ms', geneva, sans-serif;font-size: 10pt"><strong>Texto introdutório:</strong> Bacharel em Letras, especialista em Literatura Brasileira, especialista em Artes na terminologia de Ensino e Percursos Poéticos. Mestranda em Processos de criação e poéticas do cotidiano UFPel. Desenvolve, temas sobre três tipos de peles: da cidade, da casa e do corpo. Integrante do coletivo Grupo Superfície e do Grupo de Pesquisa: DESLOCC &#8211; &#8220;Deslocamentos, observâncias e cartografias contemporâneas&#8221;, sob a coordenação da profª Drª Eduarda Azevedo Gonçalves- UFPel/CAPES. Bolsista CAPES/CNpq. (Texto extraído diretamente da plataforma Lattes)</span></p>
<hr />
<p><span style="font-family: 'trebuchet ms', geneva, sans-serif;font-size: 10pt"><strong>Título da dissertação<br />
<a href="http://guaiaca.ufpel.edu.br/bitstream/prefix/3917/1/Carla%20Borin%20Moura_Disserta%c3%a7%c3%a3o.pdf" target="_blank" rel="noopener noreferrer"><span style="font-size: 14pt">Um estudo poético-cartográfico dos <em>maparedes</em> da cidade de Pelotas</span></a></strong><br />
</span><span style="font-family: 'trebuchet ms', geneva, sans-serif;font-size: 10pt"><strong>Orientador(a):</strong> <a href="https://wp.ufpel.edu.br/mestradoartesvisuais/eduarda-azevedo-goncalves/">Profa. Dra. Eduarda Azevedo Gonçalves (PPGAV/UFPel)</a><br />
</span></p>
<p style="text-align: justify"><span style="font-family: 'trebuchet ms', geneva, sans-serif;font-size: 10pt"><strong>RESUMO</strong><br />
Esta pesquisa foi desenvolvida no curso de Mestrado em Artes Visuais, na linha de Pesquisa: Processos de Criação e Poéticas do Cotidiano. Evidencia uma cartografia poética, construída a partir da ação de caminhar pela cidade de Pelotas e seus arredores. Apresento uma série de fotografias, paredes/peles e algumas reflexões sobre o espaço referentes às transformações que ocorrem com a paisagem, promovidas pela umidade característica das região Sul. Ancorada no pensamento de alguns autores, como Michel De Certeau, Henry Thoreau, Hundertwasser e Ricardo Terra, entre outros, desenvolvo as noções do andarapé e dos maparedes. E, também aproximo os trabalhos que venho produzindo com os trabalhos de algumas artistas: Marina Polidoro, Manoela Medeiros e Graça Marques. </span></p>
<p><span style="font-family: 'trebuchet ms', geneva, sans-serif;font-size: 10pt"><strong>Palavras-chave:</strong> poéticas visuais; cartografia poética; andarapé; maparedes</span></p>
<p><span style="font-family: 'trebuchet ms', geneva, sans-serif;font-size: 10pt"><strong>Banca:<br />
</strong></span><span style="font-family: 'trebuchet ms', geneva, sans-serif;font-size: 10pt">Profa. Dra. Eduarda Azevedo Gonçalves (PPGAV/UFPel)<br />
BANCA: Profa. Dra. Angela Raffin Pohlmann (PPGAV/UFPel)<br />
Profa. Dra. Adriane Hernandez (UFRGS)<br />
Profa. Dra. Cynthia Farina (IFSul)</span></p>
<p><span style="font-family: 'trebuchet ms', geneva, sans-serif;font-size: 10pt"><strong>Data:</strong> 05/maio/2017</span></p>
<p>&nbsp;</p>
<p>&nbsp;</p>
<h3 style="text-align: center"><span style="font-family: 'trebuchet ms', geneva, sans-serif;font-size: 12pt">Acompanhamento Egresso:</span></h3>
<hr />
<div class="layout-cell-pad-5 text-align-right"></div>
<div></div>
<div></div>
<div></div>
<div></div>
<div class="layout-cell layout-cell-1 text-align-right"></div>
<p>&nbsp;</p>
<p>&nbsp;</p>
<p>&nbsp;</p>
<p>&nbsp;</p>
<p>&nbsp;</p>
<p>&nbsp;</p>
<p>&nbsp;</p>
<div class="ms-editor-squiggler" style="color: initial;font: initial;background: initial;background-blend-mode: initial;border: initial;border-radius: initial;border-collapse: initial;caption-side: initial;clear: initial;columns: initial;column-fill: initial;column-rule: initial;column-span: initial;cursor: initial;flex: initial;flex-flow: initial;float: initial;height: 0px;letter-spacing: initial;margin: initial;max-height: initial;max-width: initial;min-height: initial;min-width: initial;overflow: initial;padding: initial;text-align: initial;text-decoration: initial;text-indent: initial;text-transform: initial;vertical-align: initial;border-spacing: initial;width: initial"></div>
<div class="ms-editor-squiggler" style="color: initial;font: initial;background: initial;background-blend-mode: initial;border: initial;border-radius: initial;border-collapse: initial;caption-side: initial;clear: initial;columns: initial;column-fill: initial;column-rule: initial;column-span: initial;cursor: initial;flex: initial;flex-flow: initial;float: initial;height: 0px;letter-spacing: initial;margin: initial;max-height: initial;max-width: initial;min-height: initial;min-width: initial;overflow: initial;padding: initial;text-align: initial;text-decoration: initial;text-indent: initial;text-transform: initial;vertical-align: initial;border-spacing: initial;width: initial"></div>
<div class="ms-editor-squiggler" style="color: initial;font: initial;background: initial;background-blend-mode: initial;border: initial;border-radius: initial;border-collapse: initial;caption-side: initial;clear: initial;columns: initial;column-fill: initial;column-rule: initial;column-span: initial;cursor: initial;flex: initial;flex-flow: initial;float: initial;height: 0px;letter-spacing: initial;margin: initial;max-height: initial;max-width: initial;min-height: initial;min-width: initial;overflow: initial;padding: initial;text-align: initial;text-decoration: initial;text-indent: initial;text-transform: initial;vertical-align: initial;border-spacing: initial;width: initial"></div>
<div class="ms-editor-squiggler" style="color: initial;font: initial;background: initial;background-blend-mode: initial;border: initial;border-radius: initial;border-collapse: initial;caption-side: initial;clear: initial;columns: initial;column-fill: initial;column-rule: initial;column-span: initial;cursor: initial;flex: initial;flex-flow: initial;float: initial;height: 0px;letter-spacing: initial;margin: initial;max-height: initial;max-width: initial;min-height: initial;min-width: initial;overflow: initial;padding: initial;text-align: initial;text-decoration: initial;text-indent: initial;text-transform: initial;vertical-align: initial;border-spacing: initial;width: initial"></div>
<div class="ms-editor-squiggler" style="color: initial;font: initial;background: initial;background-blend-mode: initial;border: initial;border-radius: initial;border-collapse: initial;caption-side: initial;clear: initial;columns: initial;column-fill: initial;column-rule: initial;column-span: initial;cursor: initial;flex: initial;flex-flow: initial;float: initial;height: 0px;letter-spacing: initial;margin: initial;max-height: initial;max-width: initial;min-height: initial;min-width: initial;overflow: initial;padding: initial;text-align: initial;text-decoration: initial;text-indent: initial;text-transform: initial;vertical-align: initial;border-spacing: initial;width: initial"></div>
<div class="ms-editor-squiggler" style="color: initial;font: initial;background: initial;background-blend-mode: initial;border: initial;border-radius: initial;border-collapse: initial;caption-side: initial;clear: initial;columns: initial;column-fill: initial;column-rule: initial;column-span: initial;cursor: initial;flex: initial;flex-flow: initial;float: initial;height: 0px;letter-spacing: initial;margin: initial;max-height: initial;max-width: initial;min-height: initial;min-width: initial;overflow: initial;padding: initial;text-align: initial;text-decoration: initial;text-indent: initial;text-transform: initial;vertical-align: initial;border-spacing: initial;width: initial"></div>
<div class="ms-editor-squiggler" style="color: initial;font: initial;background: initial;background-blend-mode: initial;border: initial;border-radius: initial;border-collapse: initial;caption-side: initial;clear: initial;columns: initial;column-fill: initial;column-rule: initial;column-span: initial;cursor: initial;flex: initial;flex-flow: initial;float: initial;height: 0px;letter-spacing: initial;margin: initial;max-height: initial;max-width: initial;min-height: initial;min-width: initial;overflow: initial;padding: initial;text-align: initial;text-decoration: initial;text-indent: initial;text-transform: initial;vertical-align: initial;border-spacing: initial;width: initial"></div>
<div class="ms-editor-squiggler" style="color: initial;font: initial;background: initial;background-blend-mode: initial;border: initial;border-radius: initial;border-collapse: initial;caption-side: initial;clear: initial;columns: initial;column-fill: initial;column-rule: initial;column-span: initial;cursor: initial;flex: initial;flex-flow: initial;float: initial;height: 0px;letter-spacing: initial;margin: initial;max-height: initial;max-width: initial;min-height: initial;min-width: initial;overflow: initial;padding: initial;text-align: initial;text-decoration: initial;text-indent: initial;text-transform: initial;vertical-align: initial;border-spacing: initial;width: initial"></div>
<div class="ms-editor-squiggler" style="color: initial;font: initial;background: initial;background-blend-mode: initial;border: initial;border-radius: initial;border-collapse: initial;caption-side: initial;clear: initial;columns: initial;column-fill: initial;column-rule: initial;column-span: initial;cursor: initial;flex: initial;flex-flow: initial;float: initial;height: 0px;letter-spacing: initial;margin: initial;max-height: initial;max-width: initial;min-height: initial;min-width: initial;overflow: initial;padding: initial;text-align: initial;text-decoration: initial;text-indent: initial;text-transform: initial;vertical-align: initial;border-spacing: initial;width: initial"></div>

<p>&nbsp; &nbsp; &nbsp; Carla Borin Moura / Currículum Lattes Linha de Pesquisa: Processos de Criação e Poéticas do Cotidiano Data de nascimento:  Texto introdutório: Bacharel em Letras, especialista em Literatura Brasileira, especialista em Artes na terminologia de Ensino e Percursos Poéticos. Mestranda em Processos de criação e poéticas do cotidiano UFPel. Desenvolve, temas sobre três tipos [&hellip;]</p>
