{"id":4814,"date":"2021-03-20T06:23:15","date_gmt":"2021-03-20T09:23:15","guid":{"rendered":"https:\/\/wp.ufpel.edu.br\/mestradoartesvisuais\/?page_id=4814"},"modified":"2025-07-15T21:10:57","modified_gmt":"2025-07-16T00:10:57","slug":"renata-azevedo-requiao","status":"publish","type":"page","link":"https:\/\/wp.ufpel.edu.br\/ppgartes\/renata-azevedo-requiao\/","title":{"rendered":"Renata Azevedo Requi\u00e3o"},"content":{"rendered":"\n<figure class=\"wp-block-image size-full is-resized is-style-default\"><img width=\"419\" height=\"419\" src=\"https:\/\/wp.ufpel.edu.br\/ppgartes\/files\/2025\/07\/FOTO-Renata-Requiao-edited.jpeg\" alt=\"\" class=\"wp-image-11163\" style=\"aspect-ratio:1;object-fit:cover;width:350px\" srcset=\"https:\/\/wp.ufpel.edu.br\/ppgartes\/files\/2025\/07\/FOTO-Renata-Requiao-edited.jpeg 419w, https:\/\/wp.ufpel.edu.br\/ppgartes\/files\/2025\/07\/FOTO-Renata-Requiao-edited-400x400.jpeg 400w, https:\/\/wp.ufpel.edu.br\/ppgartes\/files\/2025\/07\/FOTO-Renata-Requiao-edited-200x200.jpeg 200w\" sizes=\"(max-width: 419px) 100vw, 419px\" \/><\/figure>\n\n\n<p style=\"text-align: left;\"><span style=\"font-family: georgia, palatino, serif; font-size: 12pt;\"><span style=\"font-size: 18pt;\"><strong><span style=\"font-family: 'trebuchet ms', geneva, sans-serif;\">Renata Azevedo Requi\u00e3o <span style=\"font-size: 10pt; color: #999999;\">\/\u00a0<\/span><\/span><\/strong><\/span><span style=\"font-family: 'trebuchet ms', geneva, sans-serif; font-size: 10pt;\"><span style=\"color: #999999;\"><a style=\"color: #999999;\" href=\"http:\/\/lattes.cnpq.br\/2666148508585644\" target=\"_blank\" rel=\"noopener noreferrer\">Curr\u00edculum Lattes<\/a><\/span><br \/><strong>Linha de Pesquisa<\/strong>: <a href=\"https:\/\/wp.ufpel.edu.br\/ppgartes\/linhas-de-pesquisa\/\">Processos de Cria\u00e7\u00e3o e Po\u00e9ticas do Cotidiano<\/a><br \/><\/span><\/span><span style=\"font-family: georgia, palatino, serif; font-size: 12pt;\"><span style=\"font-family: 'trebuchet ms', geneva, sans-serif; font-size: 10pt;\"><strong>E-mail<\/strong>: ar.renata@gmail.com<\/span><\/span><\/p>\n<p style=\"text-align: left;\"><span style=\"font-family: georgia, palatino, serif; font-size: 12pt;\"><span style=\"font-family: 'trebuchet ms', geneva, sans-serif; font-size: 10pt;\"><strong>Forma\u00e7\u00e3o acad\u00eamica<\/strong><br \/>Professora, Orientadora, Pesquisadora Bacharelado e PPG Artes Visuais \/ Centro de Artes, UFPel (desde 2010). Na Gradua\u00e7\u00e3o, atua em disciplinas de leitura e produ\u00e7\u00e3o de textos ensa\u00edsticos, explora a palavra escrita e a aquisi\u00e7\u00e3o da linguagem po\u00e9tica, a descri\u00e7\u00e3o da pr\u00e1tica po\u00e9tico-visual, a descoberta de sentidos po\u00e9tico-visuais; na FAUrb e no Curso de Jornalismo, Hist\u00f3ria da Arte Contempor\u00e2nea; no Curso de Antropologia, Ling\u00fc\u00edstica Geral. No PPG-AV: Percursos, narrativas, descri\u00e7\u00f5es: mapas po\u00e9ticos, e A leitura Cr\u00edtica: modos de ver, modos de ler, modos de escrever. De 1992 a 2012, atuou nos Cursos de Letras, UFPel, em disciplinas do Campo da Literatura, Narrativas Curtas e Poesia (em l\u00edngua portuguesa, moderna e contempor\u00e2nea estudos comparados entre produ\u00e7\u00e3o liter\u00e1ria\/sistema liter\u00e1rio\/constru\u00e7\u00e3o do territ\u00f3rio imagin\u00e1rio nacional), Literatura Infantil, Ensino da Literatura, Po\u00e9ticas Contempor\u00e2neas no Brasil, Est\u00e1gio Obrigat\u00f3rio; e em disciplinas do Campo da Ling\u00fc\u00edstica, Sem\u00e2ntica, Estil\u00edstica, Morfologia, Ling\u00fc\u00edstica Geral, Estudos do Texto, Semi\u00f3tica. Escreve poesia, prosa po\u00e9tica, ensaio; desenha; projeta e cria objetos-ambientes verbo-voco-visuais, com som e luz; projeta e constr\u00f3i casas-ateli\u00eas de si. Gasta longas horas em seu jardim. PESQUISA, com temas associados, tendo como base te\u00f3rica o pensamento discursivo-liter\u00e1rio de Franz Kafka, e o pensamento te\u00f3rico-reflexivo de W.Benjamin, R.Barthes, G.Agamben, H.Arendt, M.Blanchot; J.Derrida; e outros. TEMAS: a produ\u00e7\u00e3o po\u00e9tico-visual cr\u00edtico-contempor\u00e2nea e a constru\u00e7\u00e3o da realidade; o lugar criado (entre o privado e o p\u00fablico) e a produ\u00e7\u00e3o de sentidos; a constru\u00e7\u00e3o do pequeno territ\u00f3rio e a pot\u00eancia da cria\u00e7\u00e3o; o territ\u00f3rio da p\u00e1gina escrita; escrita como biografismo; aquisi\u00e7\u00e3o da linguagem e a express\u00e3o do corpo; leitura e cogni\u00e7\u00e3o (semi\u00f3tica perceptiva); linguagem e limites da express\u00e3o; arte e tecnologia. \u00c1REAS: Arte Contempor\u00e2nea; Literatura e Outras Po\u00e9ticas; Literatura Brasileira Contempor\u00e2nea, com \u00eanfase em: poesia anos 70\/2010; poesia concreta; Ana Cristina Cesar; Paulo Leminski; Jo\u00e3o Cabral de Melo Neto; Oswald de Andrade; Clarice Lispector; Osman Lins; Sergio SantAnna; Aldyr Garcia Schlee; Vitor Ramil; Arte e Loucura (Arthur Bispo do Ros\u00e1rio); Literatura Infantil (o livro infantil; a leitura; imagem e palavra no livro). L\u00edder de grupo de pesquisa multidisciplinar, Artefatos para leitura e constru\u00e7\u00e3o do pequeno territ\u00f3rio&#8221;. Coordenadora de projetos de pesquisa de longa dura\u00e7\u00e3o: Viagens e lugares: mapas antropol\u00f3gicos, liter\u00e1rios, tur\u00edsticos, com prof. Dr. Edgar Barbosa Neto (Antropologia\/FaE, UFMG); Po\u00e9ticas contempor\u00e2neas: produ\u00e7\u00e3o de leitura, produ\u00e7\u00e3o de escritura, produ\u00e7\u00e3o de sentidos. CARREIRA: Professora concursada \u00e1rea de Ling\u00fc\u00edstica e Estudos do Texto, UFPel, Centro de Letras \/ Centro de Artes (atual, desde 1992). Secret\u00e1ria Municipal de Cultura, Pelotas-RS (Gest\u00e3o PT-FP, 2001-2004). Professora substituta (Ling\u00fc\u00edstica, Sem\u00e2ntica e Estil\u00edstica), Curso de Letras, UFPel (1991-1992). Professora de Franc\u00eas para Crian\u00e7as, Curso Tour de Babel, Pelotas RS (1988-1992). FORMA\u00c7\u00c3O: Licenciatura em Letras (Portugu\u00eas\/Franc\u00eas, L\u00ednguas e Literaturas), UFPel (1988); Gradua\u00e7\u00e3o em Arquitetura e Urbanismo, UFPel (1994); Mestrado em Letras Lit. Brasileira, IL, UFRGS (1997), prof. dr. Michel Peterson, &#8220;Leitura caleidosc\u00f3pica do movimento do livro A educa\u00e7\u00e3o pela pedra, de JCMNeto&#8221;; Doutorado em Letras Lit. Comparada, IL, UFRGS (2002), prof. dr. Michel Peterson, e prof. dr. Lu\u00eds Augusto Fischer, Estesias (&#8220;ensaio contra&#8221; o pensamento acad\u00eamico assertivo, sobre dez po\u00e9ticas no Brasil Contempor\u00e2neo, suas constela\u00e7\u00f5es e reconfigura\u00e7\u00f5es, e sobre a conquista de uma dic\u00e7\u00e3o, como mulher, professora, intelectual e pesquisadora, decorrente de movimentos autorais e explorat\u00f3rios, visando novos sentidos). Est\u00e1gio P\u00f3s-doutoral, NUPILL, UFSC (2010), prof. dr. Alckmar Lu\u00eds dos Santos, A voz e a cena na Poesia Brasileira Contempor\u00e2nea ]1970-2010[.<br \/><\/span><\/span><\/p>\n<hr \/>\n<p style=\"text-align: left;\"><span style=\"font-family: georgia, palatino, serif; font-size: 12pt;\"><span style=\"font-family: 'trebuchet ms', geneva, sans-serif;\"><strong>PROJETOS DE PESQUISAS<\/strong><\/span><\/span><\/p>\n<p style=\"text-align: left; padding-left: 40px;\"><span style=\"font-family: georgia, palatino, serif; font-size: 12pt;\"><span style=\"font-family: 'trebuchet ms', geneva, sans-serif; font-size: 10pt;\"><strong>\ud83d\udcc2 <span style=\"color: #ff0000;\">[ENCERRADO]<\/span> <span style=\"color: #999999;\">Po\u00e9ticas contempor\u00e2neas: produ\u00e7\u00e3o de leitura, produ\u00e7\u00e3o de escritura, produ\u00e7\u00e3o de sentidos<\/span><\/strong><br \/><span style=\"color: #999999;\">Grupo de Pesquisa: Artefatos po\u00e9ticos para leitura e constru\u00e7\u00e3o do \u201cpequeno territ\u00f3rio\u201d<\/span><\/span><\/span><\/p>\n<p style=\"text-align: left; padding-left: 40px;\"><span style=\"font-family: georgia, palatino, serif; font-size: 12pt;\"><span style=\"font-family: 'trebuchet ms', geneva, sans-serif; font-size: 10pt;\"><strong>\ud83d\udcc2 <a href=\"https:\/\/institucional.ufpel.edu.br\/projetos\/id\/u4476\">Viagens e lugares: mapas, topologias e linhas de fuga, configura\u00e7\u00f5es antropol\u00f3gico-po\u00e9tico-visuais<\/a><\/strong><br \/>Grupo de Pesquisa: Artefatos po\u00e9ticos para leitura e constru\u00e7\u00e3o do \u201cpequeno territ\u00f3rio\u201d<\/span><\/span><\/p>\n<hr \/>\n<p style=\"text-align: left;\"><span style=\"font-family: georgia, palatino, serif; font-size: 12pt;\"><span style=\"font-family: 'trebuchet ms', geneva, sans-serif;\"><strong>GRUPOS DE PESQUISAS<\/strong><\/span><\/span><\/p>\n<p style=\"text-align: left; padding-left: 40px;\"><span style=\"font-family: georgia, palatino, serif; font-size: 12pt;\"><span style=\"font-family: 'trebuchet ms', geneva, sans-serif; font-size: 10pt;\"><strong>\ud83d\uddc2\ufe0f <a href=\"http:\/\/dgp.cnpq.br\/dgp\/espelhogrupo\/734094\">Artefatos po\u00e9ticos para leitura e constru\u00e7\u00e3o do \u201cpequeno territ\u00f3rio\u201d<\/a><\/strong><br \/>L\u00edder(es) do grupo: Renata Azevedo Requi\u00e3o<br \/>Docentes participantes: Adriane Borda Almeida da Silva, Ana Paula da Silva Maich, Andr\u00e9 Barbachan Silva, Andr\u00e9 Winter Noble, Cynthia Farina, Daniel Albernaz Acosta, Edgar Rodrigues Barbosa Neto, Gabriela Kremer da Motta, Guilherme Rodrigues de Rodrigues, <a href=\"https:\/\/wp.ufpel.edu.br\/ppgartes\/helene-gomes-sacco\/\">Helene Gomes Sacco<\/a>, Jonas Machado Rodeghiero, Jonas Machado Rodeghiero, Lislaine Sirsi Cansi, Marcelo Castro da Silva Maraninchi, <a href=\"https:\/\/wp.ufpel.edu.br\/ppgartes\/renata-azevedo-requiao\/\">Renata Azevedo Requi\u00e3o\u00a0<\/a><\/span><\/span><\/p>\n<hr \/>\n<p style=\"text-align: left;\"><span style=\"font-family: georgia, palatino, serif; font-size: 12pt;\"><span style=\"font-family: 'trebuchet ms', geneva, sans-serif;\"><strong>PESQUISAS ORIENTADAS<\/strong><\/span><\/span><\/p>\n<p style=\"padding-left: 40px;\">DOUTORADO<\/p>\n<p style=\"text-align: left; padding-left: 40px;\"><span style=\"font-family: georgia, palatino, serif; font-size: 12pt;\"><span style=\"font-family: 'trebuchet ms', geneva, sans-serif; font-size: 10pt;\"><strong>\ud83d\udcd9 Cotidiano Nacional: uma produ\u00e7\u00e3o em Arte Visual Contempor\u00e2nea a partir de poss\u00edveis constru\u00e7\u00f5es identit\u00e1rias<\/strong><br \/>Orientanda: J\u00e9ssica Porci\u00fancula &#8211; Em Andamento<\/span><\/span><\/p>\n<p style=\"padding-left: 40px;\"><span style=\"font-family: georgia, palatino, serif; font-size: 12pt;\"><span style=\"font-family: 'trebuchet ms', geneva, sans-serif; font-size: 10pt;\"><strong>\ud83d\udcd9 Sim\u00f5es, designer dos Campos Neutrais<\/strong><br \/>Orientando: Emerson Ferreira &#8211; Em Andamento<\/span><\/span><\/p>\n<p style=\"padding-left: 40px;\">MESTRADO<\/p>\n<p style=\"padding-left: 40px;\"><span style=\"font-family: georgia, palatino, serif; font-size: 12pt;\"><span style=\"font-family: 'trebuchet ms', geneva, sans-serif; font-size: 10pt;\"><strong>\ud83d\udcd9 Quest\u00f5es naturais: a cria\u00e7\u00e3o de uma pentalogia de terror a partir de obras cl\u00e1ssicas<\/strong><br \/>Orientanda: Eliziane Hernandes &#8211; Em andamento<\/span><\/span><\/p>\n<p style=\"padding-left: 40px;\"><span style=\"font-family: georgia, palatino, serif; font-size: 12pt;\"><span style=\"font-family: 'trebuchet ms', geneva, sans-serif; font-size: 10pt;\"><strong>\ud83d\udcd9 A imagem no espelho: jogos de superf\u00edcie, entre o real cotidiano e a cria\u00e7\u00e3o fotogr\u00e1fica<\/strong><br \/>Orientando: Igor Almeida &#8211; Em andamento<\/span><\/span><\/p>\n<p style=\"text-align: left; padding-left: 40px;\"><span style=\"font-family: georgia, palatino, serif; font-size: 12pt;\"><span style=\"font-family: 'trebuchet ms', geneva, sans-serif; font-size: 10pt;\"><strong>\ud83d\udcd9 Nasce a \u00faltima que morre: uma investiga\u00e7\u00e3o po\u00e9tica, cr\u00edtica e simb\u00f3lica acerca da identidade nacional nas artes visuais contempor\u00e2neas<\/strong><br \/>Orientanda: J\u00e9ssica Porci\u00fancula (2023)<\/span><\/span><\/p>\n<p style=\"text-align: left; padding-left: 40px;\"><span style=\"font-family: georgia, palatino, serif; font-size: 12pt;\"><span style=\"font-family: 'trebuchet ms', geneva, sans-serif; font-size: 10pt;\"><strong>\ud83d\udcd9 Palavra e imagem, imagem da palavra: intersec\u00e7\u00f5es entre design e poesia concreta<\/strong><br \/>Orientando: Jos\u00e9 Paulo Portela (2022)<\/span><\/span><\/p>\n<p style=\"text-align: left; padding-left: 40px;\"><span style=\"font-family: georgia, palatino, serif; font-size: 12pt;\"><span style=\"font-family: 'trebuchet ms', geneva, sans-serif; font-size: 10pt;\"><strong>\ud83d\udcd9 Po\u00e9ticas do desvio: da doutrina\u00e7\u00e3o ao processo de cria\u00e7\u00e3o<\/strong><br \/>Orientanda: Diana Kr\u00fcger Martins (2020)<\/span><\/span><\/p>\n<p style=\"text-align: left; padding-left: 40px;\"><span style=\"font-family: georgia, palatino, serif; font-size: 12pt;\"><span style=\"font-family: 'trebuchet ms', geneva, sans-serif; font-size: 10pt;\"><strong>\ud83d\udcd9 <a href=\"http:\/\/guaiaca.ufpel.edu.br\/bitstream\/prefix\/5511\/1\/MARCIO%20FARIAS%20DE%20MELLO_Dissertacao.pdf\" target=\"_blank\" rel=\"noopener noreferrer\">A constru\u00e7\u00e3o po\u00e9tica da banda Freak Brotherz: m\u00fasica e quadrinhos underground<\/a><\/strong><br \/>Orientando: M\u00e1rcio Farias de Mello (2019)<\/span><\/span><\/p>\n<p style=\"text-align: left; padding-left: 40px;\"><span style=\"font-family: georgia, palatino, serif; font-size: 12pt;\"><span style=\"font-family: 'trebuchet ms', geneva, sans-serif; font-size: 10pt;\"><strong>\ud83d\udcd9 <a href=\"http:\/\/repositorio.ufpel.edu.br:8080\/handle\/prefix\/4414\" target=\"_blank\" rel=\"noopener noreferrer\">A experi\u00eancia de silenciamento como processo criativo<\/a><\/strong><br \/>Orientanda: Ana Paula da Silva Maich (2018)<\/span><\/span><\/p>\n<p style=\"text-align: left; padding-left: 40px;\"><span style=\"font-family: georgia, palatino, serif; font-size: 12pt;\"><span style=\"font-family: 'trebuchet ms', geneva, sans-serif; font-size: 10pt;\"><strong>\ud83d\udcd9 <a href=\"http:\/\/guaiaca.ufpel.edu.br:8080\/handle\/prefix\/4419\" target=\"_blank\" rel=\"noopener noreferrer\">Terra plana: a experi\u00eancia do estar<\/a><\/strong><br \/>Orientando: Felipe Estrela Campal (2018)<\/span><\/span><\/p>\n<p style=\"text-align: left; padding-left: 40px;\"><span style=\"font-family: georgia, palatino, serif; font-size: 12pt;\"><span style=\"font-family: 'trebuchet ms', geneva, sans-serif; font-size: 10pt;\"><strong>\ud83d\udcd9 <a href=\"http:\/\/guaiaca.ufpel.edu.br:8080\/handle\/prefix\/4427\" target=\"_blank\" rel=\"noopener noreferrer\">MEMORABILIA: uma cole\u00e7\u00e3o feita de objetos, escritos e mem\u00f3rias<\/a><\/strong><br \/>Orientando: Maximiano Duval da Silva Cirne (2018)<\/span><\/span><\/p>\n<p style=\"text-align: left; padding-left: 40px;\"><span style=\"font-family: georgia, palatino, serif; font-size: 12pt;\"><span style=\"font-family: 'trebuchet ms', geneva, sans-serif; font-size: 10pt;\"><strong>\ud83d\udcd9 <a href=\"http:\/\/guaiaca.ufpel.edu.br\/bitstream\/prefix\/3919\/1\/Marcelo%20Terra%20Borges_%20Disserta%c3%a7%c3%a3o.pdf\" target=\"_blank\" rel=\"noopener noreferrer\">O que n\u00e3o vi[ver] dos 30: considera\u00e7\u00f5es sobre uma po\u00e9tica da perda<\/a><\/strong><br \/>Orientando: Marcelo Terra Borges (2017)<\/span><\/span><\/p>\n<p style=\"text-align: left; padding-left: 40px;\"><span style=\"font-family: georgia, palatino, serif; font-size: 12pt;\"><span style=\"font-family: 'trebuchet ms', geneva, sans-serif; font-size: 10pt;\"><strong>\ud83d\udcd9 <a href=\"http:\/\/repositorio.ufpel.edu.br:8080\/handle\/prefix\/3680\" target=\"_blank\" rel=\"noopener noreferrer\">Po\u00e9tica na doc\u00eancia [corpo e territ\u00f3rio]<\/a><\/strong><br \/>Orientanda: Lislaine Sirsi Cansi (2016)<\/span><\/span><\/p>\n<p style=\"text-align: left; padding-left: 40px;\"><span style=\"font-family: georgia, palatino, serif; font-size: 12pt;\"><span style=\"font-family: 'trebuchet ms', geneva, sans-serif; font-size: 10pt;\"><strong>\ud83d\udcd9 <a href=\"https:\/\/wp.ufpel.edu.br\/mestradoartesvisuais\/files\/2017\/11\/Andr%C3%A9REVER-RELER.pdf\" target=\"_blank\" rel=\"noopener noreferrer\">Rever: Reler<\/a><\/strong><br \/>Orientando: Andr\u00e9 Winter Noble (2015)<\/span><\/span><\/p>\n<p style=\"text-align: left; padding-left: 40px;\"><span style=\"font-family: georgia, palatino, serif; font-size: 12pt;\"><span style=\"font-family: 'trebuchet ms', geneva, sans-serif; font-size: 10pt;\"><strong>\ud83d\udcd9 <a href=\"https:\/\/drive.google.com\/open?id=19M4EaBPPQISPFTsHvmgRq3KNUO91cx4U\" target=\"_blank\" rel=\"noopener noreferrer\">Da forma\u00e7\u00e3o da imagem (imagin\u00e1rio) ao fazer milenar da xilogravura<\/a><\/strong><br \/>Orientanda: Carla Rosane dos Santos Vieira (2014)<\/span><\/span><\/p>\n<p style=\"text-align: left; padding-left: 40px;\"><span style=\"font-family: georgia, palatino, serif; font-size: 12pt;\"><span style=\"font-family: 'trebuchet ms', geneva, sans-serif; font-size: 10pt;\"><strong>\ud83d\udcd9 <a href=\"http:\/\/pergamum.ufpel.edu.br:8080\/pergamumweb\/vinculos\/00007e\/00007e4d.pdf\" target=\"_blank\" rel=\"noopener noreferrer\">Oficinas de arte contempor\u00e2nea para crian\u00e7as de pr\u00e9-escola: a experi\u00eancia est\u00e9tica e o l\u00fadico na inf\u00e2ncia<\/a><\/strong><br \/>Orientanda: Let\u00edcia Britto (2014)<\/span><\/span><\/p>\n<p style=\"padding-left: 40px;\">COORIENTA\u00c7\u00c3O<\/p>\n<p style=\"padding-left: 40px;\"><span style=\"font-family: georgia, palatino, serif; font-size: 12pt;\"><span style=\"font-family: 'trebuchet ms', geneva, sans-serif; font-size: 10pt;\"><strong>\ud83d\udcd9 Imagem e pintura em Clarice Lispector<\/strong><br \/>Orientanda: Lilian Hack (2020)<br \/>Curso: Doutorado em Artes &#8211; Universidade Federal do Rio Grande do Sul (UFRGS)<\/span><\/span><\/p>\n<p style=\"padding-left: 40px;\"><span style=\"font-family: georgia, palatino, serif; font-size: 12pt;\"><span style=\"font-family: 'trebuchet ms', geneva, sans-serif; font-size: 10pt;\"><strong>\ud83d\udcd9 Por Satolep, perseguindo Selbor<\/strong><br \/>Orientanda: Marlise Buchweiz Klug (2011)<br \/>Curso: Mestrado em Artes &#8211; Universidade Federal do Rio Grande do Sul (UFRGS)<\/span><\/span><\/p>\n<div class=\"ms-editor-squiggler\" style=\"color: initial; font: initial; background: initial; background-blend-mode: initial; border: initial; border-radius: initial; border-collapse: initial; caption-side: initial; clear: initial; columns: initial; column-fill: initial; column-rule: initial; column-span: initial; cursor: initial; flex: initial; flex-flow: initial; float: initial; height: 0px; letter-spacing: initial; margin: initial; max-height: initial; max-width: initial; min-height: initial; min-width: initial; overflow: initial; padding: initial; text-align: initial; text-decoration: initial; text-indent: initial; text-transform: initial; vertical-align: initial; border-spacing: initial; width: initial;\">\u00a0<\/div>\n<div class=\"ms-editor-squiggler\" style=\"color: initial; font: initial; background: initial; background-blend-mode: initial; border: initial; border-radius: initial; border-collapse: initial; caption-side: initial; clear: initial; columns: initial; column-fill: initial; column-rule: initial; column-span: initial; cursor: initial; flex: initial; flex-flow: initial; float: initial; height: 0px; letter-spacing: initial; margin: initial; max-height: initial; max-width: initial; min-height: initial; min-width: initial; overflow: initial; padding: initial; text-align: initial; text-decoration: initial; text-indent: initial; text-transform: initial; vertical-align: initial; border-spacing: initial; width: initial;\">\u00a0<\/div>","protected":false},"excerpt":{"rendered":"<p>Renata Azevedo Requi\u00e3o \/\u00a0Curr\u00edculum LattesLinha de Pesquisa: Processos de Cria\u00e7\u00e3o e Po\u00e9ticas do CotidianoE-mail: ar.renata@gmail.com Forma\u00e7\u00e3o acad\u00eamicaProfessora, Orientadora, Pesquisadora Bacharelado e PPG Artes Visuais \/ Centro de Artes, UFPel (desde 2010). Na Gradua\u00e7\u00e3o, atua em disciplinas de leitura e produ\u00e7\u00e3o de textos ensa\u00edsticos, explora a palavra escrita e a aquisi\u00e7\u00e3o da linguagem po\u00e9tica, a descri\u00e7\u00e3o [&hellip;]<\/p>\n","protected":false},"author":1258,"featured_media":0,"parent":0,"menu_order":0,"comment_status":"closed","ping_status":"closed","template":"","meta":{"footnotes":""},"class_list":["post-4814","page","type-page","status-publish","hentry"],"_links":{"self":[{"href":"https:\/\/wp.ufpel.edu.br\/ppgartes\/wp-json\/wp\/v2\/pages\/4814","targetHints":{"allow":["GET"]}}],"collection":[{"href":"https:\/\/wp.ufpel.edu.br\/ppgartes\/wp-json\/wp\/v2\/pages"}],"about":[{"href":"https:\/\/wp.ufpel.edu.br\/ppgartes\/wp-json\/wp\/v2\/types\/page"}],"author":[{"embeddable":true,"href":"https:\/\/wp.ufpel.edu.br\/ppgartes\/wp-json\/wp\/v2\/users\/1258"}],"replies":[{"embeddable":true,"href":"https:\/\/wp.ufpel.edu.br\/ppgartes\/wp-json\/wp\/v2\/comments?post=4814"}],"version-history":[{"count":5,"href":"https:\/\/wp.ufpel.edu.br\/ppgartes\/wp-json\/wp\/v2\/pages\/4814\/revisions"}],"predecessor-version":[{"id":11185,"href":"https:\/\/wp.ufpel.edu.br\/ppgartes\/wp-json\/wp\/v2\/pages\/4814\/revisions\/11185"}],"wp:attachment":[{"href":"https:\/\/wp.ufpel.edu.br\/ppgartes\/wp-json\/wp\/v2\/media?parent=4814"}],"curies":[{"name":"wp","href":"https:\/\/api.w.org\/{rel}","templated":true}]}}