{"id":4797,"date":"2021-03-20T05:32:29","date_gmt":"2021-03-20T08:32:29","guid":{"rendered":"https:\/\/wp.ufpel.edu.br\/mestradoartesvisuais\/?page_id=4797"},"modified":"2025-07-11T05:17:08","modified_gmt":"2025-07-11T08:17:08","slug":"helene-gomes-sacco","status":"publish","type":"page","link":"https:\/\/wp.ufpel.edu.br\/ppgartes\/helene-gomes-sacco\/","title":{"rendered":"Helene Gomes Sacco"},"content":{"rendered":"\n<figure class=\"wp-block-image size-full is-resized is-style-default\"><img width=\"517\" height=\"518\" src=\"https:\/\/wp.ufpel.edu.br\/ppgartes\/files\/2019\/05\/Foto-Helene-1.jpg\" alt=\"\" class=\"wp-image-2686\" style=\"aspect-ratio:1;object-fit:cover;width:350px\" srcset=\"https:\/\/wp.ufpel.edu.br\/ppgartes\/files\/2019\/05\/Foto-Helene-1.jpg 517w, https:\/\/wp.ufpel.edu.br\/ppgartes\/files\/2019\/05\/Foto-Helene-1-400x400.jpg 400w, https:\/\/wp.ufpel.edu.br\/ppgartes\/files\/2019\/05\/Foto-Helene-1-200x200.jpg 200w\" sizes=\"(max-width: 517px) 100vw, 517px\" \/><\/figure>\n\n\n<p style=\"text-align: left;\"><span style=\"font-family: georgia, palatino, serif; font-size: 12pt;\"><span style=\"font-size: 18pt;\"><strong><span style=\"font-family: 'trebuchet ms', geneva, sans-serif;\">Helene Gomes Sacco <span style=\"font-size: 10pt; color: #999999;\">\/\u00a0<\/span><\/span><\/strong><\/span><span style=\"font-family: 'trebuchet ms', geneva, sans-serif; font-size: 10pt;\"><span style=\"color: #999999;\"><a style=\"color: #999999;\" href=\"http:\/\/lattes.cnpq.br\/7729369777149419\" target=\"_blank\" rel=\"noopener noreferrer\">Curr\u00edculum Lattes<\/a><\/span><br \/><strong>Linha de Pesquisa<\/strong>: <a href=\"https:\/\/wp.ufpel.edu.br\/ppgartes\/linhas-de-pesquisa\/\">Processos de Cria\u00e7\u00e3o e Po\u00e9ticas do Cotidiano<\/a><br \/><\/span><\/span><span style=\"font-family: georgia, palatino, serif; font-size: 12pt;\"><span style=\"font-family: 'trebuchet ms', geneva, sans-serif; font-size: 10pt;\"><strong>E-mail<\/strong>: sacco.h@gmail.com<\/span><\/span><\/p>\n<p style=\"text-align: left;\"><span style=\"font-family: georgia, palatino, serif; font-size: 12pt;\"><span style=\"font-family: 'trebuchet ms', geneva, sans-serif; font-size: 10pt;\"><strong><br \/>Forma\u00e7\u00e3o acad\u00eamica<\/strong><br \/>Artista e pesquisadora, \u00e9 Doutora (2014) e Mestre (2009) em Arte Visuais, na linha de pesquisa em Po\u00e9ticas Visuais no PPGAV\/UFRGS. Especializa\u00e7\u00e3o e Did\u00e1tica e Metodologia de Ensino Superior, pela UNESC em 2004.Tem Bacharelado em Artes Visuais pela Universidade Federal de Pelotas em 1999. \u00c9 professora e membro permanente do Programa de P\u00f3s-Gradua\u00e7\u00e3o em Artes, PPGArtes, no Mestrado e Doutorado. \u00c9 professora em cursos do gradua\u00e7\u00e3o em disciplinas de Percep\u00e7\u00e3o Tridimensional e Espacial, bem como Publica\u00e7\u00f5es Art\u00edsticas nos cursos de Licenciatura e Bacharelado em Artes Visuais na UFPEL\/Pelotas-RS. Atua como pesquisadora nos seguintes temas: A Casa e o Habitar, Objeto, desenho e palavra, com \u00eanfase de pesquisa em objetos cotidianos, inven\u00e7\u00f5es e (re)fabrica\u00e7\u00f5es, invent\u00e1rios ordin\u00e1rios e rela\u00e7\u00f5es entre arte e literatura em trabalhos que articulam desenho, fotografia, objetos e publica\u00e7\u00f5es, que buscam atrav\u00e9s de um tom ficcional pensar sobre a produ\u00e7\u00e3o de objetos, sua implica\u00e7\u00e3o nos modos de vida, questionando a obsolesc\u00eancia programada, a vida das coisas e a durabilidade do mundo. Coordena o Grupo e Projeto de Pesquisa chamado Lugares-livro: dimens\u00f5es materiais e po\u00e9ticas desde 2013, pesquisa que procura pensar os livros e publica\u00e7\u00f5es art\u00edsticas como lugar de experi\u00eancia cr\u00edtica, est\u00e9tica e po\u00e9tica. Em 2024 deu in\u00edcio ao Projeto de Pesquisa &#8220;Ecologias do Habitar: o cotidiano e o infraordin\u00e1rio na pr\u00e1tica art\u00edstica&#8221;, o projeto prop\u00f5e o estudo do ambiente da casa e seu cotidiano, pela percep\u00e7\u00e3o infraordin\u00e1ria como fonte de produ\u00e7\u00f5es po\u00e9ticas em arte. A partir de estudos te\u00f3ricos e pr\u00e1ticos sobre o tema e da an\u00e1lise dos lugares, seus objetos, mem\u00f3rias, gestos e h\u00e1bitos cotidianos, a pesquisa intenta alcan\u00e7ar uma pequena ecologia do habitar. Coordenou at\u00e9 2023 tamb\u00e9m o projeto de pesquisa OBJETOCOISA: reflex\u00f5es sobre a cria\u00e7\u00e3o e produ\u00e7\u00e3o de materialidade na arte, que busca refletir sobre processos de cria\u00e7\u00e3o que envolvam a produ\u00e7\u00e3o de objetos, a cr\u00edtica \u00e0 materialidade e an\u00e1lise de sua influ\u00eancia no meio e na experi\u00eancia. Em 2020 durante a pandemia, deu in\u00edcio ao projeto de pesquisa Po\u00e9ticas NO Espa\u00e7o: investiga\u00e7\u00f5es, proposi\u00e7\u00f5es de formas de presen\u00e7a, que busca pensar as formas poss\u00edveis de proposi\u00e7\u00f5es de outros espa\u00e7os para arte, que deu origem ao site Cartas Pand\u00eamicas gerando trocas entre artistas nacionais e internacionais.<br \/><\/span><\/span><\/p>\n<p style=\"text-align: left;\">\u00a0<\/p>\n<hr \/>\n<p style=\"text-align: left;\"><span style=\"font-family: georgia, palatino, serif; font-size: 12pt;\"><span style=\"font-family: 'trebuchet ms', geneva, sans-serif;\"><strong>PROJETOS DE PESQUISAS<\/strong><\/span><\/span><\/p>\n<p style=\"padding-left: 40px;\"><span style=\"font-family: georgia, palatino, serif; font-size: 12pt;\"><span style=\"font-family: 'trebuchet ms', geneva, sans-serif; font-size: 10pt;\"><strong>\ud83d\udcc2 <a href=\"https:\/\/institucional.ufpel.edu.br\/projetos\/id\/u8218\">Ecologia do Habitar: o cotidiano e o infraordin\u00e1rio na pr\u00e1tica art\u00edstica<\/a><\/strong><br \/>Grupo de Pesquisa: Grupo de Pesquisa Lugares-livro: dimens\u00f5es materiais e po\u00e9ticas<\/span><\/span><\/p>\n<p style=\"text-align: left; padding-left: 40px;\"><span style=\"font-family: georgia, palatino, serif; font-size: 12pt;\"><span style=\"font-family: 'trebuchet ms', geneva, sans-serif; font-size: 10pt;\"><strong>\ud83d\udcc2 <a href=\"https:\/\/institucional.ufpel.edu.br\/projetos\/id\/u3419\">Lugares-livro: dimens\u00f5es materiais e po\u00e9ticas<\/a><\/strong><br \/>Grupo de Pesquisa: Grupo de Pesquisa Lugares-livro: dimens\u00f5es materiais e po\u00e9ticas<br \/><\/span><\/span><\/p>\n<p style=\"text-align: left; padding-left: 40px;\"><span style=\"font-family: georgia, palatino, serif; font-size: 12pt;\"><span style=\"font-family: 'trebuchet ms', geneva, sans-serif; font-size: 10pt;\"><strong>\ud83d\udcc2 <span style=\"color: #ff0000;\">[ENCERRADO]<\/span> <span style=\"color: #999999;\"><a style=\"color: #999999;\" href=\"https:\/\/institucional.ufpel.edu.br\/projetos\/id\/p9034\">OBJETOCOISA: reflex\u00f5es sobre a cria\u00e7\u00e3o e produ\u00e7\u00e3o de materialidade na arte<\/a><\/span><\/strong><br \/><span style=\"color: #999999;\">Grupo de Pesquisa: Arte, ecologia e sa\u00fade<\/span><\/span><\/span><\/p>\n<p style=\"text-align: left; padding-left: 40px;\"><span style=\"font-family: georgia, palatino, serif; font-size: 12pt;\"><span style=\"font-family: 'trebuchet ms', geneva, sans-serif; font-size: 10pt;\"><strong>\ud83d\udcc2 <span style=\"color: #ff0000;\">[ENCERRADO]<\/span> <span style=\"color: #999999;\"><a style=\"color: #999999;\" href=\"https:\/\/institucional.ufpel.edu.br\/projetos\/id\/u2971\">Po\u00e9ticas NO Espa\u00e7o: investiga\u00e7\u00f5es, proposi\u00e7\u00f5es de formas de presen\u00e7a<\/a><\/span><\/strong><br \/><span style=\"color: #999999;\">Grupo de Pesquisa: Deslocamentos, observ\u00e2ncias e cartografias contempor\u00e2neas<\/span><\/span><\/span><\/p>\n<hr \/>\n<p style=\"text-align: left;\"><span style=\"font-family: georgia, palatino, serif; font-size: 12pt;\"><span style=\"font-family: 'trebuchet ms', geneva, sans-serif;\"><strong>GRUPOS DE PESQUISAS<\/strong><\/span><\/span><\/p>\n<p style=\"padding-left: 40px;\"><span style=\"font-family: georgia, palatino, serif; font-size: 12pt;\"><span style=\"font-family: 'trebuchet ms', geneva, sans-serif; font-size: 10pt;\"><strong>\ud83d\uddc2\ufe0f <a href=\"http:\/\/dgp.cnpq.br\/dgp\/espelhogrupo\/696933\">Grupo de Pesquisa Lugares-livro: dimens\u00f5es materiais e po\u00e9ticas<\/a><\/strong><br \/>L\u00edder(es) do grupo: Helene Gomes Sacco<br \/>Docentes participantes: <a href=\"https:\/\/wp.ufpel.edu.br\/ppgartes\/eduarda-azevedo-goncalves\/\">Eduarda Azevedo Goncalves<\/a>, <a href=\"https:\/\/wp.ufpel.edu.br\/ppgartes\/helene-gomes-sacco\/\">Helene Gomes Sacco<\/a>, M\u00e1rcia Regina Pereira de Sousa (UFSM)<\/span><\/span><\/p>\n<p>\u00a0<\/p>\n<hr \/>\n<p style=\"text-align: left;\"><span style=\"font-family: georgia, palatino, serif; font-size: 12pt;\"><span style=\"font-family: 'trebuchet ms', geneva, sans-serif;\"><strong>PESQUISAS ORIENTADAS<\/strong><\/span><\/span><\/p>\n<p style=\"padding-left: 40px;\">DOUTORADO<\/p>\n<p style=\"text-align: left; padding-left: 40px;\"><span style=\"font-family: georgia, palatino, serif; font-size: 12pt;\"><span style=\"font-family: 'trebuchet ms', geneva, sans-serif; font-size: 10pt;\"><strong>\ud83d\udcd9 Uma po\u00e9tica por demanda: modos de vida sapat\u00e3o<\/strong><br \/>Orientando: Larissa Schip &#8211; Em andamento<\/span><\/span><\/p>\n<p>\u00a0<\/p>\n<p style=\"padding-left: 40px;\">MESTRADO<\/p>\n<p style=\"text-align: left; padding-left: 40px;\"><span style=\"font-family: georgia, palatino, serif; font-size: 12pt;\"><span style=\"font-family: 'trebuchet ms', geneva, sans-serif; font-size: 10pt;\"><strong>\ud83d\udcd9 IMAGENS TRANSIT\u00d3RIAS: POR UMA PRODU\u00c7\u00c3O EM ARTES VISUAIS SOB A \u00d3TICA DA TEMPORARIEDADE<\/strong><br \/>Orientando: Bianca De-Zotti &#8211; Em andamento<\/span><\/span><\/p>\n<p style=\"text-align: left; padding-left: 40px;\"><span style=\"font-family: georgia, palatino, serif; font-size: 12pt;\"><span style=\"font-family: 'trebuchet ms', geneva, sans-serif; font-size: 10pt;\"><strong>\ud83d\udcd9 Desenho e espa\u00e7o: experi\u00eancia de di\u00e1logos<\/strong><br \/>Orientando: Rafaela Barbosa Ribeiro &#8211; Em andamento<\/span><\/span><\/p>\n<p style=\"text-align: left; padding-left: 40px;\"><span style=\"font-family: georgia, palatino, serif; font-size: 12pt;\"><span style=\"font-family: 'trebuchet ms', geneva, sans-serif; font-size: 10pt;\"><strong>\ud83d\udcd9 A Leitura e a Escrita do Lugar como dispositivo cartogr\u00e1fico nas artes visuais<\/strong><br \/>Orientando: Bianca De-Zotti &#8211; Em andamento<\/span><\/span><\/p>\n<p style=\"text-align: left; padding-left: 40px;\"><span style=\"font-family: georgia, palatino, serif; font-size: 12pt;\"><span style=\"font-family: 'trebuchet ms', geneva, sans-serif; font-size: 10pt;\"><strong>\ud83d\udcd9 Condom\u00ednio de esp\u00e9cies: a publica\u00e7\u00e3o como lugar de fabula\u00e7\u00e3o nas Artes Visuais\u00a0<\/strong><br \/>Orientanda: Gabrieli dos Santos da Silveira (2024)<\/span><\/span><\/p>\n<p style=\"text-align: left; padding-left: 40px;\"><span style=\"font-family: georgia, palatino, serif; font-size: 12pt;\"><span style=\"font-family: 'trebuchet ms', geneva, sans-serif; font-size: 10pt;\"><strong>\ud83d\udcd9 Margin\u00e1lias: Uma reflex\u00e3o escrita e imag\u00e9tica sobre as anota\u00e7\u00f5es encontradas nas p\u00e1ginas de um exemplar de Casa Grande &amp; Senzala, de 1936<\/strong><br \/>Orientando: Daniel Marenco<\/span><\/span><\/p>\n<p style=\"text-align: left; padding-left: 40px;\"><span style=\"font-family: georgia, palatino, serif; font-size: 12pt;\"><span style=\"font-family: 'trebuchet ms', geneva, sans-serif; font-size: 10pt;\"><strong>\ud83d\udcd9 DO M\u00c1XIMO AO M\u00cdNIMO: GESTOS DE APREENS\u00c3O DO MUNDO POR ENUNCIADOS DA ARTE<\/strong><br \/>Orientanda: Maur\u00edcio Bittencourt<\/span><\/span><\/p>\n<p style=\"text-align: left; padding-left: 40px;\"><span style=\"font-family: georgia, palatino, serif; font-size: 12pt;\"><span style=\"font-family: 'trebuchet ms', geneva, sans-serif; font-size: 10pt;\"><strong>\ud83d\udcd9 P\u00f4r em cena o corpo a partir das sombras: uma po\u00e9tica em artes visuais<\/strong><br \/>Orientando: Renan Soares <br \/>Coorienta\u00e7\u00e3o: Martha Gomes de Freitas<br \/><\/span><\/span><\/p>\n<p style=\"text-align: left; padding-left: 40px;\"><span style=\"font-family: georgia, palatino, serif; font-size: 12pt;\"><span style=\"font-family: 'trebuchet ms', geneva, sans-serif; font-size: 10pt;\"><strong>\ud83d\udcd9 Como falar sobre casas: da casa \u00e0 publica\u00e7\u00e3o art\u00edstica pelos corredores da vida<\/strong><br \/>Orientando: Everton Cardoso Leite<\/span><\/span><\/p>\n<p style=\"text-align: left; padding-left: 40px;\"><span style=\"font-family: georgia, palatino, serif; font-size: 12pt;\"><span style=\"font-family: 'trebuchet ms', geneva, sans-serif; font-size: 10pt;\"><strong>\ud83d\udcd9 <a href=\"http:\/\/guaiaca.ufpel.edu.br:8080\/handle\/prefix\/8228\" target=\"_blank\" rel=\"noopener\">Casa, objeto e mem\u00f3ria: a narrativa como arte e valor das coisas<\/a><\/strong><br \/>Orientanda: Joana Schneider (2022)<\/span><\/span><\/p>\n<p style=\"text-align: left; padding-left: 40px;\"><span style=\"font-family: georgia, palatino, serif; font-size: 12pt;\"><span style=\"font-family: 'trebuchet ms', geneva, sans-serif; font-size: 10pt;\"><strong>\ud83d\udcd9 <a href=\"http:\/\/repositorio.ufpel.edu.br:8080\/handle\/prefix\/6866\">A sobreviv\u00eancia do lugar: o cuidado como pr\u00e1tica art\u00edstica<\/a><\/strong><br \/>Orientando: Erivelto Alves de Souza (2020)<\/span><\/span><\/p>\n<p style=\"text-align: left; padding-left: 40px;\"><span style=\"font-family: georgia, palatino, serif; font-size: 12pt;\"><span style=\"font-family: 'trebuchet ms', geneva, sans-serif; font-size: 10pt;\"><strong>\ud83d\udcd9 <a href=\"http:\/\/guaiaca.ufpel.edu.br:8080\/handle\/prefix\/6867\">Topofagias: po\u00e9ticas arquitetadas entre cidade, palavra e as artes visuais<\/a><\/strong><br \/>Orientanda: Fernanda Fedrizzi Loureiro de Lima\u00a0(2020)<\/span><\/span><\/p>\n<p style=\"text-align: left; padding-left: 40px;\"><span style=\"font-family: georgia, palatino, serif; font-size: 12pt;\"><span style=\"font-family: 'trebuchet ms', geneva, sans-serif; font-size: 10pt;\"><strong>\ud83d\udcd9 <a href=\"http:\/\/guaiaca.ufpel.edu.br:8080\/handle\/prefix\/3912\" target=\"_blank\" rel=\"noopener noreferrer\">Antropopedra: uma espacialidade ressonante<\/a><\/strong><br \/>Orientando: Thiago Matheus Costa Guedes (2017)<\/span><\/span><\/p>\n<div class=\"ms-editor-squiggler\" style=\"color: initial; font: initial; background: initial; background-blend-mode: initial; border: initial; border-radius: initial; border-collapse: initial; caption-side: initial; clear: initial; columns: initial; column-fill: initial; column-rule: initial; column-span: initial; cursor: initial; flex: initial; flex-flow: initial; float: initial; height: 0px; letter-spacing: initial; margin: initial; max-height: initial; max-width: initial; min-height: initial; min-width: initial; overflow: initial; padding: initial; text-align: initial; text-decoration: initial; text-indent: initial; text-transform: initial; vertical-align: initial; border-spacing: initial; width: initial;\">\u00a0<\/div>\n<div class=\"ms-editor-squiggler\" style=\"color: initial; font: initial; background: initial; background-blend-mode: initial; border: initial; border-radius: initial; border-collapse: initial; caption-side: initial; clear: initial; columns: initial; column-fill: initial; column-rule: initial; column-span: initial; cursor: initial; flex: initial; flex-flow: initial; float: initial; height: 0px; letter-spacing: initial; margin: initial; max-height: initial; max-width: initial; min-height: initial; min-width: initial; overflow: initial; padding: initial; text-align: initial; text-decoration: initial; text-indent: initial; text-transform: initial; vertical-align: initial; border-spacing: initial; width: initial;\">\u00a0<\/div>\n<div class=\"ms-editor-squiggler\" style=\"color: initial; font: initial; background: initial; background-blend-mode: initial; border: initial; border-radius: initial; border-collapse: initial; caption-side: initial; clear: initial; columns: initial; column-fill: initial; column-rule: initial; column-span: initial; cursor: initial; flex: initial; flex-flow: initial; float: initial; height: 0px; letter-spacing: initial; margin: initial; max-height: initial; max-width: initial; min-height: initial; min-width: initial; overflow: initial; padding: initial; text-align: initial; text-decoration: initial; text-indent: initial; text-transform: initial; vertical-align: initial; border-spacing: initial; width: initial;\">\u00a0<\/div>","protected":false},"excerpt":{"rendered":"<p>Helene Gomes Sacco \/\u00a0Curr\u00edculum LattesLinha de Pesquisa: Processos de Cria\u00e7\u00e3o e Po\u00e9ticas do CotidianoE-mail: sacco.h@gmail.com Forma\u00e7\u00e3o acad\u00eamicaArtista e pesquisadora, \u00e9 Doutora (2014) e Mestre (2009) em Arte Visuais, na linha de pesquisa em Po\u00e9ticas Visuais no PPGAV\/UFRGS. Especializa\u00e7\u00e3o e Did\u00e1tica e Metodologia de Ensino Superior, pela UNESC em 2004.Tem Bacharelado em Artes Visuais pela Universidade [&hellip;]<\/p>\n","protected":false},"author":1258,"featured_media":0,"parent":0,"menu_order":0,"comment_status":"closed","ping_status":"closed","template":"","meta":{"footnotes":""},"class_list":["post-4797","page","type-page","status-publish","hentry"],"_links":{"self":[{"href":"https:\/\/wp.ufpel.edu.br\/ppgartes\/wp-json\/wp\/v2\/pages\/4797","targetHints":{"allow":["GET"]}}],"collection":[{"href":"https:\/\/wp.ufpel.edu.br\/ppgartes\/wp-json\/wp\/v2\/pages"}],"about":[{"href":"https:\/\/wp.ufpel.edu.br\/ppgartes\/wp-json\/wp\/v2\/types\/page"}],"author":[{"embeddable":true,"href":"https:\/\/wp.ufpel.edu.br\/ppgartes\/wp-json\/wp\/v2\/users\/1258"}],"replies":[{"embeddable":true,"href":"https:\/\/wp.ufpel.edu.br\/ppgartes\/wp-json\/wp\/v2\/comments?post=4797"}],"version-history":[{"count":3,"href":"https:\/\/wp.ufpel.edu.br\/ppgartes\/wp-json\/wp\/v2\/pages\/4797\/revisions"}],"predecessor-version":[{"id":11081,"href":"https:\/\/wp.ufpel.edu.br\/ppgartes\/wp-json\/wp\/v2\/pages\/4797\/revisions\/11081"}],"wp:attachment":[{"href":"https:\/\/wp.ufpel.edu.br\/ppgartes\/wp-json\/wp\/v2\/media?parent=4797"}],"curies":[{"name":"wp","href":"https:\/\/api.w.org\/{rel}","templated":true}]}}