{"id":3978,"date":"2020-05-05T08:18:03","date_gmt":"2020-05-05T11:18:03","guid":{"rendered":"https:\/\/wp.ufpel.edu.br\/mestradoartesvisuais\/?page_id=3978"},"modified":"2020-05-05T08:18:03","modified_gmt":"2020-05-05T11:18:03","slug":"revista-paralelo-31-2","status":"publish","type":"page","link":"https:\/\/wp.ufpel.edu.br\/ppgartes\/revista-paralelo-31-2\/","title":{"rendered":"Revista Paralelo 31"},"content":{"rendered":"<p><a href=\"https:\/\/periodicos.ufpel.edu.br\/ojs2\/index.php\/paralelo\/issue\/archive\">Revistas<\/a><br \/>\n<a href=\"https:\/\/periodicos.ufpel.edu.br\/ojs2\/index.php\/paralelo\">Convoca\u00e7\u00e3o<\/a><\/p>\n<p>&nbsp;<\/p>\n<p>Revista Eletr\u00f4nica do Programa de P\u00f3s-Gradua\u00e7\u00e3o em Artes Visuais da Universidade Federal de Pelotas, apresenta-se como uma publica\u00e7\u00e3o acad\u00eamica especializada na \u00e1rea de Artes Visuais. Prop\u00f5e um foco ampliado de abordagem neste campo, buscando favorecer o debate cultural acerca da produ\u00e7\u00e3o art\u00edstica no contexto contempor\u00e2neo e em conson\u00e2ncia com a diversidade atual desta produ\u00e7\u00e3o.<\/p>\n<p>A ado\u00e7\u00e3o do nome, <strong>Paralelo 31<\/strong>, refere-se n\u00e3o somente \u00e0s associa\u00e7\u00f5es a seu significado geogr\u00e1fico e \u00e0 localiza\u00e7\u00e3o da cidade de Pelotas, RS. O nome foi tomado de empr\u00e9stimo do projeto \u201cReverbera\u00e7\u00f5es da Arte Contempor\u00e2nea\u201d, realizado em Pelotas, de 2009 a 2012, com coordena\u00e7\u00e3o da Profa. Adriane Hernandez.<\/p>\n<p>Paralelo 31 busca contribuir com a dissemina\u00e7\u00e3o e o desenvolvimento da arte no atual contexto. Oferece um espa\u00e7o paralelo \u2013 um campo neutro \u2013 onde se pode encontrar percursos m\u00faltiplos da reflex\u00e3o e produ\u00e7\u00e3o cr\u00edticas em Po\u00e9ticas Visuais, Ensino da Arte e Educa\u00e7\u00e3o Est\u00e9tica.<\/p>\n<p><strong>Comit\u00ea editorial<\/strong>: Alice Jean Monsell (UFPel) Ros\u00e2ngela Fachel de Medeiros (UFPel) Eduarda (Duda) Gon\u00e7alves (UFPel) Eleonora Campos da Motta Santos (UFPel) Helene Gomes Sacco (UFPel).<\/p>\n<p><strong>Conselho editorial<\/strong>: \u00darsula Rosa da Silva, Universidade Federal de Pelotas\/UFPel, Pelotas, Brasil Daniel Enrique Monje Abril, Universidad Manuela Beltr\u00e1n\/UMB, Bogot\u00e1, Col\u00f4mbia Laura In\u00e9s Catelli, Universidad Nacional de Rosario\/UNR, Ros\u00e1ria, Argentina Analice Dutra Pillar, Universidade Federal do Rio Grande do Sul\/UFRGS, |Porto Alegre, Brasil Paz Lopez, Universidad Diego Portales\/UDP, Santiago, Chile Fernanda Pereira da Cunha, Universidade Federal de Goi\u00e1s\/UFG, Goi\u00e2nia, Brasil Leonardo Jos\u00e9 Sebiane Serrano, Universidade Federal da Bahia\/UFBA, Salvador, Brasil Helena Gal\u00e1n Fajardo, Universidad Carlos III de Madrid\/UC3M, Madrid, Espanha Otto Rosales C\u00e1rdenas, T\u00e1chira-Universidad dos Andes\/ULA, M\u00e9rida, Venezuela Leonardo Charr\u00e9u, Universidade Federal de Santa Maria\/UFSM, Santa Maria, Brasil Raimundo Martins, Universidade Federal de Go\u00edas\/UFG, Goi\u00e2nia, Brasil Mirian Nogueira Tavares, Universidade de Algarve\/UALG, Faro, Portugal Gonzalo Vicci Gianotti, Universidad de La Rep\u00fablica\/UdelaR, Montevid\u00e9u, Uruguai N\u00e1dia da Cruz Senna, Universidade Federal de Pelotas\/UFPel, Pelotas, Brasil Marcos Villela Pereira, Pontif\u00edcia Universidade Cat\u00f3lica do Rio Grande do Sul\/PUCRS, Brasil Adriane Hernandez, Universidade Federal do Rio Grande do Sul\/UFRGS, Porto Alegre, Brasil Ricardo Cristofaro, Universidade Federal de Juiz de Fora\/UFJF, S\u00e3o Pedro, Brasil Paulo Silveira, Universidade Federal de Rio Grande do Sul\/UFRGS, Porto Alegre, Brasil Angela Raffin Pohlmann, Universidade Federal de Pelotas\/UFPel, Pelotas, Brasil.<\/p>\n","protected":false},"excerpt":{"rendered":"<p>Revistas Convoca\u00e7\u00e3o &nbsp; Revista Eletr\u00f4nica do Programa de P\u00f3s-Gradua\u00e7\u00e3o em Artes Visuais da Universidade Federal de Pelotas, apresenta-se como uma publica\u00e7\u00e3o acad\u00eamica especializada na \u00e1rea de Artes Visuais. Prop\u00f5e um foco ampliado de abordagem neste campo, buscando favorecer o debate cultural acerca da produ\u00e7\u00e3o art\u00edstica no contexto contempor\u00e2neo e em conson\u00e2ncia com a diversidade atual [&hellip;]<\/p>\n","protected":false},"author":1258,"featured_media":0,"parent":0,"menu_order":0,"comment_status":"closed","ping_status":"closed","template":"","meta":{"footnotes":""},"class_list":["post-3978","page","type-page","status-publish","hentry"],"_links":{"self":[{"href":"https:\/\/wp.ufpel.edu.br\/ppgartes\/wp-json\/wp\/v2\/pages\/3978","targetHints":{"allow":["GET"]}}],"collection":[{"href":"https:\/\/wp.ufpel.edu.br\/ppgartes\/wp-json\/wp\/v2\/pages"}],"about":[{"href":"https:\/\/wp.ufpel.edu.br\/ppgartes\/wp-json\/wp\/v2\/types\/page"}],"author":[{"embeddable":true,"href":"https:\/\/wp.ufpel.edu.br\/ppgartes\/wp-json\/wp\/v2\/users\/1258"}],"replies":[{"embeddable":true,"href":"https:\/\/wp.ufpel.edu.br\/ppgartes\/wp-json\/wp\/v2\/comments?post=3978"}],"version-history":[{"count":0,"href":"https:\/\/wp.ufpel.edu.br\/ppgartes\/wp-json\/wp\/v2\/pages\/3978\/revisions"}],"wp:attachment":[{"href":"https:\/\/wp.ufpel.edu.br\/ppgartes\/wp-json\/wp\/v2\/media?parent=3978"}],"curies":[{"name":"wp","href":"https:\/\/api.w.org\/{rel}","templated":true}]}}

<p><a href="https://periodicos.ufpel.edu.br/ojs2/index.php/paralelo/issue/archive">Revistas</a><br />
<a href="https://periodicos.ufpel.edu.br/ojs2/index.php/paralelo">Convocação</a></p>
<p>&nbsp;</p>
<p>Revista Eletrônica do Programa de Pós-Graduação em Artes Visuais da Universidade Federal de Pelotas, apresenta-se como uma publicação acadêmica especializada na área de Artes Visuais. Propõe um foco ampliado de abordagem neste campo, buscando favorecer o debate cultural acerca da produção artística no contexto contemporâneo e em consonância com a diversidade atual desta produção.</p>
<p>A adoção do nome, <strong>Paralelo 31</strong>, refere-se não somente às associações a seu significado geográfico e à localização da cidade de Pelotas, RS. O nome foi tomado de empréstimo do projeto “Reverberações da Arte Contemporânea”, realizado em Pelotas, de 2009 a 2012, com coordenação da Profa. Adriane Hernandez.</p>
<p>Paralelo 31 busca contribuir com a disseminação e o desenvolvimento da arte no atual contexto. Oferece um espaço paralelo – um campo neutro – onde se pode encontrar percursos múltiplos da reflexão e produção críticas em Poéticas Visuais, Ensino da Arte e Educação Estética.</p>
<p><strong>Comitê editorial</strong>: Alice Jean Monsell (UFPel) Rosângela Fachel de Medeiros (UFPel) Eduarda (Duda) Gonçalves (UFPel) Eleonora Campos da Motta Santos (UFPel) Helene Gomes Sacco (UFPel).</p>
<p><strong>Conselho editorial</strong>: Úrsula Rosa da Silva, Universidade Federal de Pelotas/UFPel, Pelotas, Brasil Daniel Enrique Monje Abril, Universidad Manuela Beltrán/UMB, Bogotá, Colômbia Laura Inés Catelli, Universidad Nacional de Rosario/UNR, Rosária, Argentina Analice Dutra Pillar, Universidade Federal do Rio Grande do Sul/UFRGS, |Porto Alegre, Brasil Paz Lopez, Universidad Diego Portales/UDP, Santiago, Chile Fernanda Pereira da Cunha, Universidade Federal de Goiás/UFG, Goiânia, Brasil Leonardo José Sebiane Serrano, Universidade Federal da Bahia/UFBA, Salvador, Brasil Helena Galán Fajardo, Universidad Carlos III de Madrid/UC3M, Madrid, Espanha Otto Rosales Cárdenas, Táchira-Universidad dos Andes/ULA, Mérida, Venezuela Leonardo Charréu, Universidade Federal de Santa Maria/UFSM, Santa Maria, Brasil Raimundo Martins, Universidade Federal de Goías/UFG, Goiânia, Brasil Mirian Nogueira Tavares, Universidade de Algarve/UALG, Faro, Portugal Gonzalo Vicci Gianotti, Universidad de La República/UdelaR, Montevidéu, Uruguai Nádia da Cruz Senna, Universidade Federal de Pelotas/UFPel, Pelotas, Brasil Marcos Villela Pereira, Pontifícia Universidade Católica do Rio Grande do Sul/PUCRS, Brasil Adriane Hernandez, Universidade Federal do Rio Grande do Sul/UFRGS, Porto Alegre, Brasil Ricardo Cristofaro, Universidade Federal de Juiz de Fora/UFJF, São Pedro, Brasil Paulo Silveira, Universidade Federal de Rio Grande do Sul/UFRGS, Porto Alegre, Brasil Angela Raffin Pohlmann, Universidade Federal de Pelotas/UFPel, Pelotas, Brasil.</p>

<p>Revistas Convocação &nbsp; Revista Eletrônica do Programa de Pós-Graduação em Artes Visuais da Universidade Federal de Pelotas, apresenta-se como uma publicação acadêmica especializada na área de Artes Visuais. Propõe um foco ampliado de abordagem neste campo, buscando favorecer o debate cultural acerca da produção artística no contexto contemporâneo e em consonância com a diversidade atual [&hellip;]</p>
