{"id":3709,"date":"2019-11-13T18:06:50","date_gmt":"2019-11-13T21:06:50","guid":{"rendered":"https:\/\/wp.ufpel.edu.br\/mestradoartesvisuais\/?page_id=3709"},"modified":"2019-11-13T18:06:50","modified_gmt":"2019-11-13T21:06:50","slug":"alunos-egressos-em-2017","status":"publish","type":"page","link":"https:\/\/wp.ufpel.edu.br\/ppgartes\/discentes-mestrado\/egressos\/alunos-egressos-em-2017\/","title":{"rendered":"Alunos Egressos em 2017"},"content":{"rendered":"<p><span style=\"font-family: 'trebuchet ms', geneva, sans-serif;font-size: 10pt\">Abaixo voc\u00ea encontrar\u00e1 nossos alunos que conclu\u00edram sua forma\u00e7\u00e3o no Programa de P\u00f3s-gradua\u00e7\u00e3o Mestrado em Artes Visuais no ano de 2017.<\/span><\/p>\n<p><span style=\"font-family: 'trebuchet ms', geneva, sans-serif;font-size: 10pt\">Clique no nome do aluno para maiores informa\u00e7\u00f5es sobre ele.<br \/>\n<\/span><span style=\"font-family: 'trebuchet ms', geneva, sans-serif;font-size: 10pt\">Clicando no link do t\u00edtulo da disserta\u00e7\u00e3o voc\u00ea ser\u00e1 enviado \u00e0 publica\u00e7\u00e3o de sua disserta\u00e7\u00e3o.<\/span><\/p>\n<p>&nbsp;<\/p>\n<h1 style=\"text-align: center\"><span style=\"font-family: 'trebuchet ms', geneva, sans-serif;font-size: 18pt\"><strong>Alunos Egressos em 2017<\/strong><\/span><\/h1>\n<hr \/>\n<p style=\"padding-left: 40px\"><a href=\"https:\/\/wp.ufpel.edu.br\/mestradoartesvisuais\/bettina-wieth-gonc%cc%a7alves\/\"><span style=\"font-family: 'trebuchet ms', geneva, sans-serif;font-size: 12pt\"><strong>Bettina Wieth Gonc\u0327alves<\/strong><\/span><\/a><br \/>\n<span style=\"font-family: 'trebuchet ms', geneva, sans-serif;font-size: 10pt;color: #999999\"><strong>T\u00cdTULO:<\/strong>\u00a0<a style=\"color: #999999\" href=\"http:\/\/repositorio.ufpel.edu.br:8080\/handle\/prefix\/3914\" target=\"_blank\" rel=\"noopener noreferrer\">Autopaisagem: uma possibilidade<\/a><\/span><br \/>\n<span style=\"font-family: 'trebuchet ms', geneva, sans-serif;font-size: 10pt;color: #999999\"><strong>ORIENTADORA: <\/strong>Profa. Dra. Angela Raffin (PPGAV\/UFPel)<\/span><\/p>\n<hr \/>\n<p style=\"padding-left: 40px\"><a href=\"https:\/\/wp.ufpel.edu.br\/mestradoartesvisuais\/carla-borin-moura\/\"><span style=\"font-family: 'trebuchet ms', geneva, sans-serif;font-size: 12pt\"><strong>Carla Borin Moura<\/strong><\/span><\/a><br \/>\n<span style=\"font-family: 'trebuchet ms', geneva, sans-serif;font-size: 10pt;color: #999999\"><strong>T\u00cdTULO:<\/strong>\u00a0<a style=\"color: #999999\" href=\"http:\/\/guaiaca.ufpel.edu.br\/bitstream\/prefix\/3917\/1\/Carla%20Borin%20Moura_Disserta%c3%a7%c3%a3o.pdf\" target=\"_blank\" rel=\"noopener noreferrer\">Um estudo po\u00e9tico-cartogr\u00e1fico dos maparedes da cidade de Pelotas<\/a><\/span><br \/>\n<span style=\"font-family: 'trebuchet ms', geneva, sans-serif;font-size: 10pt;color: #999999\"><strong>ORIENTADORA:<\/strong> Profa. Dra. Eduarda Azevedo Gon\u00e7alves (PPGAV\/UFPel)<\/span><\/p>\n<hr \/>\n<p style=\"padding-left: 40px\"><a href=\"https:\/\/wp.ufpel.edu.br\/mestradoartesvisuais\/flavia-leite-azambuja\/\"><span style=\"font-family: 'trebuchet ms', geneva, sans-serif;font-size: 12pt\"><strong>Fla\u0301via Leite Azambuja<\/strong><\/span><\/a><br \/>\n<span style=\"font-family: 'trebuchet ms', geneva, sans-serif;font-size: 10pt;color: #999999\"><strong>T\u00cdTULO:<\/strong> <a style=\"color: #999999\" href=\"http:\/\/guaiaca.ufpel.edu.br\/bitstream\/prefix\/3911\/1\/Fl%c3%a1via%20Leite%20Azambuja_Disserta%c3%a7%c3%a3o.pdf\" target=\"_blank\" rel=\"noopener noreferrer\">Na paisagem, meu corpo recept\u00e1culo de experi\u00eancias \u2013 Vestimenta<\/a><\/span><br \/>\n<span style=\"font-family: 'trebuchet ms', geneva, sans-serif;font-size: 10pt;color: #999999\"><strong>ORIENTADORA:<\/strong> Profa. Dra. Eduarda Azevedo Gon\u00e7alves (PPGAV\/UFPel)<\/span><\/p>\n<hr \/>\n<p style=\"padding-left: 40px\"><a href=\"https:\/\/wp.ufpel.edu.br\/mestradoartesvisuais\/giordano-alves-costa\/\"><span style=\"font-family: 'trebuchet ms', geneva, sans-serif;font-size: 12pt\"><strong>Giordano Alves Costa<\/strong><\/span><\/a><br \/>\n<span style=\"font-family: 'trebuchet ms', geneva, sans-serif;font-size: 10pt;color: #999999\"><strong>T\u00cdTULO:<\/strong> <a style=\"color: #999999\" href=\"http:\/\/guaiaca.ufpel.edu.br\/bitstream\/prefix\/4410\/1\/DISSERTA%c3%87%c3%83O.pdf\" target=\"_blank\" rel=\"noopener noreferrer\">A gravura e a impress\u00e3o sob olhares inusitados: a sensibilidade do impercept\u00edvel e as a\u00e7\u00f5es das intemp\u00e9ries nos processos gr\u00e1ficos contempor\u00e2neos<\/a><\/span><br \/>\n<span style=\"font-family: 'trebuchet ms', geneva, sans-serif;font-size: 10pt;color: #999999\"><strong>ORIENTADORA:<\/strong> Profa. Dra.\u00a0 Angela Raffin (PPGAV\/UFPel)<\/span><\/p>\n<hr \/>\n<p style=\"padding-left: 40px\"><a href=\"https:\/\/wp.ufpel.edu.br\/mestradoartesvisuais\/gracia-casaretto-calderon\/\"><span style=\"font-family: 'trebuchet ms', geneva, sans-serif;font-size: 12pt\"><strong>Gracia Casaretto Calderon<\/strong><\/span><\/a><br \/>\n<span style=\"font-family: 'trebuchet ms', geneva, sans-serif;font-size: 10pt;color: #999999\"><strong>T\u00cdTULO:<\/strong> <a style=\"color: #999999\" href=\"http:\/\/guaiaca.ufpel.edu.br\/handle\/prefix\/3910\" target=\"_blank\" rel=\"noopener noreferrer\">Atmosfera rural: experi\u00eancia e resili\u00eancia na arte contempor\u00e2nea<\/a><\/span><br \/>\n<span style=\"font-family: 'trebuchet ms', geneva, sans-serif;font-size: 10pt;color: #999999\"><strong>ORIENTADORA:<\/strong> Profa. Dra. Alice Jean Monsell (PPGAV\/UFPel)<\/span><\/p>\n<hr \/>\n<p style=\"padding-left: 40px\"><a href=\"https:\/\/wp.ufpel.edu.br\/mestradoartesvisuais\/jordan-avila-martins\/\"><span style=\"font-family: 'trebuchet ms', geneva, sans-serif;font-size: 12pt\"><strong>Jordan A\u0301vila Martins<\/strong><\/span><\/a><br \/>\n<span style=\"font-family: 'trebuchet ms', geneva, sans-serif;font-size: 10pt;color: #999999\"><strong>T\u00cdTULO:<\/strong>\u00a0<a style=\"color: #999999\" href=\"http:\/\/guaiaca.ufpel.edu.br\/bitstream\/prefix\/3918\/1\/Jordan%20%c3%81vila%20Martins_Disserta%c3%a7%c3%a3o.pdf\" target=\"_blank\" rel=\"noopener noreferrer\">Invent\u00e1rio do artista: um pequeno relic\u00e1rio de grandes afetos<\/a><\/span><br \/>\n<span style=\"font-family: 'trebuchet ms', geneva, sans-serif;font-size: 10pt;color: #999999\"><strong>ORIENTADORA:<\/strong> Profa. Dra. L\u00facia Bergamaschi Costa Weymar (PPGAV\/UFPel)<\/span><\/p>\n<hr \/>\n<p style=\"padding-left: 40px\"><a href=\"https:\/\/wp.ufpel.edu.br\/mestradoartesvisuais\/marcelo-terra-borges\/\"><span style=\"font-family: 'trebuchet ms', geneva, sans-serif;font-size: 12pt\"><strong>M<\/strong><b>arcelo Terra Borges<\/b><\/span><\/a><br \/>\n<span style=\"font-family: 'trebuchet ms', geneva, sans-serif;font-size: 10pt;color: #999999\"><strong>T\u00cdTULO:<\/strong>\u00a0<a style=\"color: #999999\" href=\"http:\/\/guaiaca.ufpel.edu.br\/bitstream\/prefix\/3919\/1\/Marcelo%20Terra%20Borges_%20Disserta%c3%a7%c3%a3o.pdf\" target=\"_blank\" rel=\"noopener noreferrer\">O que n\u00e3o vi[ver] dos 30: considera\u00e7\u00f5es sobre uma po\u00e9tica da perda<\/a><\/span><br \/>\n<span style=\"font-family: 'trebuchet ms', geneva, sans-serif;font-size: 10pt;color: #999999\"><strong>ORIENTADORA: <\/strong>Profa. Dra. Renata Azevedo Requi\u00e3o (PPGAV\/UFPel)<\/span><\/p>\n<hr \/>\n<p style=\"padding-left: 40px\"><a href=\"https:\/\/wp.ufpel.edu.br\/mestradoartesvisuais\/marge-faria-do-amaral-peixoto\/\"><span style=\"font-family: 'trebuchet ms', geneva, sans-serif;font-size: 12pt\"><strong>Marge Faria do Amaral Peixoto<\/strong><\/span><\/a><br \/>\n<span style=\"font-family: 'trebuchet ms', geneva, sans-serif;font-size: 10pt;color: #999999\"><strong>T\u00cdTULO:<\/strong>\u00a0<a style=\"color: #999999\" href=\"http:\/\/guaiaca.ufpel.edu.br:8080\/handle\/prefix\/3913\" target=\"_blank\" rel=\"noopener noreferrer\">Escolinha Municipal de Arte de Pelotas: mem\u00f3ria, hist\u00f3ria e ensino de arte (1963\/1998)<\/a><\/span><br \/>\n<span style=\"font-family: 'trebuchet ms', geneva, sans-serif;font-size: 10pt;color: #999999\"><strong>ORIENTADORA:<\/strong> Profa. Dra. Ursula Rosa da Silva (PPGAV\/UFPel)<\/span><\/p>\n<hr \/>\n<p style=\"padding-left: 40px\"><a href=\"https:\/\/wp.ufpel.edu.br\/mestradoartesvisuais\/mauricio-rodrigues-gonc%cc%a7alves\/\"><span style=\"font-family: 'trebuchet ms', geneva, sans-serif;font-size: 12pt\"><strong>Mauri\u0301cio Rodrigues Gonc\u0327alves<\/strong><\/span><\/a><br \/>\n<span style=\"font-family: 'trebuchet ms', geneva, sans-serif;font-size: 10pt;color: #999999\"><strong>T\u00cdTULO:<\/strong> <a style=\"color: #999999\" href=\"http:\/\/guaiaca.ufpel.edu.br:8080\/handle\/prefix\/3927\" target=\"_blank\" rel=\"noopener noreferrer\">Processos transdisciplinares de jogar junto: o quadrado cartografado<\/a><\/span><br \/>\n<span style=\"font-family: 'trebuchet ms', geneva, sans-serif;font-size: 10pt;color: #999999\"><strong>ORIENTADORA:<\/strong> Profa. Dra. Mirela Ribeiro Meira (PPGAV\/UFPel)<\/span><\/p>\n<hr \/>\n<p style=\"padding-left: 40px\"><a href=\"https:\/\/wp.ufpel.edu.br\/mestradoartesvisuais\/natalia-de-leon-linck\/\"><span style=\"font-family: 'trebuchet ms', geneva, sans-serif;font-size: 12pt\"><strong>Nat\u00e1lia de Leon Linck<\/strong><\/span><\/a><br \/>\n<span style=\"font-family: 'trebuchet ms', geneva, sans-serif;font-size: 10pt;color: #999999\"><strong>T\u00cdTULO:<\/strong>\u00a0<a style=\"color: #999999\" href=\"http:\/\/guaiaca.ufpel.edu.br:8080\/handle\/prefix\/4412\" target=\"_blank\" rel=\"noopener noreferrer\">Reverbera\u00e7\u00f5es, conson\u00e2ncias: arte, educa\u00e7\u00e3o est\u00e9tica e oficinas de cria\u00e7\u00e3o coletiva com professores dos anos iniciais do ensino fundamental<\/a><\/span><br \/>\n<span style=\"font-family: 'trebuchet ms', geneva, sans-serif;font-size: 10pt;color: #999999\"><strong>ORIENTADORA:<\/strong> Profa. Dra. Mirela Ribeiro Meira (PPGAV\/UFPel)<\/span><\/p>\n<hr \/>\n<p style=\"padding-left: 40px\"><a href=\"https:\/\/wp.ufpel.edu.br\/mestradoartesvisuais\/sabina-vallarino-sebasti\/\"><span style=\"font-family: 'trebuchet ms', geneva, sans-serif;font-size: 12pt\"><strong>Sabina Vallarino Sebasti<\/strong><\/span><\/a><br \/>\n<span style=\"font-family: 'trebuchet ms', geneva, sans-serif;font-size: 10pt;color: #999999\"><strong>T\u00cdTULO:<\/strong>\u00a0<a style=\"color: #999999\" href=\"http:\/\/guaiaca.ufpel.edu.br\/handle\/prefix\/3686\" target=\"_blank\" rel=\"noopener noreferrer\">Paisagem urbana: genealogia de uma inten\u00e7\u00e3o po\u00e9tica em pintura<\/a><\/span><br \/>\n<span style=\"font-family: 'trebuchet ms', geneva, sans-serif;font-size: 10pt;color: #999999\"><strong>ORIENTADOR:<\/strong> Prof. Dr. Cl\u00e1udio Tarouco de Azevedo (PPGAV\/UFPel)<\/span><br \/>\n<span style=\"font-family: 'trebuchet ms', geneva, sans-serif;font-size: 10pt;color: #999999\"><strong>COORIENTADORA:<\/strong> Profa. Dra. Angela Raffin Pohlmann (PPGAV\/UFPel)<\/span><\/p>\n<hr \/>\n<p style=\"padding-left: 40px\"><a href=\"https:\/\/wp.ufpel.edu.br\/mestradoartesvisuais\/sandro-silva-de-andrade\/\" target=\"_blank\" rel=\"noopener noreferrer\"><span style=\"font-family: 'trebuchet ms', geneva, sans-serif;font-size: 12pt\"><strong>Sandro Silva De Andrade<\/strong><\/span><\/a><br \/>\n<span style=\"font-family: 'trebuchet ms', geneva, sans-serif;font-size: 10pt;color: #999999\"><strong>T\u00cdTULO:<\/strong>\u00a0<a style=\"color: #999999\" href=\"http:\/\/guaiaca.ufpel.edu.br:8080\/handle\/prefix\/3916\" target=\"_blank\" rel=\"noopener noreferrer\">Corte e sutura: a escrita como cicatriz<\/a><\/span><br \/>\n<span style=\"font-family: 'trebuchet ms', geneva, sans-serif;font-size: 10pt;color: #999999\"><strong>ORIENTADORA:<\/strong> Profa. Dra. Nadia da Cruz Senna (PPGAV\/UFPel)<\/span><\/p>\n<hr \/>\n<p style=\"padding-left: 40px\"><a href=\"https:\/\/wp.ufpel.edu.br\/mestradoartesvisuais\/thiago-matheus-costa-guedes\/\"><span style=\"font-family: 'trebuchet ms', geneva, sans-serif;font-size: 12pt\"><strong>Thiago Matheus Costa Guedes<\/strong><\/span><\/a><br \/>\n<span style=\"font-family: 'trebuchet ms', geneva, sans-serif;font-size: 10pt;color: #999999\"><strong>T\u00cdTULO:<\/strong> <a style=\"color: #999999\" href=\"http:\/\/guaiaca.ufpel.edu.br:8080\/handle\/prefix\/3912\" target=\"_blank\" rel=\"noopener noreferrer\">Antropopedra: uma espacialidade ressonante<\/a><\/span><br \/>\n<span style=\"font-family: 'trebuchet ms', geneva, sans-serif;font-size: 10pt;color: #999999\"><strong>ORIENTADORA:<\/strong>\u00a0Profa. Dra. Helene Gomes Sacco (PPGAV\/UFPel)<\/span><\/p>\n<hr \/>\n<p style=\"padding-left: 40px\"><a href=\"https:\/\/wp.ufpel.edu.br\/mestradoartesvisuais\/vinicius-albernaz-soares\/\"><strong><span style=\"font-family: 'trebuchet ms', geneva, sans-serif;font-size: 12pt\">Vini\u0301cius Albernaz Soares<\/span><\/strong><\/a><br \/>\n<span style=\"font-family: 'trebuchet ms', geneva, sans-serif;font-size: 10pt;color: #999999\"><strong>T\u00cdTULO:<\/strong> <a style=\"color: #999999\" href=\"http:\/\/guaiaca.ufpel.edu.br:8080\/handle\/prefix\/4413\" target=\"_blank\" rel=\"noopener noreferrer\">Dispositivos para o cosmos do som com[o] espa\u00e7o<\/a><\/span><br \/>\n<span style=\"font-family: 'trebuchet ms', geneva, sans-serif;font-size: 10pt;color: #999999\"><strong>ORIENTADORA:<\/strong> Profa. Dra. Gabriela Kremer da Motta (PPGAV\/UFPel)<\/span><\/p>\n<hr \/>\n<div class=\"ms-editor-squiggler\" style=\"color: initial;font: initial;background: initial;background-blend-mode: initial;border: initial;border-radius: initial;border-collapse: initial;caption-side: initial;clear: initial;columns: initial;column-fill: initial;column-rule: initial;column-span: initial;cursor: initial;flex: initial;flex-flow: initial;float: initial;height: 0px;letter-spacing: initial;margin: initial;max-height: initial;max-width: initial;min-height: initial;min-width: initial;overflow: initial;padding: initial;text-align: initial;text-decoration: initial;text-indent: initial;text-transform: initial;vertical-align: initial;border-spacing: initial;width: initial\"><\/div>\n<div class=\"ms-editor-squiggler\" style=\"color: initial;font: initial;background: initial;background-blend-mode: initial;border: initial;border-radius: initial;border-collapse: initial;caption-side: initial;clear: initial;columns: initial;column-fill: initial;column-rule: initial;column-span: initial;cursor: initial;flex: initial;flex-flow: initial;float: initial;height: 0px;letter-spacing: initial;margin: initial;max-height: initial;max-width: initial;min-height: initial;min-width: initial;overflow: initial;padding: initial;text-align: initial;text-decoration: initial;text-indent: initial;text-transform: initial;vertical-align: initial;border-spacing: initial;width: initial\"><\/div>\n<div class=\"ms-editor-squiggler\" style=\"color: initial;font: initial;background: initial;background-blend-mode: initial;border: initial;border-radius: initial;border-collapse: initial;caption-side: initial;clear: initial;columns: initial;column-fill: initial;column-rule: initial;column-span: initial;cursor: initial;flex: initial;flex-flow: initial;float: initial;height: 0px;letter-spacing: initial;margin: initial;max-height: initial;max-width: initial;min-height: initial;min-width: initial;overflow: initial;padding: initial;text-align: initial;text-decoration: initial;text-indent: initial;text-transform: initial;vertical-align: initial;border-spacing: initial;width: initial\"><\/div>\n<div class=\"ms-editor-squiggler\" style=\"color: initial;font: initial;background: initial;background-blend-mode: initial;border: initial;border-radius: initial;border-collapse: initial;caption-side: initial;clear: initial;columns: initial;column-fill: initial;column-rule: initial;column-span: initial;cursor: initial;flex: initial;flex-flow: initial;float: initial;height: 0px;letter-spacing: initial;margin: initial;max-height: initial;max-width: initial;min-height: initial;min-width: initial;overflow: initial;padding: initial;text-align: initial;text-decoration: initial;text-indent: initial;text-transform: initial;vertical-align: initial;border-spacing: initial;width: initial\"><\/div>\n<div class=\"ms-editor-squiggler\" style=\"color: initial;font: initial;background: initial;background-blend-mode: initial;border: initial;border-radius: initial;border-collapse: initial;caption-side: initial;clear: initial;columns: initial;column-fill: initial;column-rule: initial;column-span: initial;cursor: initial;flex: initial;flex-flow: initial;float: initial;height: 0px;letter-spacing: initial;margin: initial;max-height: initial;max-width: initial;min-height: initial;min-width: initial;overflow: initial;padding: initial;text-align: initial;text-decoration: initial;text-indent: initial;text-transform: initial;vertical-align: initial;border-spacing: initial;width: initial\"><\/div>\n<div class=\"ms-editor-squiggler\" style=\"color: initial;font: initial;background: initial;background-blend-mode: initial;border: initial;border-radius: initial;border-collapse: initial;caption-side: initial;clear: initial;columns: initial;column-fill: initial;column-rule: initial;column-span: initial;cursor: initial;flex: initial;flex-flow: initial;float: initial;height: 0px;letter-spacing: initial;margin: initial;max-height: initial;max-width: initial;min-height: initial;min-width: initial;overflow: initial;padding: initial;text-align: initial;text-decoration: initial;text-indent: initial;text-transform: initial;vertical-align: initial;border-spacing: initial;width: initial\"><\/div>\n<div class=\"ms-editor-squiggler\" style=\"color: initial;font: initial;background: initial;background-blend-mode: initial;border: initial;border-radius: initial;border-collapse: initial;caption-side: initial;clear: initial;columns: initial;column-fill: initial;column-rule: initial;column-span: initial;cursor: initial;flex: initial;flex-flow: initial;float: initial;height: 0px;letter-spacing: initial;margin: initial;max-height: initial;max-width: initial;min-height: initial;min-width: initial;overflow: initial;padding: initial;text-align: initial;text-decoration: initial;text-indent: initial;text-transform: initial;vertical-align: initial;border-spacing: initial;width: initial\"><\/div>\n<div class=\"ms-editor-squiggler\" style=\"color: initial;font: initial;background: initial;background-blend-mode: initial;border: initial;border-radius: initial;border-collapse: initial;caption-side: initial;clear: initial;columns: initial;column-fill: initial;column-rule: initial;column-span: initial;cursor: initial;flex: initial;flex-flow: initial;float: initial;height: 0px;letter-spacing: initial;margin: initial;max-height: initial;max-width: initial;min-height: initial;min-width: initial;overflow: initial;padding: initial;text-align: initial;text-decoration: initial;text-indent: initial;text-transform: initial;vertical-align: initial;border-spacing: initial;width: initial\"><\/div>\n","protected":false},"excerpt":{"rendered":"<p>Abaixo voc\u00ea encontrar\u00e1 nossos alunos que conclu\u00edram sua forma\u00e7\u00e3o no Programa de P\u00f3s-gradua\u00e7\u00e3o Mestrado em Artes Visuais no ano de 2017. Clique no nome do aluno para maiores informa\u00e7\u00f5es sobre ele. Clicando no link do t\u00edtulo da disserta\u00e7\u00e3o voc\u00ea ser\u00e1 enviado \u00e0 publica\u00e7\u00e3o de sua disserta\u00e7\u00e3o. &nbsp; Alunos Egressos em 2017 Bettina Wieth Gonc\u0327alves T\u00cdTULO:\u00a0Autopaisagem: [&hellip;]<\/p>\n","protected":false},"author":1258,"featured_media":0,"parent":2738,"menu_order":4,"comment_status":"closed","ping_status":"closed","template":"","meta":{"footnotes":""},"class_list":["post-3709","page","type-page","status-publish","hentry"],"_links":{"self":[{"href":"https:\/\/wp.ufpel.edu.br\/ppgartes\/wp-json\/wp\/v2\/pages\/3709","targetHints":{"allow":["GET"]}}],"collection":[{"href":"https:\/\/wp.ufpel.edu.br\/ppgartes\/wp-json\/wp\/v2\/pages"}],"about":[{"href":"https:\/\/wp.ufpel.edu.br\/ppgartes\/wp-json\/wp\/v2\/types\/page"}],"author":[{"embeddable":true,"href":"https:\/\/wp.ufpel.edu.br\/ppgartes\/wp-json\/wp\/v2\/users\/1258"}],"replies":[{"embeddable":true,"href":"https:\/\/wp.ufpel.edu.br\/ppgartes\/wp-json\/wp\/v2\/comments?post=3709"}],"version-history":[{"count":0,"href":"https:\/\/wp.ufpel.edu.br\/ppgartes\/wp-json\/wp\/v2\/pages\/3709\/revisions"}],"up":[{"embeddable":true,"href":"https:\/\/wp.ufpel.edu.br\/ppgartes\/wp-json\/wp\/v2\/pages\/2738"}],"wp:attachment":[{"href":"https:\/\/wp.ufpel.edu.br\/ppgartes\/wp-json\/wp\/v2\/media?parent=3709"}],"curies":[{"name":"wp","href":"https:\/\/api.w.org\/{rel}","templated":true}]}}