{"id":3463,"date":"2019-08-28T17:45:08","date_gmt":"2019-08-28T20:45:08","guid":{"rendered":"https:\/\/wp.ufpel.edu.br\/mestradoartesvisuais\/?page_id=3463"},"modified":"2019-08-28T17:45:08","modified_gmt":"2019-08-28T20:45:08","slug":"rita-patricia-caceres-de-laforet","status":"publish","type":"page","link":"https:\/\/wp.ufpel.edu.br\/ppgartes\/acompanhamento-de-academicos\/ingressantes-2013\/rita-patricia-caceres-de-laforet\/","title":{"rendered":"Rita Patr\u00edcia C\u00e1ceres de Laforet"},"content":{"rendered":"<p><a href=\"https:\/\/wp.ufpel.edu.br\/ppgartes\/files\/2021\/03\/turma2_Rita-Patricia-Caceres-de-Laforet.png\"><img class=\"wp-image-5624 size-thumbnail alignleft\" src=\"https:\/\/wp.ufpel.edu.br\/ppgartes\/files\/2021\/03\/turma2_Rita-Patricia-Caceres-de-Laforet-200x200.png\" alt=\"\" width=\"200\" height=\"200\" srcset=\"https:\/\/wp.ufpel.edu.br\/ppgartes\/files\/2021\/03\/turma2_Rita-Patricia-Caceres-de-Laforet-200x200.png 200w, https:\/\/wp.ufpel.edu.br\/ppgartes\/files\/2021\/03\/turma2_Rita-Patricia-Caceres-de-Laforet-400x400.png 400w, https:\/\/wp.ufpel.edu.br\/ppgartes\/files\/2021\/03\/turma2_Rita-Patricia-Caceres-de-Laforet.png 500w\" sizes=\"(max-width: 200px) 100vw, 200px\" \/><\/a><\/p>\n<p>&nbsp;<\/p>\n<p>&nbsp;<\/p>\n<p>&nbsp;<\/p>\n<p><span style=\"font-family: georgia, palatino, serif;font-size: 12pt\"><span style=\"font-size: 18pt\"><strong><span style=\"font-family: 'trebuchet ms', geneva, sans-serif\">Rita Patr\u00edcia C\u00e1ceres de Laforet <span style=\"font-size: 10pt;color: #999999\">\/\u00a0<\/span><\/span><\/strong><\/span><span style=\"font-family: 'trebuchet ms', geneva, sans-serif;font-size: 10pt\"><a href=\"http:\/\/lattes.cnpq.br\/1301474838878026\" target=\"_blank\" rel=\"noopener noreferrer\"><span style=\"color: #999999\">Curr\u00edculum Lattes<\/span><\/a><br \/>\n<strong>Linha de Pesquisa<\/strong>:<br \/>\n<\/span><\/span><span style=\"font-family: georgia, palatino, serif;font-size: 12pt\"><span style=\"font-family: 'trebuchet ms', geneva, sans-serif;font-size: 10pt\"><strong>Data de nascimento:\u00a0<\/strong><\/span><\/span><\/p>\n<p style=\"text-align: justify\"><span style=\"font-family: 'trebuchet ms', geneva, sans-serif;font-size: 10pt\"><strong>Texto introdut\u00f3rio:<\/strong> Possui gradua\u00e7\u00e3o em Direito pela Universidade Federal de Pelotas (2001) e gradua\u00e7\u00e3o em Pedagogia pela Universidade Luterana do Brasil (2009). Possui Mestrado em Artes Visuais pela Universidade Federal de Pelotas na linha Ensino da Arte e Educa\u00e7\u00e3o Est\u00e9tica (2015). De 1989 \u00e0 2014 foi professora do Col\u00e9gio S\u00e3o Jos\u00e9 de Pelotas, atuando como professora da educa\u00e7\u00e3o infantil, nos per\u00edodos 1, 2 e 3, assim como na 2\u00aa s\u00e9rie do ensino fundamental. Atuou no &#8220;Projeto Mais Educa\u00e7\u00e3o do Governo Federal&#8221; na Escola Estadual Jos\u00e9 Brusque Filho &#8211; Pelotas (2015). (Texto extra\u00eddo diretamente da plataforma Lattes)<\/span><\/p>\n<hr \/>\n<p><span style=\"font-family: 'trebuchet ms', geneva, sans-serif;font-size: 10pt\"><strong>T\u00edtulo da disserta\u00e7\u00e3o<br \/>\n<a href=\"https:\/\/wp.ufpel.edu.br\/mestradoartesvisuais\/files\/2017\/11\/Disserta%C3%A7%C3%A3o-Patr%C3%ADcia-Final.pdf\" target=\"_blank\" rel=\"noopener noreferrer\"><span style=\"font-size: 14pt\">T\u00e1ticas de uma professora pedagoga para desenvolver pr\u00e1ticas art\u00edsticas na educa\u00e7\u00e3o infantil<\/span><\/a><\/strong><br \/>\n<\/span><span style=\"font-family: 'trebuchet ms', geneva, sans-serif;font-size: 10pt\"><strong>Orientador(a):<\/strong> <a href=\"https:\/\/wp.ufpel.edu.br\/mestradoartesvisuais\/eduarda-azevedo-goncalves\/\">Profa. Dra. Eduarda Azevedo Gon\u00e7alves (PPGAV\/UFPel)<\/a><br \/>\n<\/span><\/p>\n<p style=\"text-align: justify\"><span style=\"font-family: 'trebuchet ms', geneva, sans-serif;font-size: 10pt\"><strong>RESUMO<\/strong><br \/>\nEsta pesquisa disserta sobre a elabora\u00e7\u00e3o e realiza\u00e7\u00e3o do projeto de pintura \u201cPequenos Pintores, Grandes Artistas\u201d. O projeto foi executado no ano de 2012, com crian\u00e7as entre 5 e 6 anos de idade cursando o Per\u00edodo 3 da Educa\u00e7\u00e3o Infantil, no Col\u00e9gio S\u00e3o Jos\u00e9 em Pelotas. A proposta \u00e9 revista atrav\u00e9s dos saberes da arte, advindos de estudos realizados no Curso de Mestrado em Artes Visuais. As imagens e reflex\u00f5es s\u00e3o oriundas de pr\u00e1ticas art\u00edsticas promovidas por mim, uma professora com forma\u00e7\u00e3o em Pedagogia e Direito, atuando h\u00e1 mais de vinte anos na Educa\u00e7\u00e3o Infantil, sem a forma\u00e7\u00e3o espec\u00edfica em Artes Visuais. Nestas p\u00e1ginas, abro meu \u201cdi\u00e1rio de bordo\u201d para partilhar as t\u00e1ticas e proposi\u00e7\u00f5es art\u00edsticas, agora baseadas em reflex\u00f5es sobre o conhecimento adquirido na p\u00f3s-gradua\u00e7\u00e3o em Artes Visuais. Para adentrar o mundo colorido da inf\u00e2ncia e conhecer os procedimentos pict\u00f3ricos como processo criativo e pedag\u00f3gico, balizei-me no pensamento da educadora Sandra Richter. No que tange a minha caminhada como professora da educa\u00e7\u00e3o infantil, ative-me \u00e0s leituras das viv\u00eancias apaixonadas da professora Madalena Freire. Da mesma forma, aproprio-me do termo \u201cdi\u00e1rio de bordo\u201d, de Mirian Celeste Martins, ao expor os registros significativos desta disserta\u00e7\u00e3o envolvendo arte e letramento. Al\u00e9m disso, refiro-me tamb\u00e9m a Anamelia Bueno Buoro, Susana Rangel Viera da Cunha e Jo\u00e3o Francisco Duarte Junior, entre outros que me ajudaram a transitar com mais apuro no campo da Arte e da Educa\u00e7\u00e3o.<\/span><\/p>\n<p><span style=\"font-family: 'trebuchet ms', geneva, sans-serif;font-size: 10pt\"><strong>Palavras-chave:<\/strong> educa\u00e7\u00e3o de crian\u00e7as; artes &#8211; estudo e ensino; pintura; jogo<\/span><\/p>\n<p><span style=\"font-family: 'trebuchet ms', geneva, sans-serif;font-size: 10pt\"><strong>Banca:<br \/>\n<\/strong><\/span><span style=\"font-family: 'trebuchet ms', geneva, sans-serif;font-size: 10pt\">Profa. Dra. Ursula Rosa da Silva (PPGAV\/UFPel)<\/span><br \/>\n<span style=\"font-family: 'trebuchet ms', geneva, sans-serif;font-size: 10pt\">Profa. Dra. Mirela Ribeiro Meira (PPGAV\/UFPel)<\/span><br \/>\n<span style=\"font-family: 'trebuchet ms', geneva, sans-serif;font-size: 10pt\">Profa. Dra. Maria Isabel Petry Kehrwald (UFRGS)<\/span><\/p>\n<p><span style=\"font-family: 'trebuchet ms', geneva, sans-serif;font-size: 10pt\"><strong>Data:<\/strong> 02\/julho\/2015<\/span><\/p>\n<p>&nbsp;<\/p>\n<p>&nbsp;<\/p>\n<h3 style=\"text-align: center\"><span style=\"font-family: 'trebuchet ms', geneva, sans-serif;font-size: 12pt\">Acompanhamento Egresso:<\/span><\/h3>\n<hr \/>\n<div class=\"layout-cell-pad-5 text-align-right\"><\/div>\n<div><\/div>\n<div><\/div>\n<div><\/div>\n<div><\/div>\n<div class=\"layout-cell layout-cell-1 text-align-right\"><\/div>\n<p>&nbsp;<\/p>\n<p>&nbsp;<\/p>\n<p>&nbsp;<\/p>\n<p>&nbsp;<\/p>\n<p>&nbsp;<\/p>\n<p>&nbsp;<\/p>\n<p>&nbsp;<\/p>\n<div class=\"ms-editor-squiggler\" style=\"color: initial;font: initial;background: initial;background-blend-mode: initial;border: initial;border-radius: initial;border-collapse: initial;caption-side: initial;clear: initial;columns: initial;column-fill: initial;column-rule: initial;column-span: initial;cursor: initial;flex: initial;flex-flow: initial;float: initial;height: 0px;letter-spacing: initial;margin: initial;max-height: initial;max-width: initial;min-height: initial;min-width: initial;overflow: initial;padding: initial;text-align: initial;text-decoration: initial;text-indent: initial;text-transform: initial;vertical-align: initial;border-spacing: initial;width: initial\"><\/div>\n<div class=\"ms-editor-squiggler\" style=\"color: initial;font: initial;background: initial;background-blend-mode: initial;border: initial;border-radius: initial;border-collapse: initial;caption-side: initial;clear: initial;columns: initial;column-fill: initial;column-rule: initial;column-span: initial;cursor: initial;flex: initial;flex-flow: initial;float: initial;height: 0px;letter-spacing: initial;margin: initial;max-height: initial;max-width: initial;min-height: initial;min-width: initial;overflow: initial;padding: initial;text-align: initial;text-decoration: initial;text-indent: initial;text-transform: initial;vertical-align: initial;border-spacing: initial;width: initial\"><\/div>\n<div class=\"ms-editor-squiggler\" style=\"color: initial;font: initial;background: initial;background-blend-mode: initial;border: initial;border-radius: initial;border-collapse: initial;caption-side: initial;clear: initial;columns: initial;column-fill: initial;column-rule: initial;column-span: initial;cursor: initial;flex: initial;flex-flow: initial;float: initial;height: 0px;letter-spacing: initial;margin: initial;max-height: initial;max-width: initial;min-height: initial;min-width: initial;overflow: initial;padding: initial;text-align: initial;text-decoration: initial;text-indent: initial;text-transform: initial;vertical-align: initial;border-spacing: initial;width: initial\"><\/div>\n","protected":false},"excerpt":{"rendered":"<p>&nbsp; &nbsp; &nbsp; Rita Patr\u00edcia C\u00e1ceres de Laforet \/\u00a0Curr\u00edculum Lattes Linha de Pesquisa: Data de nascimento:\u00a0 Texto introdut\u00f3rio: Possui gradua\u00e7\u00e3o em Direito pela Universidade Federal de Pelotas (2001) e gradua\u00e7\u00e3o em Pedagogia pela Universidade Luterana do Brasil (2009). Possui Mestrado em Artes Visuais pela Universidade Federal de Pelotas na linha Ensino da Arte e Educa\u00e7\u00e3o [&hellip;]<\/p>\n","protected":false},"author":1258,"featured_media":0,"parent":3418,"menu_order":0,"comment_status":"closed","ping_status":"closed","template":"","meta":{"footnotes":""},"class_list":["post-3463","page","type-page","status-publish","hentry"],"_links":{"self":[{"href":"https:\/\/wp.ufpel.edu.br\/ppgartes\/wp-json\/wp\/v2\/pages\/3463","targetHints":{"allow":["GET"]}}],"collection":[{"href":"https:\/\/wp.ufpel.edu.br\/ppgartes\/wp-json\/wp\/v2\/pages"}],"about":[{"href":"https:\/\/wp.ufpel.edu.br\/ppgartes\/wp-json\/wp\/v2\/types\/page"}],"author":[{"embeddable":true,"href":"https:\/\/wp.ufpel.edu.br\/ppgartes\/wp-json\/wp\/v2\/users\/1258"}],"replies":[{"embeddable":true,"href":"https:\/\/wp.ufpel.edu.br\/ppgartes\/wp-json\/wp\/v2\/comments?post=3463"}],"version-history":[{"count":0,"href":"https:\/\/wp.ufpel.edu.br\/ppgartes\/wp-json\/wp\/v2\/pages\/3463\/revisions"}],"up":[{"embeddable":true,"href":"https:\/\/wp.ufpel.edu.br\/ppgartes\/wp-json\/wp\/v2\/pages\/3418"}],"wp:attachment":[{"href":"https:\/\/wp.ufpel.edu.br\/ppgartes\/wp-json\/wp\/v2\/media?parent=3463"}],"curies":[{"name":"wp","href":"https:\/\/api.w.org\/{rel}","templated":true}]}}