{"id":3404,"date":"2019-08-28T16:46:34","date_gmt":"2019-08-28T19:46:34","guid":{"rendered":"https:\/\/wp.ufpel.edu.br\/mestradoartesvisuais\/?page_id=3404"},"modified":"2019-08-28T16:46:34","modified_gmt":"2019-08-28T19:46:34","slug":"toni-rabello-dos-santos","status":"publish","type":"page","link":"https:\/\/wp.ufpel.edu.br\/ppgartes\/acompanhamento-de-academicos\/ingressantes-2012\/toni-rabello-dos-santos\/","title":{"rendered":"T\u00f4ni Rabello Dos Santos"},"content":{"rendered":"<p><a href=\"https:\/\/wp.ufpel.edu.br\/ppgartes\/files\/2021\/03\/turma1_Toni-Rabello-dos-Santos.png\"><img class=\" wp-image-5676 alignleft\" src=\"https:\/\/wp.ufpel.edu.br\/ppgartes\/files\/2021\/03\/turma1_Toni-Rabello-dos-Santos-200x200.png\" alt=\"\" width=\"200\" height=\"200\" srcset=\"https:\/\/wp.ufpel.edu.br\/ppgartes\/files\/2021\/03\/turma1_Toni-Rabello-dos-Santos-200x200.png 200w, https:\/\/wp.ufpel.edu.br\/ppgartes\/files\/2021\/03\/turma1_Toni-Rabello-dos-Santos-400x400.png 400w, https:\/\/wp.ufpel.edu.br\/ppgartes\/files\/2021\/03\/turma1_Toni-Rabello-dos-Santos.png 500w\" sizes=\"(max-width: 200px) 100vw, 200px\" \/><\/a><\/p>\n<p>&nbsp;<\/p>\n<p>&nbsp;<\/p>\n<p>&nbsp;<\/p>\n<p><span style=\"font-family: georgia, palatino, serif;font-size: 12pt\"><span style=\"font-size: 18pt\"><strong><span style=\"font-family: 'trebuchet ms', geneva, sans-serif\">T\u00f4ni Rabello Dos Santos <span style=\"font-size: 10pt;color: #999999\">\/\u00a0<\/span><\/span><\/strong><\/span><span style=\"font-family: 'trebuchet ms', geneva, sans-serif;font-size: 10pt\"><span style=\"color: #999999\"><a style=\"color: #999999\" href=\"http:\/\/lattes.cnpq.br\/7679245722189388\" target=\"_blank\" rel=\"noopener noreferrer\">Curr\u00edculum Lattes<\/a><\/span><br \/>\n<strong>Linha de Pesquisa<\/strong>:<br \/>\n<\/span><\/span><span style=\"font-family: georgia, palatino, serif;font-size: 12pt\"><span style=\"font-family: 'trebuchet ms', geneva, sans-serif;font-size: 10pt\"><strong>Data de nascimento: <\/strong>10\/10\/1988<\/span><\/span><\/p>\n<p style=\"text-align: justify\"><span style=\"font-family: 'trebuchet ms', geneva, sans-serif;font-size: 10pt\"><strong>Texto introdut\u00f3rio: <\/strong>Mestre em Artes Visuais &#8211; Processos de Cria\u00e7\u00e3o e Po\u00e9ticas do Cotidiano, pela Universidade Federal de Pelotas &#8211; UFPel. Integrante do Grupo de Pesquisa em e sobre Gravura (Cupins da Gravura) e Percursos Po\u00e9ticos: procedimentos e grafias na contemporaneidade. Licenciado em Artes Visuais pela Universidade Federal do Rio Grande &#8211; FURG, atuando nos seguintes temas: Gravura, Pintura, Desenho, Design Gr\u00e1fico e Cinema de Anima\u00e7\u00e3o.<span class=\"texto\">\u00a0(Texto extra\u00eddo diretamente da plataforma Lattes).<\/span><\/span><\/p>\n<hr \/>\n<p><span style=\"font-family: 'trebuchet ms', geneva, sans-serif;font-size: 10pt\"><strong>T\u00edtulo da disserta\u00e7\u00e3o<br \/>\n<span style=\"font-size: 14pt\"><a href=\"http:\/\/pergamum.ufpel.edu.br:8080\/pergamumweb\/vinculos\/00007e\/00007e51.pdf\" target=\"_blank\" rel=\"noopener noreferrer\">Percep\u00e7\u00f5es de um eletrogravador: experi\u00eancias po\u00e9ticas com a corros\u00e3o<\/a><\/span><\/strong><br \/>\n<\/span><span style=\"font-family: 'trebuchet ms', geneva, sans-serif;font-size: 10pt\"><strong>Orientador(a):<\/strong> <a href=\"https:\/\/wp.ufpel.edu.br\/mestradoartesvisuais\/angela-raffin-pohlmann\/\">Prof.\u00aa Dr.\u00aa Angela Raffin Pohlmann<\/a> (PPGAV\/UFPel)<\/span><\/p>\n<p style=\"text-align: justify\"><span style=\"font-family: 'trebuchet ms', geneva, sans-serif;font-size: 10pt\"><strong>RESUMO<\/strong><br \/>\nEsta disserta\u00e7\u00e3o aborda quest\u00f5es referentes ao meu processo de cria\u00e7\u00e3o, e assuntos que dialogam com as produ\u00e7\u00f5es realizadas no mestrado em Artes Visuais da UFPel. As produ\u00e7\u00f5es que comp\u00f5em este trabalho tecem sutis rela\u00e7\u00f5es entre o universo da gravura, as impress\u00f5es e incis\u00f5es no cotidiano. A disserta\u00e7\u00e3o \u00e9 organizada de modo a sistematizar uma po\u00e9tica sobre o ato de gravar, que se desenvolveu paralelo as pr\u00e1ticas com procedimentos eletrol\u00edticos na gravura em metal, o que apresento s\u00e3o percep\u00e7\u00f5es de um eletrogravador. A pr\u00e1tica \u00e9 o ponto de partida dessa investiga\u00e7\u00e3o que visa expor um olhar que excede o espa\u00e7o do atelier, explorando quest\u00f5es e acontecimentos que me atravessaram durante os dois anos que compreende o mestrado. \u00c9 reconhecido, neste texto, a import\u00e2ncia do experimento para alcan\u00e7ar uma experi\u00eancia intensa na produ\u00e7\u00e3o art\u00edstica. Correr riscos, explorar o acaso e permanecer atento sobre as coisas que me rodeiam s\u00e3o algumas das estrat\u00e9gias utilizadas durante essa pesquisa. Meus objetos de estudos correspondem a dez trabalhos processuais, s\u00e3o eles: Captador de Res\u00edduos; Pequenos Naufr\u00e1gios; C\u00e9u; Mapas Po\u00e9ticos do Interior do Cubo Vermelho; Em Tr\u00eas Tempos; Paisagem Corro\u00edda; Contendo Sopro; Receptor de mem\u00f3rias; Projeto Matriz Compartilhada e Conex\u00e3o C\u00e9u e Terra, os mesmos s\u00e3o dispositivos art\u00edsticos, projetos art\u00edsticos e\/ou a\u00e7\u00f5es art\u00edsticas. No texto, os trabalhos aparecem em um discurso \u201crio\u201d que percebe cada um deles em seu estado de forma\u00e7\u00e3o, em que uma a\u00e7\u00e3o se une a outra, num desdobrar dos pensamentos que os formaram. Pretendo, em meio \u00e0s palavras e imagens do processo de cria\u00e7\u00e3o, apresentar as transforma\u00e7\u00f5es deste, que pode ser interpretado como uma \u201cfase de transi\u00e7\u00e3o\u201d que parte do atelier de gravura para o espa\u00e7o. Nesse sentido, o que apresento s\u00e3o atos de corros\u00f5es que dividem em tr\u00eas fases, cada uma delas cont\u00e9m registros de a\u00e7\u00f5es realizadas no atelier de gravura, a\u00e7\u00f5es frente \u00e0 paisagem e acontecimentos que me atravessam no cotidiano. Portanto, os conceitos operacionais desta investiga\u00e7\u00e3o po\u00e9tica s\u00e3o: extrair, deslocar e fixar; estas a\u00e7\u00f5es sustentam as discuss\u00f5es sobre os processos alqu\u00edmicos na produ\u00e7\u00e3o art\u00edstica e nas reflex\u00f5es sobre a corros\u00e3o e o ato de gravar. Em di\u00e1logo com a minha produ\u00e7\u00e3o e pesquisa sobre a corros\u00e3o, abordo determinados trabalhos e reflex\u00f5es de artistas como: Marco Buti; Robert Smithson; Daniel Senise; Elida Tessler, Victor Gripp, Hans Haacke, Richard Long, Cinthia Marcelle, Paulo Dam\u00e9, Carlos Filho e os te\u00f3ricos Gaston Bachelard; Gilles Deleuze, Virg\u00ednia Kastrup, Michel de Certau, Francesco Careri, Georges Didi-Huberman, entre outros. Enfim, proponho uma reflex\u00e3o sobre a corros\u00e3o como uma a\u00e7\u00e3o que produz gravura.<\/span><\/p>\n<p><span style=\"font-family: 'trebuchet ms', geneva, sans-serif;font-size: 10pt\"><strong>Palavras-chave:<\/strong> corros\u00e3o; gravura em metal; eletrogravura; processo de cria\u00e7\u00e3o<br \/>\n<\/span><\/p>\n<p><span style=\"font-family: 'trebuchet ms', geneva, sans-serif;font-size: 10pt\"><strong>Banca:<br \/>\n<\/strong><\/span><span style=\"font-family: 'trebuchet ms', geneva, sans-serif;font-size: 10pt\">Profa. Dra. Adriane Hernandez (PPGAV\/UFPel)<br \/>\nProf. Dr. Jos\u00e9 Luis de Pellegrin (UFPel)<br \/>\nProf. Dr. Fl\u00e1vio Roberto Gon\u00e7alves (UFRGS)<\/span><\/p>\n<p><span style=\"font-family: 'trebuchet ms', geneva, sans-serif;font-size: 10pt\"><strong>Data:<\/strong> 18\/julho\/2014<\/span><\/p>\n<p>&nbsp;<\/p>\n<p>&nbsp;<\/p>\n<h3 style=\"text-align: center\"><span style=\"font-family: 'trebuchet ms', geneva, sans-serif;font-size: 12pt\">Acompanhamento Egresso:<\/span><\/h3>\n<hr \/>\n<p><span style=\"font-family: 'trebuchet ms', geneva, sans-serif;font-size: 10pt\"><strong>Conclus\u00e3o do PPGAV: <\/strong>2014<\/span><\/p>\n<ul>\n<li><span style=\"font-family: 'trebuchet ms', geneva, sans-serif;font-size: 10pt\"><strong>2014 &#8211; 2015: <\/strong>Atividade profissional. Servidor P\u00fablico &#8211; Prefeitura Municipal de Rio Grande.\u00a0<strong>Professor<\/strong>.<\/span><\/li>\n<li><span style=\"font-family: 'trebuchet ms', geneva, sans-serif;font-size: 10pt\"><strong>2015 &#8211; 2015:\u00a0<\/strong>Atividade profissional. Albert Col\u00e9gio &#8211; AC.\u00a0<strong>Professor visitante<\/strong>.<\/span><\/li>\n<li><span style=\"font-family: 'trebuchet ms', geneva, sans-serif;font-size: 10pt\"><strong>2015:\u00a0<\/strong>Curso de curta dura\u00e7\u00e3o ministrado. <strong>O Desenho Hoje: estrat\u00e9gias de cria\u00e7\u00e3o de Imagem.<\/strong><\/span><\/li>\n<li><span style=\"font-family: 'trebuchet ms', geneva, sans-serif;font-size: 10pt\"><strong>2015 &#8211; 2017: <\/strong>Atividade profissional. Servidor P\u00fablico &#8211; Funda\u00e7\u00e3o Universidade Federal do Rio Grande.\u00a0<strong>Professor Substituto.\u00a0<\/strong>Ensino de Artes Visuais em n\u00edvel de Gradua\u00e7\u00e3o.<\/span><\/li>\n<\/ul>\n<p>&nbsp;<\/p>\n<ul>\n<li>\n<div class=\"inst_back\"><span style=\"font-family: 'trebuchet ms', geneva, sans-serif;font-size: 10pt\"><b>Participa\u00e7\u00e3o em bancas de trabalhos de conclus\u00e3o de curso de gradua\u00e7\u00e3o:<\/b><\/span><\/div>\n<div class=\"layout-cell layout-cell-1 text-align-right\">\n<div class=\"layout-cell-pad-5 text-align-right\"><span style=\"font-family: 'trebuchet ms', geneva, sans-serif;font-size: 10pt\"><b>1. <\/b><b><a class=\"tooltip\" href=\"http:\/\/lattes.cnpq.br\/7679245722189388\" target=\"_blank\" rel=\"noopener noreferrer\">SANTOS, T. R.<\/a><\/b>; FLORES, J. A. V.; FERREIRA, A. C.. Participa\u00e7\u00e3o em banca de Max Eduardo Portella Ziemer.Gradua\u00e7\u00e3o em Licenciatua em Artes Visuais. 2015. Trabalho de Conclus\u00e3o de Curso (Gradua\u00e7\u00e3o em Artes Visuais &#8211; Licenciatura) &#8211; Universidade Federal do Rio Grande.<\/span><\/div>\n<\/div>\n<div class=\"layout-cell layout-cell-1 text-align-right\">\n<div class=\"layout-cell-pad-5 text-align-right\"><span style=\"font-family: 'trebuchet ms', geneva, sans-serif;font-size: 10pt\"><b>2. <\/b><b><a class=\"tooltip\" href=\"http:\/\/lattes.cnpq.br\/7679245722189388\" target=\"_blank\" rel=\"noopener noreferrer\">SANTOS, T. R.<\/a><\/b>; FLORES, J. A. V.. Participa\u00e7\u00e3o em banca de Elton Jardim do Amaral.Gradua\u00e7\u00e3o em Bacharelado em ArtesVisuais. 2015. Trabalho de Conclus\u00e3o de Curso (Gradua\u00e7\u00e3o em Artes Visuais &#8211; Bacharelado) &#8211; Universidade Federal do Rio Grande.<\/span><\/div>\n<\/div>\n<div class=\"layout-cell layout-cell-1 text-align-right\">\n<div class=\"layout-cell-pad-5 text-align-right\"><span style=\"font-family: 'trebuchet ms', geneva, sans-serif;font-size: 10pt\"><b>3. <\/b><b><a class=\"tooltip\" title=\"Clique para visualizar o curr\u00edculo\" href=\"http:\/\/lattes.cnpq.br\/7679245722189388\" target=\"_blank\" rel=\"noopener noreferrer\">SANTOS, T. R.<\/a><\/b>; LENZI, T. J. P. M.; FLORES, J. A. V.. Participa\u00e7\u00e3o em banca de Isadora Cristina Bortolossi Rodrigues.Gradua\u00e7\u00e3o em Licenciatura em Artes Visuais. 2015. Trabalho de Conclus\u00e3o de Curso (Gradua\u00e7\u00e3o em Artes Visuais &#8211; Licenciatura) &#8211; Universidade Federal do Rio Grande.<\/span><\/div>\n<\/div>\n<div><\/div>\n<\/li>\n<li>\n<div class=\"layout-cell layout-cell-1 text-align-right\">\n<div class=\"layout-cell-pad-5 text-align-right\"><span style=\"font-family: 'trebuchet ms', geneva, sans-serif;font-size: 10pt\"><b>Participa\u00e7\u00e3o em eventos, congressos, exposi\u00e7\u00f5es e feiras:<\/b><\/span><\/div>\n<\/div>\n<div class=\"layout-cell layout-cell-11\">\n<div class=\"layout-cell layout-cell-1 text-align-right\">\n<div class=\"layout-cell-pad-5 text-align-right\"><span style=\"font-family: 'trebuchet ms', geneva, sans-serif;font-size: 10pt\"><b>1. <\/b>Corredor Impresso. Gravura + Cupins. 2015. (Exposi\u00e7\u00e3o).<\/span><\/div>\n<\/div>\n<div class=\"layout-cell layout-cell-1 text-align-right\">\n<div class=\"layout-cell-pad-5 text-align-right\"><span style=\"font-family: 'trebuchet ms', geneva, sans-serif;font-size: 10pt\"><b>2. <\/b>Olhar Sonhador. A\u00e7\u00e3o I e A\u00e7\u00e3o II. 2015. (Exposi\u00e7\u00e3o).<\/span><\/div>\n<\/div>\n<div class=\"layout-cell layout-cell-1 text-align-right\">\n<div class=\"layout-cell-pad-5 text-align-right\"><span style=\"font-family: 'trebuchet ms', geneva, sans-serif;font-size: 10pt\"><b>3. <\/b>Ru\u00eddo e Gesto: a\u00e7\u00e3o e performanca. A\u00e7\u00e3o II ? homem caixa mar. 2015. (Exposi\u00e7\u00e3o).<\/span><\/div>\n<\/div>\n<\/div>\n<\/li>\n<\/ul>\n<p>&nbsp;<\/p>\n<p>&nbsp;<\/p>\n<div class=\"ms-editor-squiggler\" style=\"color: initial;font: initial;background: initial;background-blend-mode: initial;border: initial;border-radius: initial;border-collapse: initial;caption-side: initial;clear: initial;columns: initial;column-fill: initial;column-rule: initial;column-span: initial;cursor: initial;flex: initial;flex-flow: initial;float: initial;height: 0px;letter-spacing: initial;margin: initial;max-height: initial;max-width: initial;min-height: initial;min-width: initial;overflow: initial;padding: initial;text-align: initial;text-decoration: initial;text-indent: initial;text-transform: initial;vertical-align: initial;border-spacing: initial;width: initial\"><\/div>\n<div class=\"ms-editor-squiggler\" style=\"color: initial;font: initial;background: initial;background-blend-mode: initial;border: initial;border-radius: initial;border-collapse: initial;caption-side: initial;clear: initial;columns: initial;column-fill: initial;column-rule: initial;column-span: initial;cursor: initial;flex: initial;flex-flow: initial;float: initial;height: 0px;letter-spacing: initial;margin: initial;max-height: initial;max-width: initial;min-height: initial;min-width: initial;overflow: initial;padding: initial;text-align: initial;text-decoration: initial;text-indent: initial;text-transform: initial;vertical-align: initial;border-spacing: initial;width: initial\"><\/div>\n<div class=\"ms-editor-squiggler\" style=\"color: initial;font: initial;background: initial;background-blend-mode: initial;border: initial;border-radius: initial;border-collapse: initial;caption-side: initial;clear: initial;columns: initial;column-fill: initial;column-rule: initial;column-span: initial;cursor: initial;flex: initial;flex-flow: initial;float: initial;height: 0px;letter-spacing: initial;margin: initial;max-height: initial;max-width: initial;min-height: initial;min-width: initial;overflow: initial;padding: initial;text-align: initial;text-decoration: initial;text-indent: initial;text-transform: initial;vertical-align: initial;border-spacing: initial;width: initial\"><\/div>\n<div class=\"ms-editor-squiggler\" style=\"color: initial;font: initial;background: initial;background-blend-mode: initial;border: initial;border-radius: initial;border-collapse: initial;caption-side: initial;clear: initial;columns: initial;column-fill: initial;column-rule: initial;column-span: initial;cursor: initial;flex: initial;flex-flow: initial;float: initial;height: 0px;letter-spacing: initial;margin: initial;max-height: initial;max-width: initial;min-height: initial;min-width: initial;overflow: initial;padding: initial;text-align: initial;text-decoration: initial;text-indent: initial;text-transform: initial;vertical-align: initial;border-spacing: initial;width: initial\"><\/div>\n<div class=\"ms-editor-squiggler\" style=\"color: initial;font: initial;background: initial;background-blend-mode: initial;border: initial;border-radius: initial;border-collapse: initial;caption-side: initial;clear: initial;columns: initial;column-fill: initial;column-rule: initial;column-span: initial;cursor: initial;flex: initial;flex-flow: initial;float: initial;height: 0px;letter-spacing: initial;margin: initial;max-height: initial;max-width: initial;min-height: initial;min-width: initial;overflow: initial;padding: initial;text-align: initial;text-decoration: initial;text-indent: initial;text-transform: initial;vertical-align: initial;border-spacing: initial;width: initial\"><\/div>\n<div class=\"ms-editor-squiggler\" style=\"color: initial;font: initial;background: initial;background-blend-mode: initial;border: initial;border-radius: initial;border-collapse: initial;caption-side: initial;clear: initial;columns: initial;column-fill: initial;column-rule: initial;column-span: initial;cursor: initial;flex: initial;flex-flow: initial;float: initial;height: 0px;letter-spacing: initial;margin: initial;max-height: initial;max-width: initial;min-height: initial;min-width: initial;overflow: initial;padding: initial;text-align: initial;text-decoration: initial;text-indent: initial;text-transform: initial;vertical-align: initial;border-spacing: initial;width: initial\"><\/div>\n<div class=\"ms-editor-squiggler\" style=\"color: initial;font: initial;background: initial;background-blend-mode: initial;border: initial;border-radius: initial;border-collapse: initial;caption-side: initial;clear: initial;columns: initial;column-fill: initial;column-rule: initial;column-span: initial;cursor: initial;flex: initial;flex-flow: initial;float: initial;height: 0px;letter-spacing: initial;margin: initial;max-height: initial;max-width: initial;min-height: initial;min-width: initial;overflow: initial;padding: initial;text-align: initial;text-decoration: initial;text-indent: initial;text-transform: initial;vertical-align: initial;border-spacing: initial;width: initial\"><\/div>\n<div class=\"ms-editor-squiggler\" style=\"color: initial;font: initial;background: initial;background-blend-mode: initial;border: initial;border-radius: initial;border-collapse: initial;caption-side: initial;clear: initial;columns: initial;column-fill: initial;column-rule: initial;column-span: initial;cursor: initial;flex: initial;flex-flow: initial;float: initial;height: 0px;letter-spacing: initial;margin: initial;max-height: initial;max-width: initial;min-height: initial;min-width: initial;overflow: initial;padding: initial;text-align: initial;text-decoration: initial;text-indent: initial;text-transform: initial;vertical-align: initial;border-spacing: initial;width: initial\"><\/div>\n<div class=\"ms-editor-squiggler\" style=\"color: initial;font: initial;background: initial;background-blend-mode: initial;border: initial;border-radius: initial;border-collapse: initial;caption-side: initial;clear: initial;columns: initial;column-fill: initial;column-rule: initial;column-span: initial;cursor: initial;flex: initial;flex-flow: initial;float: initial;height: 0px;letter-spacing: initial;margin: initial;max-height: initial;max-width: initial;min-height: initial;min-width: initial;overflow: initial;padding: initial;text-align: initial;text-decoration: initial;text-indent: initial;text-transform: initial;vertical-align: initial;border-spacing: initial;width: initial\"><\/div>\n<div class=\"ms-editor-squiggler\" style=\"color: initial;font: initial;background: initial;background-blend-mode: initial;border: initial;border-radius: initial;border-collapse: initial;caption-side: initial;clear: initial;columns: initial;column-fill: initial;column-rule: initial;column-span: initial;cursor: initial;flex: initial;flex-flow: initial;float: initial;height: 0px;letter-spacing: initial;margin: initial;max-height: initial;max-width: initial;min-height: initial;min-width: initial;overflow: initial;padding: initial;text-align: initial;text-decoration: initial;text-indent: initial;text-transform: initial;vertical-align: initial;border-spacing: initial;width: initial\"><\/div>\n","protected":false},"excerpt":{"rendered":"<p>&nbsp; &nbsp; &nbsp; T\u00f4ni Rabello Dos Santos \/\u00a0Curr\u00edculum Lattes Linha de Pesquisa: Data de nascimento: 10\/10\/1988 Texto introdut\u00f3rio: Mestre em Artes Visuais &#8211; Processos de Cria\u00e7\u00e3o e Po\u00e9ticas do Cotidiano, pela Universidade Federal de Pelotas &#8211; UFPel. Integrante do Grupo de Pesquisa em e sobre Gravura (Cupins da Gravura) e Percursos Po\u00e9ticos: procedimentos e grafias [&hellip;]<\/p>\n","protected":false},"author":1258,"featured_media":0,"parent":3315,"menu_order":0,"comment_status":"closed","ping_status":"closed","template":"","meta":{"footnotes":""},"class_list":["post-3404","page","type-page","status-publish","hentry"],"_links":{"self":[{"href":"https:\/\/wp.ufpel.edu.br\/ppgartes\/wp-json\/wp\/v2\/pages\/3404","targetHints":{"allow":["GET"]}}],"collection":[{"href":"https:\/\/wp.ufpel.edu.br\/ppgartes\/wp-json\/wp\/v2\/pages"}],"about":[{"href":"https:\/\/wp.ufpel.edu.br\/ppgartes\/wp-json\/wp\/v2\/types\/page"}],"author":[{"embeddable":true,"href":"https:\/\/wp.ufpel.edu.br\/ppgartes\/wp-json\/wp\/v2\/users\/1258"}],"replies":[{"embeddable":true,"href":"https:\/\/wp.ufpel.edu.br\/ppgartes\/wp-json\/wp\/v2\/comments?post=3404"}],"version-history":[{"count":0,"href":"https:\/\/wp.ufpel.edu.br\/ppgartes\/wp-json\/wp\/v2\/pages\/3404\/revisions"}],"up":[{"embeddable":true,"href":"https:\/\/wp.ufpel.edu.br\/ppgartes\/wp-json\/wp\/v2\/pages\/3315"}],"wp:attachment":[{"href":"https:\/\/wp.ufpel.edu.br\/ppgartes\/wp-json\/wp\/v2\/media?parent=3404"}],"curies":[{"name":"wp","href":"https:\/\/api.w.org\/{rel}","templated":true}]}}