{"id":3360,"date":"2019-08-28T16:10:41","date_gmt":"2019-08-28T19:10:41","guid":{"rendered":"https:\/\/wp.ufpel.edu.br\/mestradoartesvisuais\/?page_id=3360"},"modified":"2019-08-28T16:10:41","modified_gmt":"2019-08-28T19:10:41","slug":"bethielle-amaral-kupstaitis","status":"publish","type":"page","link":"https:\/\/wp.ufpel.edu.br\/ppgartes\/acompanhamento-de-academicos\/ingressantes-2012\/bethielle-amaral-kupstaitis\/","title":{"rendered":"Bethielle Amaral Kupstaitis"},"content":{"rendered":"<p><a href=\"https:\/\/wp.ufpel.edu.br\/ppgartes\/files\/2021\/03\/turma1_Bethielle-Amaral-Kupstaitis.png\"><img class=\"wp-image-5684 size-thumbnail alignleft\" src=\"https:\/\/wp.ufpel.edu.br\/ppgartes\/files\/2021\/03\/turma1_Bethielle-Amaral-Kupstaitis-200x200.png\" alt=\"\" width=\"200\" height=\"200\" srcset=\"https:\/\/wp.ufpel.edu.br\/ppgartes\/files\/2021\/03\/turma1_Bethielle-Amaral-Kupstaitis-200x200.png 200w, https:\/\/wp.ufpel.edu.br\/ppgartes\/files\/2021\/03\/turma1_Bethielle-Amaral-Kupstaitis-400x400.png 400w, https:\/\/wp.ufpel.edu.br\/ppgartes\/files\/2021\/03\/turma1_Bethielle-Amaral-Kupstaitis.png 500w\" sizes=\"(max-width: 200px) 100vw, 200px\" \/><\/a><\/p>\n<p>&nbsp;<\/p>\n<p>&nbsp;<\/p>\n<p>&nbsp;<\/p>\n<p><span style=\"font-family: georgia, palatino, serif;font-size: 12pt\"><span style=\"font-size: 18pt\"><strong><span style=\"font-family: 'trebuchet ms', geneva, sans-serif\">Bethielle Amaral Kupstaitis <span style=\"font-size: 10pt;color: #999999\">\/\u00a0<\/span><\/span><\/strong><\/span><span style=\"font-family: 'trebuchet ms', geneva, sans-serif;font-size: 10pt\"><a href=\"http:\/\/lattes.cnpq.br\/2721592503541963\" target=\"_blank\" rel=\"noopener noreferrer\"><span style=\"color: #999999\">Curr\u00edculum Lattes<\/span><\/a><br \/>\n<strong>Linha de Pesquisa<\/strong>:<br \/>\n<\/span><\/span><span style=\"font-family: georgia, palatino, serif;font-size: 12pt\"><span style=\"font-family: 'trebuchet ms', geneva, sans-serif;font-size: 10pt\"><strong>Data de nascimento:\u00a0<\/strong><\/span><\/span><\/p>\n<p style=\"text-align: justify\"><span style=\"font-family: 'trebuchet ms', geneva, sans-serif;font-size: 10pt\"><strong>Texto introdut\u00f3rio:<\/strong> Doutoranda em Artes Visuais pelo PPGAV &#8211; UFRGS, vinculada \u00e0 \u00e1rea de concentra\u00e7\u00e3o Po\u00e9ticas Visuais, na linha de Pesquisa Desdobramentos da Imagem. Mestre em Artes Visuais, com \u00eanfase em Processos de Cria\u00e7\u00e3o e Po\u00e9ticas do Cotidiano pelo Programa de P\u00f3s-Gradua\u00e7\u00e3o em Artes Visuais da UFPel (2014). Bacharel em Artes Visuais pela UFRGS (2011). Em 2015 atuou como professora substituta de pintura e desenho junto ao curso de Artes Visuais da Universidade Federal de Pelotas. Tem experi\u00eancia na \u00e1rea de Artes, atuando principalmente nos seguintes temas: processos gr\u00e1ficos e pict\u00f3ricos, imagem e cegueira. (Texto extra\u00eddo diretamente da plataforma Lattes)<\/span><\/p>\n<hr \/>\n<p><span style=\"font-family: 'trebuchet ms', geneva, sans-serif;font-size: 10pt\"><strong>T\u00edtulo da disserta\u00e7\u00e3o<br \/>\n<a href=\"http:\/\/pergamum.ufpel.edu.br:8080\/pergamumweb\/vinculos\/00007c\/00007c97.pdf\" target=\"_blank\" rel=\"noopener noreferrer\"><span style=\"font-size: 14pt\">Sombras capturadas pela experi\u00eancia noturna com o desenho<\/span><\/a><\/strong><br \/>\n<\/span><span style=\"font-family: 'trebuchet ms', geneva, sans-serif;font-size: 10pt\"><strong>Orientador(a):<\/strong> Profa. Dra. Adriane Hernandez (PPGAV\/UFPel)<br \/>\n<\/span><\/p>\n<p style=\"text-align: justify\"><span style=\"font-family: 'trebuchet ms', geneva, sans-serif;font-size: 10pt\"><strong>RESUMO<\/strong><br \/>\nOs ensaios textuais que se seguem abordam os desenhos realizados a partir da observa\u00e7\u00e3o das sombras percebidas em condi\u00e7\u00f5es de ilumina\u00e7\u00e3o prec\u00e1ria, \u00e0 noite. Desta forma, o trabalho art\u00edstico se articula na tens\u00e3o entre o que se experiencia no encontro com o espa\u00e7o noturno e as sombras, em consecutivas tentativas de capturar e registrar o que delas \u00e9 vis\u00edvel. O texto enfatiza a rela\u00e7\u00e3o do desenho com as condi\u00e7\u00f5es de priva\u00e7\u00e3o da vis\u00e3o, trazendo a discuss\u00e3o sobre a experi\u00eancia de desenhar \u00e0 noite.<\/span><\/p>\n<p><span style=\"font-family: 'trebuchet ms', geneva, sans-serif;font-size: 10pt\"><strong>Palavras-chave:<\/strong> sombra; noite; repeti\u00e7\u00e3o; hachura; desenho<\/span><\/p>\n<p><span style=\"font-family: 'trebuchet ms', geneva, sans-serif;font-size: 10pt\"><strong>Banca:<br \/>\n<\/strong><\/span><span style=\"font-family: 'trebuchet ms', geneva, sans-serif;font-size: 10pt\">Prof. Dr. Fl\u00e1vio Gon\u00e7alves (UFRGS)<br \/>\nProf. Dra. N\u00e1dia Senna (UFPEL)<br \/>\nProf. Dra. Raquel Stolf (UDESC)<br \/>\nProf. Dra. Maria Ivone dos Santos (UFRGS)<\/span><\/p>\n<p><span style=\"font-family: 'trebuchet ms', geneva, sans-serif;font-size: 10pt\"><strong>Data:<\/strong> 04\/abril\/2014<\/span><\/p>\n<p>&nbsp;<\/p>\n<p>&nbsp;<\/p>\n<h3 style=\"text-align: center\"><span style=\"font-family: 'trebuchet ms', geneva, sans-serif;font-size: 12pt\">Acompanhamento Egresso:<\/span><\/h3>\n<hr \/>\n<div class=\"layout-cell-pad-5 text-align-right\"><\/div>\n<div>\n<ul>\n<li><span style=\"font-family: 'trebuchet ms', geneva, sans-serif;font-size: 10pt\">Exposi\u00e7\u00e3o coletiva N\u00e3o-Ver, Visar. 03\/09\/2019 &#8211; &lt;<a href=\"https:\/\/ufcspa.edu.br\/index.php\/ultimas-noticias\/34-noticias\/7724-espaco-de-artes-abre-exposicao-coletiva-nao-ver-visar-?fbclid=IwAR3O2UlhcjdqyPMmmcnUNM0G2Zw7bvO1vV3h4HD83DRULvOybm-tu4hIFSU\" target=\"_blank\" rel=\"noopener noreferrer\">https:\/\/ufcspa.edu.br\/index.php\/ultimas-noticias\/34-noticias\/7724-espaco-de-artes-abre-exposicao-coletiva-nao-ver-visar-?fbclid=IwAR3O2UlhcjdqyPMmmcnUNM0G2Zw7bvO1vV3h4HD83DRULvOybm-tu4hIFSU<\/a>&gt;<\/span><\/li>\n<\/ul>\n<\/div>\n<div><\/div>\n<div><\/div>\n<div><\/div>\n<div class=\"layout-cell layout-cell-1 text-align-right\"><\/div>\n<p>&nbsp;<\/p>\n<p>&nbsp;<\/p>\n<p>&nbsp;<\/p>\n<p>&nbsp;<\/p>\n<p>&nbsp;<\/p>\n<p>&nbsp;<\/p>\n<div class=\"ms-editor-squiggler\" style=\"color: initial;font: initial;background: initial;background-blend-mode: initial;border: initial;border-radius: initial;border-collapse: initial;caption-side: initial;clear: initial;columns: initial;column-fill: initial;column-rule: initial;column-span: initial;cursor: initial;flex: initial;flex-flow: initial;float: initial;height: 0px;letter-spacing: initial;margin: initial;max-height: initial;max-width: initial;min-height: initial;min-width: initial;overflow: initial;padding: initial;text-align: initial;text-decoration: initial;text-indent: initial;text-transform: initial;vertical-align: initial;border-spacing: initial;width: initial\"><\/div>\n<div class=\"ms-editor-squiggler\" style=\"color: initial;font: initial;background: initial;background-blend-mode: initial;border: initial;border-radius: initial;border-collapse: initial;caption-side: initial;clear: initial;columns: initial;column-fill: initial;column-rule: initial;column-span: initial;cursor: initial;flex: initial;flex-flow: initial;float: initial;height: 0px;letter-spacing: initial;margin: initial;max-height: initial;max-width: initial;min-height: initial;min-width: initial;overflow: initial;padding: initial;text-align: initial;text-decoration: initial;text-indent: initial;text-transform: initial;vertical-align: initial;border-spacing: initial;width: initial\"><\/div>\n<div class=\"ms-editor-squiggler\" style=\"color: initial;font: initial;background: initial;background-blend-mode: initial;border: initial;border-radius: initial;border-collapse: initial;caption-side: initial;clear: initial;columns: initial;column-fill: initial;column-rule: initial;column-span: initial;cursor: initial;flex: initial;flex-flow: initial;float: initial;height: 0px;letter-spacing: initial;margin: initial;max-height: initial;max-width: initial;min-height: initial;min-width: initial;overflow: initial;padding: initial;text-align: initial;text-decoration: initial;text-indent: initial;text-transform: initial;vertical-align: initial;border-spacing: initial;width: initial\"><\/div>\n","protected":false},"excerpt":{"rendered":"<p>&nbsp; &nbsp; &nbsp; Bethielle Amaral Kupstaitis \/\u00a0Curr\u00edculum Lattes Linha de Pesquisa: Data de nascimento:\u00a0 Texto introdut\u00f3rio: Doutoranda em Artes Visuais pelo PPGAV &#8211; UFRGS, vinculada \u00e0 \u00e1rea de concentra\u00e7\u00e3o Po\u00e9ticas Visuais, na linha de Pesquisa Desdobramentos da Imagem. Mestre em Artes Visuais, com \u00eanfase em Processos de Cria\u00e7\u00e3o e Po\u00e9ticas do Cotidiano pelo Programa de [&hellip;]<\/p>\n","protected":false},"author":1258,"featured_media":0,"parent":3315,"menu_order":0,"comment_status":"closed","ping_status":"closed","template":"","meta":{"footnotes":""},"class_list":["post-3360","page","type-page","status-publish","hentry"],"_links":{"self":[{"href":"https:\/\/wp.ufpel.edu.br\/ppgartes\/wp-json\/wp\/v2\/pages\/3360","targetHints":{"allow":["GET"]}}],"collection":[{"href":"https:\/\/wp.ufpel.edu.br\/ppgartes\/wp-json\/wp\/v2\/pages"}],"about":[{"href":"https:\/\/wp.ufpel.edu.br\/ppgartes\/wp-json\/wp\/v2\/types\/page"}],"author":[{"embeddable":true,"href":"https:\/\/wp.ufpel.edu.br\/ppgartes\/wp-json\/wp\/v2\/users\/1258"}],"replies":[{"embeddable":true,"href":"https:\/\/wp.ufpel.edu.br\/ppgartes\/wp-json\/wp\/v2\/comments?post=3360"}],"version-history":[{"count":0,"href":"https:\/\/wp.ufpel.edu.br\/ppgartes\/wp-json\/wp\/v2\/pages\/3360\/revisions"}],"up":[{"embeddable":true,"href":"https:\/\/wp.ufpel.edu.br\/ppgartes\/wp-json\/wp\/v2\/pages\/3315"}],"wp:attachment":[{"href":"https:\/\/wp.ufpel.edu.br\/ppgartes\/wp-json\/wp\/v2\/media?parent=3360"}],"curies":[{"name":"wp","href":"https:\/\/api.w.org\/{rel}","templated":true}]}}