{"id":2787,"date":"2019-05-29T18:02:52","date_gmt":"2019-05-29T21:02:52","guid":{"rendered":"https:\/\/wp.ufpel.edu.br\/mestradoartesvisuais\/?page_id=2787"},"modified":"2026-02-20T10:02:55","modified_gmt":"2026-02-20T13:02:55","slug":"coordenacao-e-secretaria","status":"publish","type":"page","link":"https:\/\/wp.ufpel.edu.br\/ppgartes\/apresentacao\/coordenacao-e-secretaria\/","title":{"rendered":"Coordena\u00e7\u00e3o e Secretaria"},"content":{"rendered":"<p><span style=\"font-family: georgia, palatino, serif; font-size: 18pt;\"><span style=\"font-family: 'trebuchet ms', geneva, sans-serif;\"><strong>\/\/ Coordena\u00e7\u00e3o do Programa<\/strong><\/span><\/span><\/p>\n<hr \/>\n<p><span style=\"font-family: 'trebuchet ms', geneva, sans-serif; font-size: 12pt;\"><strong>Gest\u00e3o 2026 &#8211; 2028<br \/>\n<\/strong><\/span><span style=\"font-family: 'trebuchet ms', geneva, sans-serif; font-size: 10pt;\"><strong>Coordenadora:<\/strong> Profa. Dra. Helene Gomes Sacco | E-mail para contato: sacco.h@gmail.com<br \/>\n<strong>Coordenador adjunto: <\/strong>Prof. Dr. Lauer Alves Nunes dos Santos | E-mail para contato: lauer.ufpel@gmail.com<\/span><\/p>\n<p><span style=\"font-family: 'trebuchet ms', geneva, sans-serif; font-size: 12pt;\"><strong>\/\/ Gest\u00f5es anteriores<\/strong><\/span><\/p>\n<p style=\"padding-left: 40px;\"><span style=\"font-family: 'trebuchet ms', geneva, sans-serif; font-size: 12pt;\"><strong><span style=\"font-family: 'trebuchet ms', geneva, sans-serif; font-size: 10pt;\">2023 &#8211; 2025<br \/>\nCoordenador: <\/span><\/strong><span style=\"font-family: 'trebuchet ms', geneva, sans-serif; font-size: 10pt;\">Prof. Dr. Lauer Alves Nunes dos Santos<\/span><strong><span style=\"font-family: 'trebuchet ms', geneva, sans-serif; font-size: 10pt;\"><br \/>\nCoordenadora adjunta: <\/span><\/strong><span style=\"font-family: 'trebuchet ms', geneva, sans-serif; font-size: 10pt;\">Profa. Dr. N\u00e1dia da Cruz Senna<\/span><\/span><\/p>\n<p style=\"padding-left: 40px;\"><span style=\"font-family: 'trebuchet ms', geneva, sans-serif; font-size: 12pt;\"><strong><span style=\"font-family: 'trebuchet ms', geneva, sans-serif; font-size: 10pt;\">2021-2023<\/span><br \/>\n<\/strong><\/span><span style=\"font-family: 'trebuchet ms', geneva, sans-serif; font-size: 10pt;\"><strong>Coordenadora:<\/strong> <a href=\"https:\/\/wp.ufpel.edu.br\/mestradoartesvisuais\/larissa-patron-chaves\/\" target=\"_blank\" rel=\"noopener\">Profa. Dra. Larissa Patron Chaves Spieker<\/a><br \/>\n<strong>Coordenadora adjunta: <\/strong><a href=\"https:\/\/wp.ufpel.edu.br\/mestradoartesvisuais\/lauer-alves-nunes-dos-santos\/\" target=\"_blank\" rel=\"noopener\">Prof. Dr. Lauer Alves Nunes dos Santos<\/a>\u00a0<\/span><\/p>\n<p style=\"padding-left: 40px;\"><span style=\"font-family: 'trebuchet ms', geneva, sans-serif; font-size: 10pt;\"><strong>2018-2021<br \/>\nCoordenadora: <\/strong><a href=\"https:\/\/wp.ufpel.edu.br\/mestradoartesvisuais\/eduarda-azevedo-goncalves\/\">Profa. Dra. Eduarda Azevedo Gon\u00e7alves<\/a><br \/>\n<strong>Coordenadora adjunta:<\/strong> <a href=\"https:\/\/wp.ufpel.edu.br\/mestradoartesvisuais\/nadia-da-cruz-senna\/\">Profa. Dra. N\u00e1dia da Cruz Senna<\/a><\/span><\/p>\n<p style=\"padding-left: 40px;\"><span style=\"font-family: 'trebuchet ms', geneva, sans-serif; font-size: 10pt;\"><strong>2011-2017<br \/>\nCoordenadora: <\/strong><a href=\"https:\/\/wp.ufpel.edu.br\/mestradoartesvisuais\/angela-raffin-pohlmann\/\">Profa. Dra. Angela Raffin Pohlmann<\/a><br \/>\n<strong>Coordenadora adjunta:<\/strong> Profa. Dra. <\/span><\/p>\n<p><span style=\"color: #ffffff;\">.<\/span><\/p>\n<p><span style=\"font-family: georgia, palatino, serif; font-size: 18pt;\"><span style=\"font-family: 'trebuchet ms', geneva, sans-serif;\"><strong>\/\/ Secretaria<\/strong><\/span><\/span><\/p>\n<hr \/>\n<p style=\"padding-left: 40px;\"><span style=\"font-family: 'trebuchet ms', geneva, sans-serif; font-size: 12pt;\"><strong style=\"font-size: 12pt;\">Assistente administrativo<br \/>\n<\/strong><span style=\"font-size: 13.3333px;\">Giovana Luz Dias<\/span><\/span><\/p>\n<p style=\"padding-left: 40px;\"><span style=\"font-family: 'trebuchet ms', geneva, sans-serif; font-size: 12pt;\"><strong style=\"font-size: 12pt;\">Atendimento presencial<br \/>\n<\/strong><span style=\"font-size: 13.3333px;\"><strong>Secretaria PPGArtes:<\/strong> Rua Alberto Rosa, 62 &#8211; sala 311, Pelotas, RS<br \/>\n<\/span><\/span><span style=\"font-family: 'trebuchet ms', geneva, sans-serif; font-size: 12pt;\"><span style=\"font-size: 13.3333px;\"><em><strong>Segunda-feira:<\/strong><\/em> 13:30 at\u00e9 18:00<br \/>\n<strong><em>Ter\u00e7a-feira:<\/em><\/strong> 13:30 at\u00e9 18:00<br \/>\n<strong><em>Quarta-feira:<\/em><\/strong> 13:30 at\u00e9 18:00<br \/>\n<strong>Quinta-feira:<\/strong> 13:30 at\u00e9 18:00<br \/>\n<strong><em>Sexta-feira:<\/em><\/strong> 08:30 at\u00e9 12:00<\/span><\/span><\/p>\n<p style=\"padding-left: 40px;\"><span style=\"font-family: 'trebuchet ms', geneva, sans-serif; font-size: 12pt;\"><span style=\"font-size: 10pt;\"><strong><span style=\"font-size: 12pt;\">Contatos<\/span><\/strong><br \/>\n<strong>Emails:<\/strong> ufpel.ppgartes@gmail.com<br \/>\n<strong>Telefone:<\/strong> (53) 3284-5519<\/span><\/span><\/p>\n<div class=\"ms-editor-squiggler\" style=\"color: initial; font: initial; background: initial; background-blend-mode: initial; border: initial; border-radius: initial; border-collapse: initial; caption-side: initial; clear: initial; columns: initial; column-fill: initial; column-rule: initial; column-span: initial; cursor: initial; flex: initial; flex-flow: initial; float: initial; height: 0px; letter-spacing: initial; margin: initial; max-height: initial; max-width: initial; min-height: initial; min-width: initial; overflow: initial; padding: initial; text-align: initial; text-decoration: initial; text-indent: initial; text-transform: initial; vertical-align: initial; border-spacing: initial; width: initial;\"><\/div>\n<div class=\"ms-editor-squiggler\" style=\"color: initial; font: initial; background: initial; background-blend-mode: initial; border: initial; border-radius: initial; border-collapse: initial; caption-side: initial; clear: initial; columns: initial; column-fill: initial; column-rule: initial; column-span: initial; cursor: initial; flex: initial; flex-flow: initial; float: initial; height: 0px; letter-spacing: initial; margin: initial; max-height: initial; max-width: initial; min-height: initial; min-width: initial; overflow: initial; padding: initial; text-align: initial; text-decoration: initial; text-indent: initial; text-transform: initial; vertical-align: initial; border-spacing: initial; width: initial;\"><\/div>\n<div class=\"ms-editor-squiggler\" style=\"color: initial; font: initial; background: initial; background-blend-mode: initial; border: initial; border-radius: initial; border-collapse: initial; caption-side: initial; clear: initial; columns: initial; column-fill: initial; column-rule: initial; column-span: initial; cursor: initial; flex: initial; flex-flow: initial; float: initial; height: 0px; letter-spacing: initial; margin: initial; max-height: initial; max-width: initial; min-height: initial; min-width: initial; overflow: initial; padding: initial; text-align: initial; text-decoration: initial; text-indent: initial; text-transform: initial; vertical-align: initial; border-spacing: initial; width: initial;\"><\/div>\n<div class=\"ms-editor-squiggler\" style=\"color: initial; font: initial; background: initial; background-blend-mode: initial; border: initial; border-radius: initial; border-collapse: initial; caption-side: initial; clear: initial; columns: initial; column-fill: initial; column-rule: initial; column-span: initial; cursor: initial; flex: initial; flex-flow: initial; float: initial; height: 0px; letter-spacing: initial; margin: initial; max-height: initial; max-width: initial; min-height: initial; min-width: initial; overflow: initial; padding: initial; text-align: initial; text-decoration: initial; text-indent: initial; text-transform: initial; vertical-align: initial; border-spacing: initial; width: initial;\"><\/div>\n<div class=\"ms-editor-squiggler\" style=\"color: initial; font: initial; background: initial; background-blend-mode: initial; border: initial; border-radius: initial; border-collapse: initial; caption-side: initial; clear: initial; columns: initial; column-fill: initial; column-rule: initial; column-span: initial; cursor: initial; flex: initial; flex-flow: initial; float: initial; height: 0px; letter-spacing: initial; margin: initial; max-height: initial; max-width: initial; min-height: initial; min-width: initial; overflow: initial; padding: initial; text-align: initial; text-decoration: initial; text-indent: initial; text-transform: initial; vertical-align: initial; border-spacing: initial; width: initial;\"><\/div>\n<div class=\"ms-editor-squiggler\" style=\"color: initial; font: initial; background: initial; background-blend-mode: initial; border: initial; border-radius: initial; border-collapse: initial; caption-side: initial; clear: initial; columns: initial; column-fill: initial; column-rule: initial; column-span: initial; cursor: initial; flex: initial; flex-flow: initial; float: initial; height: 0px; letter-spacing: initial; margin: initial; max-height: initial; max-width: initial; min-height: initial; min-width: initial; overflow: initial; padding: initial; text-align: initial; text-decoration: initial; text-indent: initial; text-transform: initial; vertical-align: initial; border-spacing: initial; width: initial;\"><\/div>\n","protected":false},"excerpt":{"rendered":"<p>\/\/ Coordena\u00e7\u00e3o do Programa Gest\u00e3o 2026 &#8211; 2028 Coordenadora: Profa. Dra. Helene Gomes Sacco | E-mail para contato: sacco.h@gmail.com Coordenador adjunto: Prof. Dr. Lauer Alves Nunes dos Santos | E-mail para contato: lauer.ufpel@gmail.com \/\/ Gest\u00f5es anteriores 2023 &#8211; 2025 Coordenador: Prof. Dr. Lauer Alves Nunes dos Santos Coordenadora adjunta: Profa. Dr. N\u00e1dia da Cruz Senna [&hellip;]<\/p>\n","protected":false},"author":1258,"featured_media":0,"parent":3297,"menu_order":0,"comment_status":"closed","ping_status":"closed","template":"","meta":{"footnotes":""},"class_list":["post-2787","page","type-page","status-publish","hentry"],"_links":{"self":[{"href":"https:\/\/wp.ufpel.edu.br\/ppgartes\/wp-json\/wp\/v2\/pages\/2787","targetHints":{"allow":["GET"]}}],"collection":[{"href":"https:\/\/wp.ufpel.edu.br\/ppgartes\/wp-json\/wp\/v2\/pages"}],"about":[{"href":"https:\/\/wp.ufpel.edu.br\/ppgartes\/wp-json\/wp\/v2\/types\/page"}],"author":[{"embeddable":true,"href":"https:\/\/wp.ufpel.edu.br\/ppgartes\/wp-json\/wp\/v2\/users\/1258"}],"replies":[{"embeddable":true,"href":"https:\/\/wp.ufpel.edu.br\/ppgartes\/wp-json\/wp\/v2\/comments?post=2787"}],"version-history":[{"count":3,"href":"https:\/\/wp.ufpel.edu.br\/ppgartes\/wp-json\/wp\/v2\/pages\/2787\/revisions"}],"predecessor-version":[{"id":11484,"href":"https:\/\/wp.ufpel.edu.br\/ppgartes\/wp-json\/wp\/v2\/pages\/2787\/revisions\/11484"}],"up":[{"embeddable":true,"href":"https:\/\/wp.ufpel.edu.br\/ppgartes\/wp-json\/wp\/v2\/pages\/3297"}],"wp:attachment":[{"href":"https:\/\/wp.ufpel.edu.br\/ppgartes\/wp-json\/wp\/v2\/media?parent=2787"}],"curies":[{"name":"wp","href":"https:\/\/api.w.org\/{rel}","templated":true}]}}