{"id":2698,"date":"2019-05-28T15:49:15","date_gmt":"2019-05-28T18:49:15","guid":{"rendered":"https:\/\/wp.ufpel.edu.br\/mestradoartesvisuais\/?page_id=2698"},"modified":"2019-05-28T15:49:15","modified_gmt":"2019-05-28T18:49:15","slug":"area-de-concentracao","status":"publish","type":"page","link":"https:\/\/wp.ufpel.edu.br\/ppgartes\/apresentacao\/area-de-concentracao\/","title":{"rendered":"\u00c1rea de Concentra\u00e7\u00e3o"},"content":{"rendered":"<p style=\"text-align: justify\"><span style=\"font-family: georgia, palatino, serif\">A \u00c1rea de Concentra\u00e7\u00e3o do PPGAVI \u00e9 <strong>Arte Contempor\u00e2nea<\/strong>:\u00a0Reflex\u00e3o cr\u00edtica sobre as produ\u00e7\u00f5es art\u00edsticas vinculadas ao contexto contempor\u00e2neo, abordando as dimens\u00f5es art\u00edsticas, educacionais e socioculturais desses processos. Pesquisa e an\u00e1lise dos usos e significados envolvidos nas narrativas, nas pr\u00e1ticas pedag\u00f3gicas, nos discursos e percursos na arte contempor\u00e2nea.<\/span><\/p>\n","protected":false},"excerpt":{"rendered":"<p>A \u00c1rea de Concentra\u00e7\u00e3o do PPGAVI \u00e9 Arte Contempor\u00e2nea:\u00a0Reflex\u00e3o cr\u00edtica sobre as produ\u00e7\u00f5es art\u00edsticas vinculadas ao contexto contempor\u00e2neo, abordando as dimens\u00f5es art\u00edsticas, educacionais e socioculturais desses processos. Pesquisa e an\u00e1lise dos usos e significados envolvidos nas narrativas, nas pr\u00e1ticas pedag\u00f3gicas, nos discursos e percursos na arte contempor\u00e2nea.<\/p>\n","protected":false},"author":1258,"featured_media":0,"parent":3297,"menu_order":0,"comment_status":"closed","ping_status":"closed","template":"","meta":{"footnotes":""},"class_list":["post-2698","page","type-page","status-publish","hentry"],"_links":{"self":[{"href":"https:\/\/wp.ufpel.edu.br\/ppgartes\/wp-json\/wp\/v2\/pages\/2698","targetHints":{"allow":["GET"]}}],"collection":[{"href":"https:\/\/wp.ufpel.edu.br\/ppgartes\/wp-json\/wp\/v2\/pages"}],"about":[{"href":"https:\/\/wp.ufpel.edu.br\/ppgartes\/wp-json\/wp\/v2\/types\/page"}],"author":[{"embeddable":true,"href":"https:\/\/wp.ufpel.edu.br\/ppgartes\/wp-json\/wp\/v2\/users\/1258"}],"replies":[{"embeddable":true,"href":"https:\/\/wp.ufpel.edu.br\/ppgartes\/wp-json\/wp\/v2\/comments?post=2698"}],"version-history":[{"count":0,"href":"https:\/\/wp.ufpel.edu.br\/ppgartes\/wp-json\/wp\/v2\/pages\/2698\/revisions"}],"up":[{"embeddable":true,"href":"https:\/\/wp.ufpel.edu.br\/ppgartes\/wp-json\/wp\/v2\/pages\/3297"}],"wp:attachment":[{"href":"https:\/\/wp.ufpel.edu.br\/ppgartes\/wp-json\/wp\/v2\/media?parent=2698"}],"curies":[{"name":"wp","href":"https:\/\/api.w.org\/{rel}","templated":true}]}}

Área de Concentração

<p style="text-align: justify"><span style="font-family: georgia, palatino, serif">A Área de Concentração do PPGAVI é <strong>Arte Contemporânea</strong>: Reflexão crítica sobre as produções artísticas vinculadas ao contexto contemporâneo, abordando as dimensões artísticas, educacionais e socioculturais desses processos. Pesquisa e análise dos usos e significados envolvidos nas narrativas, nas práticas pedagógicas, nos discursos e percursos na arte contemporânea.</span></p>

<p>A Área de Concentração do PPGAVI é Arte Contemporânea: Reflexão crítica sobre as produções artísticas vinculadas ao contexto contemporâneo, abordando as dimensões artísticas, educacionais e socioculturais desses processos. Pesquisa e análise dos usos e significados envolvidos nas narrativas, nas práticas pedagógicas, nos discursos e percursos na arte contemporânea.</p>
