{"id":11024,"date":"2025-07-11T01:38:24","date_gmt":"2025-07-11T04:38:24","guid":{"rendered":"https:\/\/wp.ufpel.edu.br\/ppgartes\/?page_id=11024"},"modified":"2025-07-17T20:40:18","modified_gmt":"2025-07-17T23:40:18","slug":"rafael-henrique-soares-velloso","status":"publish","type":"page","link":"https:\/\/wp.ufpel.edu.br\/ppgartes\/rafael-henrique-soares-velloso\/","title":{"rendered":"Rafael Henrique Soares Velloso"},"content":{"rendered":"\n<figure class=\"wp-block-image size-full is-resized is-style-default\"><img width=\"2560\" height=\"2560\" src=\"https:\/\/wp.ufpel.edu.br\/ppgartes\/files\/2025\/07\/FOTO-Rafael-Velloso-1-scaled.png\" alt=\"\" class=\"wp-image-11160\" style=\"aspect-ratio:1;object-fit:cover;width:350px\" srcset=\"https:\/\/wp.ufpel.edu.br\/ppgartes\/files\/2025\/07\/FOTO-Rafael-Velloso-1-scaled.png 2560w, https:\/\/wp.ufpel.edu.br\/ppgartes\/files\/2025\/07\/FOTO-Rafael-Velloso-1-400x400.png 400w, https:\/\/wp.ufpel.edu.br\/ppgartes\/files\/2025\/07\/FOTO-Rafael-Velloso-1-1024x1024.png 1024w, https:\/\/wp.ufpel.edu.br\/ppgartes\/files\/2025\/07\/FOTO-Rafael-Velloso-1-200x200.png 200w, https:\/\/wp.ufpel.edu.br\/ppgartes\/files\/2025\/07\/FOTO-Rafael-Velloso-1-768x768.png 768w, https:\/\/wp.ufpel.edu.br\/ppgartes\/files\/2025\/07\/FOTO-Rafael-Velloso-1-1536x1536.png 1536w, https:\/\/wp.ufpel.edu.br\/ppgartes\/files\/2025\/07\/FOTO-Rafael-Velloso-1-2048x2048.png 2048w\" sizes=\"(max-width: 2560px) 100vw, 2560px\" \/><\/figure>\n\n\n<p style=\"text-align: left;\"><span style=\"font-family: georgia, palatino, serif; font-size: 12pt;\"><span style=\"font-size: 18pt;\"><strong><span style=\"font-family: 'trebuchet ms', geneva, sans-serif;\">Rafael Henrique Soares Velloso <span style=\"font-size: 10pt; color: #999999;\">\/\u00a0<\/span><\/span><\/strong><\/span><span style=\"font-family: 'trebuchet ms', geneva, sans-serif; font-size: 10pt;\"><a href=\"http:\/\/lattes.cnpq.br\/4037465949813784\" target=\"_blank\" rel=\"noopener\"><span style=\"color: #999999;\">Curr\u00edculum Lattes<\/span><\/a><br \/><strong>Linha de Pesquisa<\/strong>: <a href=\"https:\/\/wp.ufpel.edu.br\/ppgartes\/linhas-de-pesquisa\/\">Hist\u00f3rias e Teorias das Artes e Transversalidade<\/a><br \/><strong>E-mail: <\/strong>rafael.velloso@ufpel.edu.br<br \/><\/span><\/span><\/p>\n<p style=\"text-align: left;\"><span style=\"font-family: georgia, palatino, serif; font-size: 12pt;\"><span style=\"font-family: 'trebuchet ms', geneva, sans-serif; font-size: 10pt;\"><strong>Forma\u00e7\u00e3o acad\u00eamica<\/strong><br \/>Possui Bacharelado em Saxofone pela Universidade Est\u00e1cio de S\u00e1 (1998), Licenciatura em M\u00fasica pela Universidade Federal do Rio de Janeiro (2006), Mestrado em M\u00fasica (Etnomusicologia), tamb\u00e9m pela Universidade Federal do Rio de Janeiro, conclu\u00eddo em 2010, e Doutorado em M\u00fasica (Etnomusicologia) pela Universidade Federal do Rio Grande do Sul, finalizado em 2015. Durante o doutorado, realizou est\u00e1gio de pesquisa na Universidade de Maryland e na Library of Congress, nos Estados Unidos, com bolsa financiada pela Funda\u00e7\u00e3o Fulbright. \u00c9 professor adjunto no Centro de Artes da Universidade Federal de Pelotas (UFPEL), atuando no Bacharelado em M\u00fasica Popular. Al\u00e9m disso, orienta pesquisas de Inicia\u00e7\u00e3o Cient\u00edfica, da Especializa\u00e7\u00e3o e do Programa de P\u00f3s-Gradua\u00e7\u00e3o em Artes. \u00c9 coordenador do LABET\/Discoteca L. C. Vinholes e lidera os grupos de pesquisa (CNPQ) Choro Patrim\u00f4nio Cultural do Brasil e N\u00facleo de M\u00fasica Popular da UFPEL. Possui experi\u00eancia na \u00e1rea de artes, com \u00eanfase em etnomusicologia, patrim\u00f4nio imaterial e pr\u00e1ticas criativas em m\u00fasica popular.<br \/><\/span><\/span><\/p>\n<hr \/>\n<p style=\"text-align: left;\"><span style=\"font-family: georgia, palatino, serif; font-size: 12pt;\"><span style=\"font-family: 'trebuchet ms', geneva, sans-serif;\"><strong>PROJETOS DE PESQUISAS<\/strong><\/span><\/span><\/p>\n<p style=\"padding-left: 40px; text-align: left;\"><span style=\"font-family: georgia, palatino, serif; font-size: 12pt;\"><span style=\"font-family: 'trebuchet ms', geneva, sans-serif; font-size: 10pt;\"><strong>\ud83d\udcc2 <a href=\"https:\/\/institucional.ufpel.edu.br\/projetos\/id\/u2942\">Avendano J\u00fanior: a tradi\u00e7\u00e3o do choro em Pelotas \u2013 A constru\u00e7\u00e3o de um arquivo colaborativo da m\u00fasica e mem\u00f3ria de Pelotas e regi\u00e3o<\/a><\/strong><br \/>Grupo de Pesquisa:\u00a0<\/span><\/span><\/p>\n<p style=\"padding-left: 40px;\"><span style=\"font-family: georgia, palatino, serif; font-size: 12pt;\"><span style=\"font-family: 'trebuchet ms', geneva, sans-serif; font-size: 10pt;\"><strong>\ud83d\udcc2 <a href=\"https:\/\/institucional.ufpel.edu.br\/projetos\/id\/u7328\">Cria\u00e7\u00e3o, implementa\u00e7\u00e3o, manuten\u00e7\u00e3o e atualiza\u00e7\u00e3o do banco de dados sobre o Choro como patrim\u00f4nio cultural imaterial do Brasil<\/a><\/strong><br \/>Grupo de Pesquisa:\u00a0<\/span><\/span><\/p>\n<hr \/>\n<p style=\"text-align: left;\"><span style=\"font-family: georgia, palatino, serif; font-size: 12pt;\"><span style=\"font-family: 'trebuchet ms', geneva, sans-serif;\"><strong>GRUPOS DE PESQUISAS<\/strong><\/span><\/span><\/p>\n<p style=\"padding-left: 40px; text-align: left;\"><span style=\"font-family: georgia, palatino, serif; font-size: 12pt;\"><span style=\"font-family: 'trebuchet ms', geneva, sans-serif; font-size: 10pt;\"><strong>\ud83d\uddc2\ufe0f <a href=\"http:\/\/dgp.cnpq.br\/dgp\/espelhogrupo\/6825090347717566\" target=\"_blank\" rel=\"noopener\">N\u00facleo de M\u00fasica Popular<\/a><br \/><\/strong><\/span><\/span><span style=\"font-family: 'trebuchet ms', geneva, sans-serif; font-size: 10pt;\">L\u00edder(es) do grupo: Rafael Henrique Soares Velloso, Leandro Ernesto Maia<br \/><\/span><span style=\"font-family: georgia, palatino, serif; font-size: 12pt;\"><span style=\"font-family: 'trebuchet ms', geneva, sans-serif; font-size: 10pt;\">Docentes participantes: Carlos Walter Alves Soares, Guilherme Campelo Tavares, Leandro Ernesto Maia, Marcelo Barros de Borba, Raul Costa d&#8217;Avila<\/span><\/span><\/p>\n<p style=\"padding-left: 40px;\"><span style=\"font-family: georgia, palatino, serif; font-size: 12pt;\"><span style=\"font-family: 'trebuchet ms', geneva, sans-serif; font-size: 10pt;\"><strong>\ud83d\uddc2\ufe0f <a href=\"http:\/\/dgp.cnpq.br\/dgp\/espelhogrupo\/792819\" target=\"_blank\" rel=\"noopener\">Choro Patrimonio Cultural<\/a><br \/><\/strong><\/span><\/span><span style=\"font-family: 'trebuchet ms', geneva, sans-serif; font-size: 10pt;\">L\u00edder(es) do grupo: Rafael Henrique Soares Velloso<br \/><\/span><span style=\"font-family: georgia, palatino, serif; font-size: 12pt;\"><span style=\"font-family: 'trebuchet ms', geneva, sans-serif; font-size: 10pt;\">Docentes participantes: Pedro Arag\u00e3o (UNIRIO), Lucia Campos (UFMG), Camila Barros (UFSC), Luciana Rosa (FAMES), Rodrigo Heringer (UFSB)<\/span><\/span><\/p>\n<hr \/>\n<p style=\"text-align: left;\"><span style=\"font-family: georgia, palatino, serif; font-size: 12pt;\"><span style=\"font-family: 'trebuchet ms', geneva, sans-serif;\"><strong>PESQUISAS ORIENTADAS<\/strong><\/span><\/span><\/p>\n<p style=\"padding-left: 40px; text-align: left;\">MESTRADO<\/p>\n<div class=\"ms-editor-squiggler\" style=\"color: initial; font: initial; background: initial; background-blend-mode: initial; border: initial; border-radius: initial; border-collapse: initial; caption-side: initial; clear: initial; columns: initial; column-fill: initial; column-rule: initial; column-span: initial; cursor: initial; flex: initial; flex-flow: initial; float: initial; height: 0px; letter-spacing: initial; margin: initial; max-height: initial; max-width: initial; min-height: initial; min-width: initial; overflow: initial; padding: initial; text-align: left; text-decoration: initial; text-indent: initial; text-transform: initial; vertical-align: initial; border-spacing: initial; width: initial;\">\u00a0<\/div>\n<div class=\"ms-editor-squiggler\" style=\"color: initial; font: initial; background: initial; background-blend-mode: initial; border: initial; border-radius: initial; border-collapse: initial; caption-side: initial; clear: initial; columns: initial; column-fill: initial; column-rule: initial; column-span: initial; cursor: initial; flex: initial; flex-flow: initial; float: initial; height: 0px; letter-spacing: initial; margin: initial; max-height: initial; max-width: initial; min-height: initial; min-width: initial; overflow: initial; padding: initial; text-align: left; text-decoration: initial; text-indent: initial; text-transform: initial; vertical-align: initial; border-spacing: initial; width: initial;\">\u00a0<\/div>","protected":false},"excerpt":{"rendered":"<p>Rafael Henrique Soares Velloso \/\u00a0Curr\u00edculum LattesLinha de Pesquisa: Hist\u00f3rias e Teorias das Artes e TransversalidadeE-mail: rafael.velloso@ufpel.edu.br Forma\u00e7\u00e3o acad\u00eamicaPossui Bacharelado em Saxofone pela Universidade Est\u00e1cio de S\u00e1 (1998), Licenciatura em M\u00fasica pela Universidade Federal do Rio de Janeiro (2006), Mestrado em M\u00fasica (Etnomusicologia), tamb\u00e9m pela Universidade Federal do Rio de Janeiro, conclu\u00eddo em 2010, e Doutorado [&hellip;]<\/p>\n","protected":false},"author":1258,"featured_media":0,"parent":0,"menu_order":0,"comment_status":"closed","ping_status":"closed","template":"","meta":{"footnotes":""},"class_list":["post-11024","page","type-page","status-publish","hentry"],"_links":{"self":[{"href":"https:\/\/wp.ufpel.edu.br\/ppgartes\/wp-json\/wp\/v2\/pages\/11024","targetHints":{"allow":["GET"]}}],"collection":[{"href":"https:\/\/wp.ufpel.edu.br\/ppgartes\/wp-json\/wp\/v2\/pages"}],"about":[{"href":"https:\/\/wp.ufpel.edu.br\/ppgartes\/wp-json\/wp\/v2\/types\/page"}],"author":[{"embeddable":true,"href":"https:\/\/wp.ufpel.edu.br\/ppgartes\/wp-json\/wp\/v2\/users\/1258"}],"replies":[{"embeddable":true,"href":"https:\/\/wp.ufpel.edu.br\/ppgartes\/wp-json\/wp\/v2\/comments?post=11024"}],"version-history":[{"count":5,"href":"https:\/\/wp.ufpel.edu.br\/ppgartes\/wp-json\/wp\/v2\/pages\/11024\/revisions"}],"predecessor-version":[{"id":11191,"href":"https:\/\/wp.ufpel.edu.br\/ppgartes\/wp-json\/wp\/v2\/pages\/11024\/revisions\/11191"}],"wp:attachment":[{"href":"https:\/\/wp.ufpel.edu.br\/ppgartes\/wp-json\/wp\/v2\/media?parent=11024"}],"curies":[{"name":"wp","href":"https:\/\/api.w.org\/{rel}","templated":true}]}}