{"id":10798,"date":"2025-03-10T16:29:35","date_gmt":"2025-03-10T19:29:35","guid":{"rendered":"https:\/\/wp.ufpel.edu.br\/ppgartes\/?page_id=10798"},"modified":"2025-03-24T15:56:03","modified_gmt":"2025-03-24T18:56:03","slug":"discentes-turma-12-2023-2025","status":"publish","type":"page","link":"https:\/\/wp.ufpel.edu.br\/ppgartes\/discentes-turma-12-2023-2025\/","title":{"rendered":"Discentes \u2013 Turma 12 \/ 2023 &#8211; 2025"},"content":{"rendered":"<p><span style=\"font-family: 'trebuchet ms', geneva, sans-serif; font-size: 10pt;\">Abaixo voc\u00ea encontrar\u00e1 nossos alunos da turma 12 (2023-2025) do Programa de P\u00f3s-gradua\u00e7\u00e3o Mestrado em Artes Visuais.<\/span><\/p>\n<p><span style=\"font-family: 'trebuchet ms', geneva, sans-serif; font-size: 10pt;\">Clique no nome do aluno para maiores informa\u00e7\u00f5es sobre ele.<br \/>Clicando no link do t\u00edtulo da disserta\u00e7\u00e3o voc\u00ea ser\u00e1 enviado \u00e0 publica\u00e7\u00e3o de sua disserta\u00e7\u00e3o.<\/span><\/p>\n<h1 style=\"text-align: center;\"><span style=\"font-family: 'trebuchet ms', geneva, sans-serif; font-size: 18pt;\"><strong>Discentes &#8211; Turma 12 (2023-2025)<\/strong><\/span><\/h1>\n<hr \/>\n<p style=\"padding-left: 40px;\"><span style=\"font-family: georgia, palatino, serif; font-size: 12pt; color: #666666;\"><strong><span style=\"font-family: 'trebuchet ms', geneva, sans-serif;\">Al\u00eaxander Christopher Pereira Garcia<br \/><span style=\"font-family: georgia, palatino, serif; font-size: 12pt; color: #999999;\"><span style=\"font-family: 'trebuchet ms', geneva, sans-serif; font-size: 10pt;\">Linha de Pesquisa: <a style=\"color: #999999;\" href=\"https:\/\/wp.ufpel.edu.br\/mestradoartesvisuais\/linhas-de-pesquisa\/processos-de-criacao-e-poeticas-do-cotidiano\/\">Processos de Cria\u00e7\u00e3o e Po\u00e9ticas do Cotidiano<\/a><\/span><\/span><br \/><\/span><\/strong><\/span><\/p>\n<hr \/>\n<p style=\"padding-left: 40px;\"><span style=\"font-family: georgia, palatino, serif; font-size: 12pt; color: #666666;\"><strong><span style=\"font-family: 'trebuchet ms', geneva, sans-serif;\">Alice Pereira Buchweitz<br \/><span style=\"font-family: georgia, palatino, serif; font-size: 12pt; color: #999999;\"><span style=\"font-family: 'trebuchet ms', geneva, sans-serif; font-size: 10pt;\">Linha de Pesquisa: <a style=\"color: #999999;\" href=\"https:\/\/wp.ufpel.edu.br\/mestradoartesvisuais\/linhas-de-pesquisa\/processos-de-criacao-e-poeticas-do-cotidiano\/\">Processos de Cria\u00e7\u00e3o e Po\u00e9ticas do Cotidiano<\/a><\/span><\/span><br \/><\/span><\/strong><\/span><\/p>\n<hr \/>\n<p style=\"padding-left: 40px;\"><span style=\"font-family: georgia, palatino, serif; font-size: 12pt; color: #666666;\"><strong><span style=\"font-family: 'trebuchet ms', geneva, sans-serif;\">Ana Lu\u00edsa Panarelli Costa<br \/><span style=\"font-family: georgia, palatino, serif; font-size: 12pt; color: #999999;\"><span style=\"font-family: 'trebuchet ms', geneva, sans-serif; font-size: 10pt;\">Linha de Pesquisa: <a style=\"color: #999999;\" href=\"https:\/\/wp.ufpel.edu.br\/mestradoartesvisuais\/linhas-de-pesquisa\/processos-de-criacao-e-poeticas-do-cotidiano\/\">Processos de Cria\u00e7\u00e3o e Po\u00e9ticas do Cotidiano<\/a><\/span><\/span><br \/><\/span><\/strong><\/span><\/p>\n<hr \/>\n<p style=\"padding-left: 40px;\"><span style=\"font-family: georgia, palatino, serif; font-size: 12pt; color: #666666;\"><strong><span style=\"font-family: 'trebuchet ms', geneva, sans-serif;\">Ana Lu\u00edza Nogueira de Quadros<br \/><span style=\"font-family: georgia, palatino, serif; font-size: 12pt; color: #999999;\"><span style=\"font-family: 'trebuchet ms', geneva, sans-serif; font-size: 10pt;\">Linha de Pesquisa: <a style=\"color: #999999;\" href=\"https:\/\/wp.ufpel.edu.br\/mestradoartesvisuais\/linhas-de-pesquisa\/processos-de-criacao-e-poeticas-do-cotidiano\/\">Processos de Cria\u00e7\u00e3o e Po\u00e9ticas do Cotidiano<\/a><\/span><\/span><br \/><\/span><\/strong><\/span><\/p>\n<hr \/>\n<p style=\"padding-left: 40px;\"><span style=\"font-family: georgia, palatino, serif; font-size: 12pt; color: #666666;\"><strong><span style=\"font-family: 'trebuchet ms', geneva, sans-serif;\">Ana Martha Bonat Nogueira<br \/><span style=\"font-family: georgia, palatino, serif; font-size: 12pt; color: #999999;\"><span style=\"font-family: 'trebuchet ms', geneva, sans-serif; font-size: 10pt;\">Linha de Pesquisa: <a style=\"color: #999999;\" href=\"https:\/\/wp.ufpel.edu.br\/mestradoartesvisuais\/linhas-de-pesquisa\/processos-de-criacao-e-poeticas-do-cotidiano\/\">Processos de Cria\u00e7\u00e3o e Po\u00e9ticas do Cotidiano<\/a><\/span><\/span><br \/><\/span><\/strong><\/span><\/p>\n<hr \/>\n<p style=\"padding-left: 40px;\"><span style=\"font-family: georgia, palatino, serif; font-size: 12pt; color: #666666;\"><strong><span style=\"font-family: 'trebuchet ms', geneva, sans-serif;\">Bianca de Oliveira Lempek De-Zotti<br \/><span style=\"font-family: georgia, palatino, serif; font-size: 12pt; color: #999999;\"><span style=\"font-family: 'trebuchet ms', geneva, sans-serif; font-size: 10pt;\">Linha de Pesquisa: <a style=\"color: #999999;\" href=\"https:\/\/wp.ufpel.edu.br\/mestradoartesvisuais\/linhas-de-pesquisa\/processos-de-criacao-e-poeticas-do-cotidiano\/\">Processos de Cria\u00e7\u00e3o e Po\u00e9ticas do Cotidiano<\/a><\/span><\/span><br \/><\/span><\/strong><\/span><\/p>\n<hr \/>\n<p style=\"padding-left: 40px;\"><span style=\"font-family: georgia, palatino, serif; font-size: 12pt; color: #666666;\"><strong><span style=\"font-family: 'trebuchet ms', geneva, sans-serif;\">Bianca Mendes Ascari<br \/><span style=\"font-family: georgia, palatino, serif; font-size: 12pt; color: #999999;\"><span style=\"font-family: 'trebuchet ms', geneva, sans-serif; font-size: 10pt;\">Linha de Pesquisa: <a style=\"color: #999999;\" href=\"https:\/\/wp.ufpel.edu.br\/mestradoartesvisuais\/linhas-de-pesquisa\/processos-de-criacao-e-poeticas-do-cotidiano\/\">Processos de Cria\u00e7\u00e3o e Po\u00e9ticas do Cotidiano<\/a><\/span><\/span><br \/><\/span><\/strong><\/span><\/p>\n<hr \/>\n<p style=\"padding-left: 40px;\"><span style=\"font-family: georgia, palatino, serif; font-size: 12pt; color: #666666;\"><strong><span style=\"font-family: 'trebuchet ms', geneva, sans-serif;\">Bruno Costa Chaves<br \/><span style=\"font-family: georgia, palatino, serif; font-size: 12pt; color: #999999;\"><span style=\"font-family: 'trebuchet ms', geneva, sans-serif; font-size: 10pt;\">Linha de Pesquisa: <a style=\"color: #999999;\" href=\"https:\/\/wp.ufpel.edu.br\/mestradoartesvisuais\/linhas-de-pesquisa\/processos-de-criacao-e-poeticas-do-cotidiano\/\">Processos de Cria\u00e7\u00e3o e Po\u00e9ticas do Cotidiano<\/a><\/span><\/span><br \/><\/span><\/strong><\/span><\/p>\n<hr \/>\n<p style=\"padding-left: 40px;\"><span style=\"font-family: georgia, palatino, serif; font-size: 12pt; color: #666666;\"><strong><span style=\"font-family: 'trebuchet ms', geneva, sans-serif;\">Carolina Pohlmann de Oliveira<br \/><span style=\"font-family: georgia, palatino, serif; font-size: 12pt; color: #999999;\"><span style=\"font-family: 'trebuchet ms', geneva, sans-serif; font-size: 10pt;\">Linha de Pesquisa: <a style=\"color: #999999;\" href=\"https:\/\/wp.ufpel.edu.br\/mestradoartesvisuais\/linhas-de-pesquisa\/processos-de-criacao-e-poeticas-do-cotidiano\/\">Processos de Cria\u00e7\u00e3o e Po\u00e9ticas do Cotidiano<\/a><\/span><\/span><br \/><\/span><\/strong><\/span><\/p>\n<hr \/>\n<p style=\"padding-left: 40px;\"><span style=\"font-family: georgia, palatino, serif; font-size: 12pt; color: #666666;\"><strong><span style=\"font-family: 'trebuchet ms', geneva, sans-serif;\">Dayanna Michelle Canon Perez<br \/><span style=\"font-family: georgia, palatino, serif; font-size: 12pt; color: #999999;\"><span style=\"font-family: 'trebuchet ms', geneva, sans-serif; font-size: 10pt;\">Linha de Pesquisa: <a style=\"color: #999999;\" href=\"https:\/\/wp.ufpel.edu.br\/mestradoartesvisuais\/linhas-de-pesquisa\/processos-de-criacao-e-poeticas-do-cotidiano\/\">Processos de Cria\u00e7\u00e3o e Po\u00e9ticas do Cotidiano<\/a><\/span><\/span><br \/><\/span><\/strong><\/span><\/p>\n<hr \/>\n<p style=\"padding-left: 40px;\"><span style=\"font-family: georgia, palatino, serif; font-size: 12pt; color: #666666;\"><strong><span style=\"font-family: 'trebuchet ms', geneva, sans-serif;\">Dheivison Ara\u00fajo da Silva<br \/><span style=\"font-family: georgia, palatino, serif; font-size: 12pt; color: #999999;\"><span style=\"font-family: 'trebuchet ms', geneva, sans-serif; font-size: 10pt;\">Linha de Pesquisa: <a style=\"color: #999999;\" href=\"https:\/\/wp.ufpel.edu.br\/mestradoartesvisuais\/linhas-de-pesquisa\/processos-de-criacao-e-poeticas-do-cotidiano\/\">Processos de Cria\u00e7\u00e3o e Po\u00e9ticas do Cotidiano<\/a><\/span><\/span><br \/><\/span><\/strong><\/span><\/p>\n<hr \/>\n<p style=\"padding-left: 40px;\"><span style=\"font-family: georgia, palatino, serif; font-size: 12pt; color: #666666;\"><strong><span style=\"font-family: 'trebuchet ms', geneva, sans-serif;\">Eliziane Hernandes da Fonseca<br \/><span style=\"font-family: georgia, palatino, serif; font-size: 12pt; color: #999999;\"><span style=\"font-family: 'trebuchet ms', geneva, sans-serif; font-size: 10pt;\">Linha de Pesquisa: <a style=\"color: #999999;\" href=\"https:\/\/wp.ufpel.edu.br\/mestradoartesvisuais\/linhas-de-pesquisa\/processos-de-criacao-e-poeticas-do-cotidiano\/\">Processos de Cria\u00e7\u00e3o e Po\u00e9ticas do Cotidiano<\/a><\/span><\/span><br \/><\/span><\/strong><\/span><\/p>\n<hr \/>\n<p style=\"padding-left: 40px;\"><span style=\"font-family: georgia, palatino, serif; font-size: 12pt; color: #666666;\"><strong><span style=\"font-family: 'trebuchet ms', geneva, sans-serif;\">Emanuel Antunes dos Santos<br \/><span style=\"font-family: georgia, palatino, serif; font-size: 12pt; color: #999999;\"><span style=\"font-family: 'trebuchet ms', geneva, sans-serif; font-size: 10pt;\">Linha de Pesquisa: <a style=\"color: #999999;\" href=\"https:\/\/wp.ufpel.edu.br\/mestradoartesvisuais\/linhas-de-pesquisa\/processos-de-criacao-e-poeticas-do-cotidiano\/\">Processos de Cria\u00e7\u00e3o e Po\u00e9ticas do Cotidiano<\/a><\/span><\/span><br \/><\/span><\/strong><\/span><\/p>\n<hr \/>\n<p style=\"padding-left: 40px;\"><span style=\"font-family: georgia, palatino, serif; font-size: 12pt; color: #666666;\"><strong><span style=\"font-family: 'trebuchet ms', geneva, sans-serif;\">Francisco Ferrari Maximila<br \/><span style=\"font-family: georgia, palatino, serif; font-size: 12pt; color: #999999;\"><span style=\"font-family: 'trebuchet ms', geneva, sans-serif; font-size: 10pt;\">Linha de Pesquisa: <a style=\"color: #999999;\" href=\"https:\/\/wp.ufpel.edu.br\/mestradoartesvisuais\/linhas-de-pesquisa\/processos-de-criacao-e-poeticas-do-cotidiano\/\">Processos de Cria\u00e7\u00e3o e Po\u00e9ticas do Cotidiano<\/a><\/span><\/span><br \/><\/span><\/strong><\/span><\/p>\n<hr \/>\n<p style=\"padding-left: 40px;\"><span style=\"font-family: georgia, palatino, serif; font-size: 12pt; color: #666666;\"><strong><span style=\"font-family: 'trebuchet ms', geneva, sans-serif;\">Gerson Manzke Mena<br \/><span style=\"font-family: georgia, palatino, serif; font-size: 12pt; color: #999999;\"><span style=\"font-family: 'trebuchet ms', geneva, sans-serif; font-size: 10pt;\">Linha de Pesquisa: <a style=\"color: #999999;\" href=\"https:\/\/wp.ufpel.edu.br\/mestradoartesvisuais\/linhas-de-pesquisa\/processos-de-criacao-e-poeticas-do-cotidiano\/\">Processos de Cria\u00e7\u00e3o e Po\u00e9ticas do Cotidiano<\/a><\/span><\/span><br \/><\/span><\/strong><\/span><\/p>\n<hr \/>\n<p style=\"padding-left: 40px;\"><span style=\"font-family: georgia, palatino, serif; font-size: 12pt; color: #666666;\"><strong><span style=\"font-family: 'trebuchet ms', geneva, sans-serif;\">Gerson Siqueira Fonseca<br \/><span style=\"font-family: georgia, palatino, serif; font-size: 12pt; color: #999999;\"><span style=\"font-family: 'trebuchet ms', geneva, sans-serif; font-size: 10pt;\">Linha de Pesquisa: <a style=\"color: #999999;\" href=\"https:\/\/wp.ufpel.edu.br\/mestradoartesvisuais\/linhas-de-pesquisa\/processos-de-criacao-e-poeticas-do-cotidiano\/\">Processos de Cria\u00e7\u00e3o e Po\u00e9ticas do Cotidiano<\/a><\/span><\/span><br \/><\/span><\/strong><\/span><\/p>\n<hr \/>\n<p style=\"padding-left: 40px;\"><span style=\"font-family: georgia, palatino, serif; font-size: 12pt; color: #666666;\"><strong><span style=\"font-family: 'trebuchet ms', geneva, sans-serif;\">Giuliana Bazarele Machado Bruno<br \/><span style=\"font-family: georgia, palatino, serif; font-size: 12pt; color: #999999;\"><span style=\"font-family: 'trebuchet ms', geneva, sans-serif; font-size: 10pt;\">Linha de Pesquisa: <a style=\"color: #999999;\" href=\"https:\/\/wp.ufpel.edu.br\/mestradoartesvisuais\/linhas-de-pesquisa\/processos-de-criacao-e-poeticas-do-cotidiano\/\">Processos de Cria\u00e7\u00e3o e Po\u00e9ticas do Cotidiano<\/a><\/span><\/span><br \/><\/span><\/strong><\/span><\/p>\n<hr \/>\n<p style=\"padding-left: 40px;\"><span style=\"font-family: georgia, palatino, serif; font-size: 12pt; color: #666666;\"><strong><span style=\"font-family: 'trebuchet ms', geneva, sans-serif;\">Igor Vin\u00edcius Soares Almeida<br \/><span style=\"font-family: georgia, palatino, serif; font-size: 12pt; color: #999999;\"><span style=\"font-family: 'trebuchet ms', geneva, sans-serif; font-size: 10pt;\">Linha de Pesquisa: <a style=\"color: #999999;\" href=\"https:\/\/wp.ufpel.edu.br\/mestradoartesvisuais\/linhas-de-pesquisa\/processos-de-criacao-e-poeticas-do-cotidiano\/\">Processos de Cria\u00e7\u00e3o e Po\u00e9ticas do Cotidiano<\/a><\/span><\/span><br \/><\/span><\/strong><\/span><\/p>\n<hr \/>\n<p style=\"padding-left: 40px;\"><span style=\"font-family: georgia, palatino, serif; font-size: 12pt; color: #666666;\"><strong><span style=\"font-family: 'trebuchet ms', geneva, sans-serif;\">Kelvin Marum Machado<br \/><span style=\"font-family: georgia, palatino, serif; font-size: 12pt; color: #999999;\"><span style=\"font-family: 'trebuchet ms', geneva, sans-serif; font-size: 10pt;\">Linha de Pesquisa: <a style=\"color: #999999;\" href=\"https:\/\/wp.ufpel.edu.br\/mestradoartesvisuais\/linhas-de-pesquisa\/processos-de-criacao-e-poeticas-do-cotidiano\/\">Processos de Cria\u00e7\u00e3o e Po\u00e9ticas do Cotidiano<\/a><\/span><\/span><br \/><\/span><\/strong><\/span><\/p>\n<hr \/>\n<p style=\"padding-left: 40px;\"><span style=\"font-family: georgia, palatino, serif; font-size: 12pt; color: #666666;\"><strong><span style=\"font-family: 'trebuchet ms', geneva, sans-serif;\">Lorena Goulart Zanetti<br \/><span style=\"font-family: georgia, palatino, serif; font-size: 12pt; color: #999999;\"><span style=\"font-family: 'trebuchet ms', geneva, sans-serif; font-size: 10pt;\">Linha de Pesquisa: <a style=\"color: #999999;\" href=\"https:\/\/wp.ufpel.edu.br\/mestradoartesvisuais\/linhas-de-pesquisa\/processos-de-criacao-e-poeticas-do-cotidiano\/\">Processos de Cria\u00e7\u00e3o e Po\u00e9ticas do Cotidiano<\/a><\/span><\/span><br \/><\/span><\/strong><\/span><\/p>\n<hr \/>\n<p style=\"padding-left: 40px;\"><span style=\"font-family: georgia, palatino, serif; font-size: 12pt; color: #666666;\"><strong><span style=\"font-family: 'trebuchet ms', geneva, sans-serif;\">Nat\u00e1lia da Silva Reis<br \/><span style=\"font-family: georgia, palatino, serif; font-size: 12pt; color: #999999;\"><span style=\"font-family: 'trebuchet ms', geneva, sans-serif; font-size: 10pt;\">Linha de Pesquisa: <a style=\"color: #999999;\" href=\"https:\/\/wp.ufpel.edu.br\/mestradoartesvisuais\/linhas-de-pesquisa\/processos-de-criacao-e-poeticas-do-cotidiano\/\">Processos de Cria\u00e7\u00e3o e Po\u00e9ticas do Cotidiano<\/a><\/span><\/span><br \/><\/span><\/strong><\/span><\/p>\n<hr \/>\n<p style=\"padding-left: 40px;\"><span style=\"font-family: georgia, palatino, serif; font-size: 12pt; color: #666666;\"><strong><span style=\"font-family: 'trebuchet ms', geneva, sans-serif;\">Ol\u00edvia Godoy Collares<br \/><span style=\"font-family: georgia, palatino, serif; font-size: 12pt; color: #999999;\"><span style=\"font-family: 'trebuchet ms', geneva, sans-serif; font-size: 10pt;\">Linha de Pesquisa: <a style=\"color: #999999;\" href=\"https:\/\/wp.ufpel.edu.br\/mestradoartesvisuais\/linhas-de-pesquisa\/processos-de-criacao-e-poeticas-do-cotidiano\/\">Processos de Cria\u00e7\u00e3o e Po\u00e9ticas do Cotidiano<\/a><\/span><\/span><br \/><\/span><\/strong><\/span><\/p>\n<hr \/>\n<p style=\"padding-left: 40px;\"><span style=\"font-family: georgia, palatino, serif; font-size: 12pt; color: #666666;\"><strong><span style=\"font-family: 'trebuchet ms', geneva, sans-serif;\">Pedro Rog\u00e9rio Tavares Filho<br \/><span style=\"font-family: georgia, palatino, serif; font-size: 12pt; color: #999999;\"><span style=\"font-family: 'trebuchet ms', geneva, sans-serif; font-size: 10pt;\">Linha de Pesquisa: <a style=\"color: #999999;\" href=\"https:\/\/wp.ufpel.edu.br\/mestradoartesvisuais\/linhas-de-pesquisa\/processos-de-criacao-e-poeticas-do-cotidiano\/\">Processos de Cria\u00e7\u00e3o e Po\u00e9ticas do Cotidiano<\/a><\/span><\/span><br \/><\/span><\/strong><\/span><\/p>\n<hr \/>\n<p style=\"padding-left: 40px;\"><span style=\"font-family: georgia, palatino, serif; font-size: 12pt; color: #666666;\"><strong><span style=\"font-family: 'trebuchet ms', geneva, sans-serif;\">Rafaela Medeiros Couto<br \/><span style=\"font-family: georgia, palatino, serif; font-size: 12pt; color: #999999;\"><span style=\"font-family: 'trebuchet ms', geneva, sans-serif; font-size: 10pt;\">Linha de Pesquisa: <a style=\"color: #999999;\" href=\"https:\/\/wp.ufpel.edu.br\/mestradoartesvisuais\/linhas-de-pesquisa\/processos-de-criacao-e-poeticas-do-cotidiano\/\">Processos de Cria\u00e7\u00e3o e Po\u00e9ticas do Cotidiano<\/a><\/span><\/span><br \/><\/span><\/strong><\/span><\/p>\n<hr \/>\n<p style=\"padding-left: 40px;\"><span style=\"font-family: georgia, palatino, serif; font-size: 12pt; color: #666666;\"><strong><span style=\"font-family: 'trebuchet ms', geneva, sans-serif;\">Raissa Souza de Lima Barbosa Ribeiro<br \/><span style=\"font-family: georgia, palatino, serif; font-size: 12pt; color: #999999;\"><span style=\"font-family: 'trebuchet ms', geneva, sans-serif; font-size: 10pt;\">Linha de Pesquisa: <a style=\"color: #999999;\" href=\"https:\/\/wp.ufpel.edu.br\/mestradoartesvisuais\/linhas-de-pesquisa\/processos-de-criacao-e-poeticas-do-cotidiano\/\">Processos de Cria\u00e7\u00e3o e Po\u00e9ticas do Cotidiano<\/a><\/span><\/span><br \/><\/span><\/strong><\/span><\/p>\n<hr \/>\n<p style=\"padding-left: 40px;\"><span style=\"font-family: georgia, palatino, serif; font-size: 12pt; color: #666666;\"><strong><span style=\"font-family: 'trebuchet ms', geneva, sans-serif;\">Ramon Gadenz da Silva<br \/><span style=\"font-family: georgia, palatino, serif; font-size: 12pt; color: #999999;\"><span style=\"font-family: 'trebuchet ms', geneva, sans-serif; font-size: 10pt;\">Linha de Pesquisa: <a style=\"color: #999999;\" href=\"https:\/\/wp.ufpel.edu.br\/mestradoartesvisuais\/linhas-de-pesquisa\/processos-de-criacao-e-poeticas-do-cotidiano\/\">Processos de Cria\u00e7\u00e3o e Po\u00e9ticas do Cotidiano<\/a><\/span><\/span><br \/><\/span><\/strong><\/span><\/p>\n<hr \/>\n<p style=\"padding-left: 40px;\"><span style=\"font-family: georgia, palatino, serif; font-size: 12pt; color: #666666;\"><strong><span style=\"font-family: 'trebuchet ms', geneva, sans-serif;\">Rebeca Franco Fonseca de Freitas<br \/><span style=\"font-family: georgia, palatino, serif; font-size: 12pt; color: #999999;\"><span style=\"font-family: 'trebuchet ms', geneva, sans-serif; font-size: 10pt;\">Linha de Pesquisa: <a style=\"color: #999999;\" href=\"https:\/\/wp.ufpel.edu.br\/mestradoartesvisuais\/linhas-de-pesquisa\/processos-de-criacao-e-poeticas-do-cotidiano\/\">Processos de Cria\u00e7\u00e3o e Po\u00e9ticas do Cotidiano<\/a><\/span><\/span><br \/><\/span><\/strong><\/span><\/p>\n<hr \/>\n<p style=\"padding-left: 40px;\"><span style=\"font-family: georgia, palatino, serif; font-size: 12pt; color: #666666;\"><strong><span style=\"font-family: 'trebuchet ms', geneva, sans-serif;\">Ricardo Ferreira da Silva<br \/><span style=\"font-family: georgia, palatino, serif; font-size: 12pt; color: #999999;\"><span style=\"font-family: 'trebuchet ms', geneva, sans-serif; font-size: 10pt;\">Linha de Pesquisa: <a style=\"color: #999999;\" href=\"https:\/\/wp.ufpel.edu.br\/mestradoartesvisuais\/linhas-de-pesquisa\/processos-de-criacao-e-poeticas-do-cotidiano\/\">Processos de Cria\u00e7\u00e3o e Po\u00e9ticas do Cotidiano<\/a><\/span><\/span><br \/><\/span><\/strong><\/span><\/p>\n<hr \/>\n<p style=\"padding-left: 40px;\"><span style=\"font-family: georgia, palatino, serif; font-size: 12pt; color: #666666;\"><strong><span style=\"font-family: 'trebuchet ms', geneva, sans-serif;\">Rodrigo Merenda Puerto<br \/><span style=\"font-family: georgia, palatino, serif; font-size: 12pt; color: #999999;\"><span style=\"font-family: 'trebuchet ms', geneva, sans-serif; font-size: 10pt;\">Linha de Pesquisa: <a style=\"color: #999999;\" href=\"https:\/\/wp.ufpel.edu.br\/mestradoartesvisuais\/linhas-de-pesquisa\/processos-de-criacao-e-poeticas-do-cotidiano\/\">Processos de Cria\u00e7\u00e3o e Po\u00e9ticas do Cotidiano<\/a><\/span><\/span><br \/><\/span><\/strong><\/span><\/p>\n<hr \/>\n<p style=\"padding-left: 40px;\"><span style=\"font-family: georgia, palatino, serif; font-size: 12pt; color: #666666;\"><strong><span style=\"font-family: 'trebuchet ms', geneva, sans-serif;\">Roger Aguiar Dutra<br \/><span style=\"font-family: georgia, palatino, serif; font-size: 12pt; color: #999999;\"><span style=\"font-family: 'trebuchet ms', geneva, sans-serif; font-size: 10pt;\">Linha de Pesquisa: <a style=\"color: #999999;\" href=\"https:\/\/wp.ufpel.edu.br\/mestradoartesvisuais\/linhas-de-pesquisa\/processos-de-criacao-e-poeticas-do-cotidiano\/\">Processos de Cria\u00e7\u00e3o e Po\u00e9ticas do Cotidiano<\/a><\/span><\/span><br \/><\/span><\/strong><\/span><\/p>\n<hr \/>\n<p style=\"padding-left: 40px;\"><span style=\"font-family: georgia, palatino, serif; font-size: 12pt; color: #666666;\"><strong><span style=\"font-family: 'trebuchet ms', geneva, sans-serif;\">Sabrina Souza de Souza<br \/><span style=\"font-family: georgia, palatino, serif; font-size: 12pt; color: #999999;\"><span style=\"font-family: 'trebuchet ms', geneva, sans-serif; font-size: 10pt;\">Linha de Pesquisa: <a style=\"color: #999999;\" href=\"https:\/\/wp.ufpel.edu.br\/mestradoartesvisuais\/linhas-de-pesquisa\/processos-de-criacao-e-poeticas-do-cotidiano\/\">Processos de Cria\u00e7\u00e3o e Po\u00e9ticas do Cotidiano<\/a><\/span><\/span><br \/><\/span><\/strong><\/span><\/p>\n<hr \/>\n<p style=\"padding-left: 40px;\"><span style=\"font-family: georgia, palatino, serif; font-size: 12pt; color: #666666;\"><strong><span style=\"font-family: 'trebuchet ms', geneva, sans-serif;\">Sofia Lapischies Bevilaqua<br \/><span style=\"font-family: georgia, palatino, serif; font-size: 12pt; color: #999999;\"><span style=\"font-family: 'trebuchet ms', geneva, sans-serif; font-size: 10pt;\">Linha de Pesquisa: <a style=\"color: #999999;\" href=\"https:\/\/wp.ufpel.edu.br\/mestradoartesvisuais\/linhas-de-pesquisa\/processos-de-criacao-e-poeticas-do-cotidiano\/\">Processos de Cria\u00e7\u00e3o e Po\u00e9ticas do Cotidiano<\/a><\/span><\/span><br \/><\/span><\/strong><\/span><\/p>\n<hr \/>\n<p style=\"padding-left: 40px;\"><span style=\"font-family: georgia, palatino, serif; font-size: 12pt; color: #666666;\"><strong><span style=\"font-family: 'trebuchet ms', geneva, sans-serif;\">Wesley Padilha Blanke<br \/><span style=\"font-family: georgia, palatino, serif; font-size: 12pt; color: #999999;\"><span style=\"font-family: 'trebuchet ms', geneva, sans-serif; font-size: 10pt;\">Linha de Pesquisa: <a style=\"color: #999999;\" href=\"https:\/\/wp.ufpel.edu.br\/mestradoartesvisuais\/linhas-de-pesquisa\/processos-de-criacao-e-poeticas-do-cotidiano\/\">Processos de Cria\u00e7\u00e3o e Po\u00e9ticas do Cotidiano<\/a><\/span><\/span><br \/><\/span><\/strong><\/span><\/p>\n<hr \/>\n<p style=\"padding-left: 40px;\">\u00a0<\/p>\n\n\n<p><\/p>\n","protected":false},"excerpt":{"rendered":"<p>Abaixo voc\u00ea encontrar\u00e1 nossos alunos da turma 12 (2023-2025) do Programa de P\u00f3s-gradua\u00e7\u00e3o Mestrado em Artes Visuais. Clique no nome do aluno para maiores informa\u00e7\u00f5es sobre ele.Clicando no link do t\u00edtulo da disserta\u00e7\u00e3o voc\u00ea ser\u00e1 enviado \u00e0 publica\u00e7\u00e3o de sua disserta\u00e7\u00e3o. Discentes &#8211; Turma 12 (2023-2025) Al\u00eaxander Christopher Pereira GarciaLinha de Pesquisa: Processos de Cria\u00e7\u00e3o [&hellip;]<\/p>\n","protected":false},"author":1258,"featured_media":0,"parent":0,"menu_order":0,"comment_status":"closed","ping_status":"closed","template":"","meta":{"footnotes":""},"class_list":["post-10798","page","type-page","status-publish","hentry"],"_links":{"self":[{"href":"https:\/\/wp.ufpel.edu.br\/ppgartes\/wp-json\/wp\/v2\/pages\/10798","targetHints":{"allow":["GET"]}}],"collection":[{"href":"https:\/\/wp.ufpel.edu.br\/ppgartes\/wp-json\/wp\/v2\/pages"}],"about":[{"href":"https:\/\/wp.ufpel.edu.br\/ppgartes\/wp-json\/wp\/v2\/types\/page"}],"author":[{"embeddable":true,"href":"https:\/\/wp.ufpel.edu.br\/ppgartes\/wp-json\/wp\/v2\/users\/1258"}],"replies":[{"embeddable":true,"href":"https:\/\/wp.ufpel.edu.br\/ppgartes\/wp-json\/wp\/v2\/comments?post=10798"}],"version-history":[{"count":3,"href":"https:\/\/wp.ufpel.edu.br\/ppgartes\/wp-json\/wp\/v2\/pages\/10798\/revisions"}],"predecessor-version":[{"id":10849,"href":"https:\/\/wp.ufpel.edu.br\/ppgartes\/wp-json\/wp\/v2\/pages\/10798\/revisions\/10849"}],"wp:attachment":[{"href":"https:\/\/wp.ufpel.edu.br\/ppgartes\/wp-json\/wp\/v2\/media?parent=10798"}],"curies":[{"name":"wp","href":"https:\/\/api.w.org\/{rel}","templated":true}]}}