{"id":90,"date":"2016-09-27T11:51:12","date_gmt":"2016-09-27T14:51:12","guid":{"rendered":"https:\/\/wp.ufpel.edu.br\/ppgant\/?page_id=90"},"modified":"2023-10-26T18:39:50","modified_gmt":"2023-10-26T21:39:50","slug":"laboratorios-e-nucleos","status":"publish","type":"page","link":"https:\/\/wp.ufpel.edu.br\/ppgant\/linhas-e-projetos\/laboratorios-e-nucleos\/","title":{"rendered":"Labs e N\u00facleos"},"content":{"rendered":"<p><strong>Laborat\u00f3rios \/ N\u00facleos<\/strong><\/p>\n<p><a href=\"https:\/\/www.facebook.com\/geeurbano\/\">GEEUR &#8211; Grupo de Estudos Etnogr\u00e1ficos e Urbanos<\/a><\/p>\n<p><a href=\"https:\/\/wp.ufpel.edu.br\/estuques\/\">GEPE \u2013 Grupo de Estudos e Pesquisas em Estuques<\/a><\/p>\n<p><a href=\"https:\/\/wp.UFPEL.edu.br\/lamina\/\">L\u00c2MINA &#8211; Laborat\u00f3rio Multidisciplinar de Investiga\u00e7\u00e3o Arqueol\u00f3gica<\/a><br \/>\n<a href=\"https:\/\/www.facebook.com\/LABLAMINA\">facebook<\/a><\/p>\n<p><a href=\"https:\/\/wp.ufpel.edu.br\/leaa\/\">LEAA \u2013 Laborat\u00f3rio de Estudos Agr\u00e1rios e Ambientais<\/a><\/p>\n<p><a href=\"http:\/\/www.ufrgs.br\/pgdr\/gepac\/\">GEPAC \u2013 Grupo de Estudos e Pesquisas em Alimenta\u00e7\u00e3o, Consumo e Cultura<\/a><\/p>\n<p><a href=\"https:\/\/wp.ufpel.edu.br\/lepaarq\/\">LEPAARQ \u2013 Laborat\u00f3rio de Ensino e Pesquisa em Antropologia e Arqueologia<\/a><br \/>\n<a href=\"https:\/\/www.facebook.com\/lepaarqUFPEL\/\">facebook<\/a><\/p>\n<p><a href=\"https:\/\/wp.ufpel.edu.br\/leppais\/\">LEPPAIS \u2013 Laborat\u00f3rio de Ensino, Pesquisa e Produ\u00e7\u00e3o em Antropologia da Imagem e do Som<\/a><\/p>\n<p><a href=\"https:\/\/wp.ufpel.edu.br\/muaran\/\">MUARAN \u2013 Museu de Arqueologia e Antropologia da UFPEL<\/a><\/p>\n<p><a href=\"\">NETA \u2013 N\u00facleo de Etnologia Amer\u00edndia<\/a><\/p>\n<p><a href=\"https:\/\/www.facebook.com\/leab.furg\">LEAB &#8211; <\/a><span style=\"font-weight: 400\">Laborat\u00f3rio de Estudos em Antropologia Biol\u00f3gica, Bioarqueologia e Evolu\u00e7\u00e3o Humana<br \/>\n<a href=\"https:\/\/twitter.com\/leab_furg\">twitter<\/a><br \/>\n<\/span><\/p>\n<p><a href=\"https:\/\/wp.UFPEL.edu.br\/discoteca\/\">CIMUS &#8211; <span style=\"font-weight: 400\">Grupo de Pesquisa em Ci\u00eancias Musicais s\u00e3o desenvolvidas no \u00e2mbito da Discoteca Luiz Carlos Vinholes<\/span><\/a><\/p>\n<p>&nbsp;<\/p>\n","protected":false},"excerpt":{"rendered":"<p>Laborat\u00f3rios \/ N\u00facleos GEEUR &#8211; Grupo de Estudos Etnogr\u00e1ficos e Urbanos GEPE \u2013 Grupo de Estudos e Pesquisas em Estuques L\u00c2MINA &#8211; Laborat\u00f3rio Multidisciplinar de Investiga\u00e7\u00e3o Arqueol\u00f3gica facebook LEAA \u2013 Laborat\u00f3rio de Estudos Agr\u00e1rios e Ambientais GEPAC \u2013 Grupo de Estudos e Pesquisas em Alimenta\u00e7\u00e3o, Consumo e Cultura LEPAARQ \u2013 Laborat\u00f3rio de Ensino e Pesquisa [&hellip;]<\/p>\n","protected":false},"author":453,"featured_media":0,"parent":120,"menu_order":5,"comment_status":"closed","ping_status":"closed","template":"","meta":{"footnotes":""},"class_list":["post-90","page","type-page","status-publish","hentry"],"jetpack_sharing_enabled":true,"_links":{"self":[{"href":"https:\/\/wp.ufpel.edu.br\/ppgant\/wp-json\/wp\/v2\/pages\/90","targetHints":{"allow":["GET"]}}],"collection":[{"href":"https:\/\/wp.ufpel.edu.br\/ppgant\/wp-json\/wp\/v2\/pages"}],"about":[{"href":"https:\/\/wp.ufpel.edu.br\/ppgant\/wp-json\/wp\/v2\/types\/page"}],"author":[{"embeddable":true,"href":"https:\/\/wp.ufpel.edu.br\/ppgant\/wp-json\/wp\/v2\/users\/453"}],"replies":[{"embeddable":true,"href":"https:\/\/wp.ufpel.edu.br\/ppgant\/wp-json\/wp\/v2\/comments?post=90"}],"version-history":[{"count":18,"href":"https:\/\/wp.ufpel.edu.br\/ppgant\/wp-json\/wp\/v2\/pages\/90\/revisions"}],"predecessor-version":[{"id":2801,"href":"https:\/\/wp.ufpel.edu.br\/ppgant\/wp-json\/wp\/v2\/pages\/90\/revisions\/2801"}],"up":[{"embeddable":true,"href":"https:\/\/wp.ufpel.edu.br\/ppgant\/wp-json\/wp\/v2\/pages\/120"}],"wp:attachment":[{"href":"https:\/\/wp.ufpel.edu.br\/ppgant\/wp-json\/wp\/v2\/media?parent=90"}],"curies":[{"name":"wp","href":"https:\/\/api.w.org\/{rel}","templated":true}]}}